CRAN Package Check Results for Package OrdFacReg

Last updated on 2018-04-22 07:49:42 CEST.

Flavor Version Tinstall Tcheck Ttotal Status Flags
r-devel-linux-x86_64-debian-clang 1.0.6 4.20 53.91 58.11 OK
r-devel-linux-x86_64-debian-gcc 1.0.6 3.84 42.50 46.34 OK
r-devel-linux-x86_64-fedora-clang 1.0.6 70.45 OK
r-devel-linux-x86_64-fedora-gcc 1.0.6 70.15 OK
r-devel-windows-ix86+x86_64 1.0.6 11.00 59.00 70.00 OK
r-devel-osx-x86_64 1.0.6 OK
r-patched-linux-x86_64 1.0.6 5.58 52.85 58.43 OK
r-patched-solaris-x86 1.0.6 106.50 OK
r-release-linux-x86_64 1.0.6 3.37 53.90 57.27 OK
r-release-windows-ix86+x86_64 1.0.6 6.00 136.00 142.00 OK
r-release-osx-x86_64 1.0.6 OK
r-oldrel-windows-ix86+x86_64 1.0.6 9.00 59.00 68.00 ERROR

Check Details

Version: 1.0.6
Check: whether package can be installed
Result: ERROR
    Installation failed.
Flavor: r-oldrel-windows-ix86+x86_64