CRAN Package Check Results for Package OrdFacReg

Last updated on 2016-06-30 11:47:57.

Flavor Version Tinstall Tcheck Ttotal Status Flags
r-devel-linux-x86_64-debian-gcc 1.0.6 3.49 34.44 37.93 OK
r-devel-linux-x86_64-fedora-clang 1.0.6 69.68 OK
r-devel-linux-x86_64-fedora-gcc 1.0.6 65.44 OK
r-devel-osx-x86_64-clang 1.0.6 55.04 OK
r-devel-windows-ix86+x86_64 1.0.6 7.00 84.00 91.00 OK
r-patched-linux-x86_64 1.0.6 2.61 33.96 36.57 OK
r-patched-solaris-sparc 1.0.6 425.10 OK
r-patched-solaris-x86 1.0.6 94.70 OK
r-release-linux-x86_64 1.0.6 2.75 32.95 35.70 OK
r-release-osx-x86_64-mavericks 1.0.6 OK
r-release-windows-ix86+x86_64 1.0.6 2.00 4.00 6.00 ERROR
r-oldrel-windows-ix86+x86_64 1.0.6 9.00 83.00 92.00 OK

Check Details

Version: 1.0.6
Check: whether package can be installed
Result: ERROR
    Installation failed.
Flavor: r-release-windows-ix86+x86_64