CRAN Package Check Results for Package OrdFacReg

Last updated on 2014-09-02 20:48:55.

Flavor Version Tinstall Tcheck Ttotal Status Flags
r-devel-linux-x86_64-debian-clang 1.0.4 0.70 15.06 15.76 NOTE
r-devel-linux-x86_64-debian-gcc 1.0.4 0.68 14.88 15.57 NOTE
r-devel-linux-x86_64-fedora-clang 1.0.4 30.86 NOTE
r-devel-linux-x86_64-fedora-gcc 1.0.4 29.40 NOTE
r-devel-osx-x86_64-clang 1.0.4 31.73 NOTE
r-devel-windows-ix86+x86_64 1.0.4 3.00 25.00 28.00 NOTE
r-patched-linux-x86_64 1.0.4 0.79 15.30 16.08 OK
r-patched-solaris-sparc 1.0.4 189.50 OK
r-patched-solaris-x86 1.0.4 42.90 OK
r-release-linux-ix86 1.0.4 1.10 22.41 23.51 OK
r-release-linux-x86_64 1.0.4 0.76 15.48 16.24 OK
r-release-osx-x86_64-mavericks 1.0.4 OK
r-release-osx-x86_64-snowleopard 1.0.4 OK
r-release-windows-ix86+x86_64 1.0.4 4.00 28.00 32.00 OK
r-oldrel-windows-ix86+x86_64 1.0.4 4.00 28.00 32.00 OK

Check Details

Version: 1.0.4
Check: R code for possible problems
Result: NOTE
    coxSubspace: no visible global function definition for ‘Surv’
Flavors: r-devel-linux-x86_64-debian-clang, r-devel-linux-x86_64-debian-gcc, r-devel-linux-x86_64-fedora-clang, r-devel-linux-x86_64-fedora-gcc, r-devel-osx-x86_64-clang, r-devel-windows-ix86+x86_64