CRAN Package Check Results for Package OrgMassSpecR

Last updated on 2015-04-19 10:51:56.

Flavor Version Tinstall Tcheck Ttotal Status Flags
r-devel-linux-x86_64-debian-clang 0.4-4 0.77 23.82 24.59 OK
r-devel-linux-x86_64-debian-gcc 0.4-4 1.11 24.01 25.12 OK
r-devel-linux-x86_64-fedora-clang 0.4-4 50.82 OK
r-devel-linux-x86_64-fedora-gcc 0.4-4 48.22 OK
r-devel-osx-x86_64-clang 0.4-4 50.38 OK
r-devel-windows-ix86+x86_64 0.4-4 6.00 51.00 57.00 OK
r-patched-linux-x86_64 0.4-4 0.77 23.78 24.55 OK
r-patched-solaris-sparc 0.4-4 311.00 OK
r-patched-solaris-x86 0.4-4 60.60 OK
r-release-linux-x86_64 0.4-4 1.04 23.46 24.50 OK
r-release-osx-x86_64-mavericks 0.4-4 OK
r-release-osx-x86_64-snowleopard 0.4-4 ERROR
r-release-windows-ix86+x86_64 0.4-4 2.00 35.00 37.00 OK
r-oldrel-windows-ix86+x86_64 0.4-4 4.00 51.00 55.00 OK

Check Details

Version: 0.4-4
Check: package dependencies
Result: ERROR
    Package suggested but not available for checking: ‘knitr’
    
    VignetteBuilder package required for checking but installed: ‘knitr’
    
    See section ‘The DESCRIPTION file’ in the ‘Writing R Extensions’
    manual.
Flavor: r-release-osx-x86_64-snowleopard