CRAN Package Check Results for Package OrgMassSpecR

Last updated on 2015-07-06 06:46:51.

Flavor Version Tinstall Tcheck Ttotal Status Flags
r-devel-linux-x86_64-debian-clang 0.4-4 0.78 21.01 21.79 NOTE
r-devel-linux-x86_64-debian-gcc 0.4-4 0.73 20.48 21.21 NOTE
r-devel-linux-x86_64-fedora-clang 0.4-4 43.84 NOTE
r-devel-linux-x86_64-fedora-gcc 0.4-4 40.28 NOTE
r-devel-osx-x86_64-clang 0.4-4 42.26 OK
r-devel-windows-ix86+x86_64 0.4-4 6.00 38.00 44.00 NOTE
r-patched-linux-x86_64 0.4-4 1.01 21.68 22.69 OK
r-patched-solaris-sparc 0.4-4 284.90 OK
r-patched-solaris-x86 0.4-4 56.90 OK
r-release-linux-x86_64 0.4-4 0.74 21.62 22.36 OK
r-release-osx-x86_64-mavericks 0.4-4 OK
r-release-windows-ix86+x86_64 0.4-4 4.00 34.00 38.00 OK
r-oldrel-windows-ix86+x86_64 0.4-4 6.00 34.00 40.00 OK

Check Details

Version: 0.4-4
Check: R code for possible problems
Result: NOTE
    DrawChromatogram: no visible binding for global variable ‘start’
    DrawChromatogram: no visible global function definition for ‘plot’
    DrawChromatogram: no visible global function definition for ‘polygon’
    ExchangeableAmides: no visible global function definition for ‘na.omit’
    PeptideSpectrum: no visible global function definition for ‘plot’
    PeptideSpectrum: no visible global function definition for ‘axis’
    PeptideSpectrum: no visible global function definition for ‘lines’
    PeptideSpectrum: no visible global function definition for ‘text’
    PeptideSpectrum: no visible global function definition for
     ‘plot.window’
    ReadMspDirectory : ReadMSP: no visible global function definition for
     ‘read.table’
    ReadMspFile: no visible global function definition for ‘read.table’
    SpectrumSimilarity: no visible global function definition for
     ‘plot.new’
    SpectrumSimilarity: no visible global function definition for
     ‘plot.window’
    SpectrumSimilarity: no visible global function definition for ‘lines’
    SpectrumSimilarity: no visible global function definition for ‘axis’
    SpectrumSimilarity: no visible global function definition for ‘rect’
    SpectrumSimilarity: no visible global function definition for ‘mtext’
    SpectrumSimilarity: no visible global function definition for ‘text’
    WriteMspFile: no visible global function definition for ‘na.omit’
    Undefined global functions or variables:
     axis lines mtext na.omit plot plot.new plot.window polygon read.table
     rect start text
Flavors: r-devel-linux-x86_64-debian-clang, r-devel-linux-x86_64-debian-gcc, r-devel-linux-x86_64-fedora-clang, r-devel-linux-x86_64-fedora-gcc, r-devel-windows-ix86+x86_64