CRAN Package Check Results for Package OrgMassSpecR

Last updated on 2014-04-25 05:47:20.

Flavor Version Tinstall Tcheck Ttotal Status Flags
r-devel-linux-x86_64-debian-clang 0.4-3 0.88 25.92 26.79 OK
r-devel-linux-x86_64-debian-gcc 0.4-3 0.87 25.86 26.73 OK
r-devel-linux-x86_64-fedora-clang 0.4-3 52.03 OK
r-devel-linux-x86_64-fedora-gcc 0.4-3 49.98 OK
r-devel-osx-x86_64-clang 0.4-3 49.21 OK
r-devel-osx-x86_64-gcc 0.4-3 NOTE
r-devel-windows-ix86+x86_64 0.4-3 2.00 38.00 40.00 OK
r-patched-linux-x86_64 0.4-3 0.88 25.56 26.44 OK
r-patched-solaris-sparc 0.4-3 302.30 OK
r-patched-solaris-x86 0.4-3 66.60 OK
r-release-linux-ix86 0.4-3 1.00 45.00 46.00 OK
r-release-linux-x86_64 0.4-3 0.93 25.85 26.78 OK
r-release-osx-x86_64-mavericks 0.4-3 WARN
r-release-osx-x86_64-snowleopard 0.4-3 OK
r-release-windows-ix86+x86_64 0.4-3 3.00 36.00 39.00 OK
r-oldrel-windows-ix86+x86_64 0.4-3 3.00 38.00 41.00 OK

Check Details

Version: 0.4-3
Check: package dependencies
Result: NOTE
    Package suggested but not available for checking: ‘knitr’
Flavor: r-devel-osx-x86_64-gcc

Version: 0.4-3
Check: PDF version of manual
Result: WARNING
    LaTeX errors when creating PDF version.
    This typically indicates Rd problems.
    LaTeX errors found:
    ! LaTeX Error: File `upquote.sty' not found.
    
    Type X to quit or <RETURN> to proceed,
    or enter new name. (Default extension: sty)
    
    dcbe55c/Rd2.tex:8: ==> Fatal error occurred, no output PDF file produced!
Flavor: r-release-osx-x86_64-mavericks