CRAN Package Check Results for Package OrgMassSpecR

Last updated on 2015-05-30 11:50:28.

Flavor Version Tinstall Tcheck Ttotal Status Flags
r-devel-linux-x86_64-debian-clang 0.4-4 0.82 21.89 22.70 OK
r-devel-linux-x86_64-debian-gcc 0.4-4 1.06 20.69 21.74 OK
r-devel-linux-x86_64-fedora-clang 0.4-4 47.44 OK
r-devel-linux-x86_64-fedora-gcc 0.4-4 43.68 OK
r-devel-osx-x86_64-clang 0.4-4 45.85 OK
r-devel-windows-ix86+x86_64 0.4-4 4.00 35.00 39.00 OK
r-patched-linux-x86_64 0.4-4 0.83 21.49 22.32 OK
r-patched-solaris-sparc 0.4-4 284.90 OK
r-patched-solaris-x86 0.4-4 56.40 OK
r-release-linux-x86_64 0.4-4 1.12 21.72 22.84 OK
r-release-osx-x86_64-mavericks 0.4-4 OK
r-release-osx-x86_64-snowleopard 0.4-4 ERROR
r-release-windows-ix86+x86_64 0.4-4 4.00 36.00 40.00 OK
r-oldrel-windows-ix86+x86_64 0.4-4 4.00 37.00 41.00 OK

Check Details

Version: 0.4-4
Check: package dependencies
Result: ERROR
    Package suggested but not available for checking: ‘knitr’
    
    VignetteBuilder package required for checking but not installed: ‘knitr’
    
    See section ‘The DESCRIPTION file’ in the ‘Writing R Extensions’
    manual.
Flavor: r-release-osx-x86_64-snowleopard