CRAN Package Check Results for Package OutbreakTools

Last updated on 2018-07-23 03:50:37 CEST.

Flavor Version Tinstall Tcheck Ttotal Status Flags
r-devel-linux-x86_64-debian-clang 0.1-16 7.01 104.24 111.25 WARN
r-devel-linux-x86_64-debian-gcc 0.1-16 7.18 129.88 137.06 OK
r-devel-linux-x86_64-fedora-clang 0.1-16 207.65 OK
r-devel-linux-x86_64-fedora-gcc 0.1-16 200.75 OK
r-devel-windows-ix86+x86_64 0.1-16 23.00 253.00 276.00 OK
r-patched-linux-x86_64 0.1-16 OK
r-patched-solaris-x86 0.1-16 285.50 OK
r-release-linux-x86_64 0.1-16 6.61 157.98 164.59 OK
r-release-windows-ix86+x86_64 0.1-16 13.00 183.00 196.00 OK
r-release-osx-x86_64 0.1-16 OK
r-oldrel-windows-ix86+x86_64 0.1-16 10.00 225.00 235.00 OK
r-oldrel-osx-x86_64 0.1-16 OK

Check Details

Version: 0.1-16
Check: re-building of vignette outputs
Result: WARN
    Error in re-building vignettes:
     ...
    Warning in .local(x, ...) :
     The following sequence IDs are not in the dataset: 311, 222
    Warning in .local(x, ...) :
     The following sequence IDs are not in the dataset: 311, 222
    Warning in (if (out_format(c("latex", "sweave", "listings"))) sanitize_fn else paste0)(path, :
     replaced special characters in figure filename "figs/OutbreakTools-out.width==".8\\textwidth"" -> "figs/OutbreakTools-out.width___.8\\textwidth_"
    Warning in (if (out_format(c("latex", "sweave", "listings"))) sanitize_fn else paste0)(path, :
     dots in figure paths replaced with _ ("figs/OutbreakTools-out_width____8//textwidth_")
    Warning: The shape palette can deal with a maximum of 6 discrete values because
    more than 6 becomes difficult to discriminate; you have 11. Consider
    specifying shapes manually if you must have them.
    Warning: Removed 58 rows containing missing values (geom_point).
    Warning: `show_guide` has been deprecated. Please use `show.legend` instead.
    Warning: `show_guide` has been deprecated. Please use `show.legend` instead.
    Warning in download.file(url, destfile = tmp, quiet = !messaging, mode = "wb") :
     cannot open URL 'http://maps.googleapis.com/maps/api/staticmap?center=51.516439,-0.171146&zoom=14&size=640x640&scale=2&maptype=terrain&language=en-EN&sensor=false': HTTP status was '403 Forbidden'
    Quitting from lines 1022-1023 (OutbreakTools.Rnw)
    Error: processing vignette ‘OutbreakTools.Rnw’ failed with diagnostics:
    cannot open URL ‘http://maps.googleapis.com/maps/api/staticmap?center=51.516439,-0.171146&zoom=14&size=640x640&scale=2&maptype=terrain&language=en-EN&sensor=false’
    Execution halted
Flavor: r-devel-linux-x86_64-debian-clang