CRAN Package Check Results for Package OutlierDC

Last updated on 2015-05-27 05:47:46.

Flavor Version Tinstall Tcheck Ttotal Status Flags
r-devel-linux-x86_64-debian-clang 0.3-0 1.00 15.82 16.83 OK
r-devel-linux-x86_64-debian-gcc 0.3-0 1.00 15.26 16.26 OK
r-devel-linux-x86_64-fedora-clang 0.3-0 33.68 OK
r-devel-linux-x86_64-fedora-gcc 0.3-0 32.27 OK
r-devel-osx-x86_64-clang 0.3-0 35.47 OK
r-devel-windows-ix86+x86_64 0.3-0 3.00 26.00 29.00 OK
r-patched-linux-x86_64 0.3-0 0.98 15.45 16.42 OK
r-patched-solaris-sparc 0.3-0 193.00 OK
r-patched-solaris-x86 0.3-0 45.80 OK
r-release-linux-x86_64 0.3-0 1.01 15.25 16.26 OK
r-release-osx-x86_64-mavericks 0.3-0 OK
r-release-osx-x86_64-snowleopard 0.3-0 ERROR
r-release-windows-ix86+x86_64 0.3-0 4.00 28.00 32.00 OK
r-oldrel-windows-ix86+x86_64 0.3-0 6.00 30.00 36.00 OK

Check Details

Version: 0.3-0
Check: package dependencies
Result: ERROR
    Package required but not available: ‘quantreg’
    
    See section ‘The DESCRIPTION file’ in the ‘Writing R Extensions’
    manual.
Flavor: r-release-osx-x86_64-snowleopard