CRAN Package Check Results for Package OutlierDC

Last updated on 2015-07-30 21:47:15.

Flavor Version Tinstall Tcheck Ttotal Status Flags
r-devel-linux-x86_64-debian-clang 0.3-0 1.00 16.52 17.51 NOTE
r-devel-linux-x86_64-debian-gcc 0.3-0 1.04 15.76 16.79 NOTE
r-devel-linux-x86_64-fedora-clang 0.3-0 33.58 NOTE
r-devel-linux-x86_64-fedora-gcc 0.3-0 32.27 NOTE
r-devel-osx-x86_64-clang 0.3-0 32.38 OK
r-devel-windows-ix86+x86_64 0.3-0 6.00 27.00 33.00 NOTE
r-patched-linux-x86_64 0.3-0 0.99 15.32 16.31 OK
r-patched-solaris-sparc 0.3-0 205.90 OK
r-patched-solaris-x86 0.3-0 47.10 OK
r-release-linux-x86_64 0.3-0 0.99 15.31 16.30 OK
r-release-osx-x86_64-mavericks 0.3-0 OK
r-release-windows-ix86+x86_64 0.3-0 6.00 29.00 35.00 OK
r-oldrel-windows-ix86+x86_64 0.3-0 6.00 34.00 40.00 OK

Check Details

Version: 0.3-0
Check: R code for possible problems
Result: NOTE
    odc: no visible global function definition for ‘model.frame’
    odc: no visible global function definition for ‘model.matrix’
    odc: no visible global function definition for ‘model.response’
    odc: no visible global function definition for ‘median’
    odc: no visible global function definition for ‘qnorm’
    plot,OutlierDC: no visible global function definition for ‘model.frame’
    plot,OutlierDC: no visible global function definition for
     ‘model.response’
    plot,OutlierDC: no visible global function definition for ‘grid’
    plot,OutlierDC: no visible global function definition for ‘points’
    plot,OutlierDC: no visible global function definition for ‘abline’
    plot,OutlierDC: no visible global function definition for ‘legend’
    plot,OutlierDC: no visible global function definition for ‘qqnorm’
    plot,OutlierDC: no visible global function definition for ‘qqline’
    plot,OutlierDC: no visible global function definition for
     ‘model.matrix’
    plot,OutlierDC: no visible global function definition for ‘lines’
    plot,OutlierDC: no visible global function definition for ‘axis’
    plot,OutlierDC: no visible global function definition for ‘quantile’
    plot,OutlierDC: no visible global function definition for ‘box’
    plot,OutlierDC: no visible global function definition for ‘rug’
    show,OutlierDC: no visible global function definition for ‘model.frame’
    show,OutlierDC: no visible global function definition for
     ‘model.response’
    show,OutlierDC: no visible global function definition for
     ‘model.matrix’
    show,OutlierDC: no visible global function definition for ‘head’
    show,OutlierDC: no visible global function definition for ‘tail’
    update,OutlierDC: no visible global function definition for
     ‘model.frame’
    update,OutlierDC: no visible global function definition for
     ‘model.response’
    Undefined global functions or variables:
     abline axis box grid head legend lines median model.frame
     model.matrix model.response points qnorm qqline qqnorm quantile rug
     tail
    Consider adding
     importFrom("graphics", "abline", "axis", "box", "grid", "legend",
     "lines", "points", "rug")
     importFrom("stats", "median", "model.frame", "model.matrix",
     "model.response", "qnorm", "qqline", "qqnorm", "quantile")
     importFrom("utils", "head", "tail")
    to your NAMESPACE.
Flavors: r-devel-linux-x86_64-debian-clang, r-devel-linux-x86_64-debian-gcc, r-devel-linux-x86_64-fedora-clang, r-devel-linux-x86_64-fedora-gcc, r-devel-windows-ix86+x86_64