CRAN Package Check Results for Package OutlierDC

Last updated on 2014-04-24 17:49:49.

Flavor Version Tinstall Tcheck Ttotal Status Flags
r-devel-linux-x86_64-debian-clang 0.3-0 1.33 18.98 20.31 OK
r-devel-linux-x86_64-debian-gcc 0.3-0 1.25 19.08 20.34 OK
r-devel-linux-x86_64-fedora-clang 0.3-0 40.57 OK
r-devel-linux-x86_64-fedora-gcc 0.3-0 38.76 OK
r-devel-osx-x86_64-clang 0.3-0 44.43 OK
r-devel-osx-x86_64-gcc 0.3-0 ERROR
r-devel-windows-ix86+x86_64 0.3-0 5.00 28.00 33.00 OK
r-patched-linux-x86_64 0.3-0 1.32 18.80 20.12 OK
r-patched-solaris-sparc 0.3-0 220.40 OK
r-patched-solaris-x86 0.3-0 58.10 OK
r-release-linux-ix86 0.3-0 3.00 36.00 39.00 OK
r-release-linux-x86_64 0.3-0 1.25 18.89 20.14 OK
r-release-osx-x86_64-mavericks 0.3-0 WARN
r-release-osx-x86_64-snowleopard 0.3-0 OK
r-release-windows-ix86+x86_64 0.3-0 5.00 30.00 35.00 OK
r-oldrel-windows-ix86+x86_64 0.3-0 5.00 31.00 36.00 OK

Check Details

Version: 0.3-0
Check: package dependencies
Result: ERROR
    Package required but not available: ‘quantreg’
    
    See the information on DESCRIPTION files in the chapter ‘Creating R
    packages’ of the ‘Writing R Extensions’ manual.
Flavor: r-devel-osx-x86_64-gcc

Version: 0.3-0
Check: PDF version of manual
Result: WARNING
    LaTeX errors when creating PDF version.
    This typically indicates Rd problems.
    LaTeX errors found:
    ! LaTeX Error: File `upquote.sty' not found.
    
    Type X to quit or <RETURN> to proceed,
    or enter new name. (Default extension: sty)
    
    4f38ee90/Rd2.tex:8: ==> Fatal error occurred, no output PDF file produced!
Flavor: r-release-osx-x86_64-mavericks