CRAN Package Check Results for Package OutlierDM

Last updated on 2015-08-02 21:47:14.

Flavor Version Tinstall Tcheck Ttotal Status Flags
r-devel-linux-x86_64-debian-clang 1.1.1 3.00 36.88 39.88 NOTE
r-devel-linux-x86_64-debian-gcc 1.1.1 3.82 37.11 40.94 NOTE
r-devel-linux-x86_64-fedora-clang 1.1.1 84.86 NOTE
r-devel-linux-x86_64-fedora-gcc 1.1.1 79.95 NOTE
r-devel-osx-x86_64-clang 1.1.1 70.47 NOTE
r-devel-windows-ix86+x86_64 1.1.1 8.00 63.00 71.00 NOTE
r-patched-linux-x86_64 1.1.1 2.98 36.70 39.69 NOTE
r-patched-solaris-sparc 1.1.1 508.40 NOTE
r-patched-solaris-x86 1.1.1 112.60 NOTE
r-release-linux-x86_64 1.1.1 2.94 37.60 40.54 NOTE
r-release-osx-x86_64-mavericks 1.1.1 NOTE
r-release-windows-ix86+x86_64 1.1.1 10.00 66.00 76.00 NOTE
r-oldrel-windows-ix86+x86_64 1.1.1 15.00 77.00 92.00 NOTE

Check Details

Version: 1.1.1
Check: DESCRIPTION meta-information
Result: NOTE
    Malformed Description field: should contain one or more complete sentences.
Flavors: r-devel-linux-x86_64-debian-clang, r-devel-linux-x86_64-debian-gcc, r-devel-linux-x86_64-fedora-clang, r-devel-linux-x86_64-fedora-gcc, r-devel-osx-x86_64-clang, r-devel-windows-ix86+x86_64, r-patched-linux-x86_64, r-patched-solaris-sparc, r-patched-solaris-x86, r-release-linux-x86_64, r-release-osx-x86_64-mavericks, r-release-windows-ix86+x86_64

Version: 1.1.1
Check: R code for possible problems
Result: NOTE
    odm: no visible binding for global variable ‘sd’
    odm : <anonymous>: no visible global function definition for ‘sd’
    odm : <anonymous>: no visible global function definition for ‘quantile’
    odm: no visible global function definition for ‘prcomp’
    quant.const: no visible global function definition for ‘quantile’
    quant.const.D: no visible global function definition for ‘reshape’
    quant.const.D: no visible global function definition for ‘quantile’
    quant.linear.D: no visible global function definition for ‘reshape’
    quant.nonlin : FrankModel: no visible global function definition for
     ‘qt’
    quant.nonlin : FrankModel: no visible global function definition for
     ‘pt’
    quant.nonlin: no visible global function definition for ‘predict’
    quant.nonlin.D: no visible global function definition for ‘reshape’
    quant.nonlin.D: no visible global function definition for ‘predict’
    quant.nonpar.D: no visible global function definition for ‘reshape’
    rgrubbs.test: no visible global function definition for ‘sd’
    plot,OutlierDM-missing: no visible binding for global variable ‘pch’
    summary,OutlierDM: no visible global function definition for ‘head’
    Undefined global functions or variables:
     head pch prcomp predict pt qt quantile reshape sd
    Consider adding
     importFrom("stats", "prcomp", "predict", "pt", "qt", "quantile",
     "reshape", "sd")
     importFrom("utils", "head")
    to your NAMESPACE.
Flavors: r-devel-linux-x86_64-debian-clang, r-devel-linux-x86_64-debian-gcc, r-devel-linux-x86_64-fedora-clang, r-devel-linux-x86_64-fedora-gcc, r-devel-windows-ix86+x86_64

Version: 1.1.1
Check: R code for possible problems
Result: NOTE
    plot,OutlierDM-missing: no visible binding for global variable ‘pch’
    Undefined global functions or variables:
     pch
Flavor: r-devel-osx-x86_64-clang

Version: 1.1.1
Check: R code for possible problems
Result: NOTE
    plot,OutlierDM-missing : .local: no visible binding for global variable
     ‘pch’
Flavors: r-patched-linux-x86_64, r-patched-solaris-sparc, r-patched-solaris-x86, r-release-linux-x86_64, r-release-windows-ix86+x86_64, r-oldrel-windows-ix86+x86_64