CRAN Package Check Results for Package OutlierDM

Last updated on 2016-09-26 03:55:06.

Flavor Version Tinstall Tcheck Ttotal Status Flags
r-devel-linux-x86_64-debian-clang 1.1.1 2.50 32.14 34.64 NOTE
r-devel-linux-x86_64-debian-gcc 1.1.1 2.41 31.10 33.51 NOTE
r-devel-linux-x86_64-fedora-clang 1.1.1 72.77 NOTE
r-devel-linux-x86_64-fedora-gcc 1.1.1 70.86 NOTE
r-devel-macos-x86_64-clang 1.1.1 57.22 NOTE
r-devel-windows-ix86+x86_64 1.1.1 9.00 80.00 89.00 NOTE
r-patched-linux-x86_64 1.1.1 2.69 31.82 34.52 NOTE
r-patched-solaris-sparc 1.1.1 450.60 NOTE
r-patched-solaris-x86 1.1.1 96.90 NOTE
r-release-linux-x86_64 1.1.1 2.61 32.39 35.00 NOTE
r-release-osx-x86_64-mavericks 1.1.1 NOTE
r-release-windows-ix86+x86_64 1.1.1 10.00 78.00 88.00 NOTE
r-oldrel-windows-ix86+x86_64 1.1.1 11.00 90.00 101.00 NOTE

Check Details

Version: 1.1.1
Check: DESCRIPTION meta-information
Result: NOTE
    Malformed Description field: should contain one or more complete sentences.
Flavors: r-devel-linux-x86_64-debian-clang, r-devel-linux-x86_64-debian-gcc, r-devel-linux-x86_64-fedora-clang, r-devel-linux-x86_64-fedora-gcc, r-devel-macos-x86_64-clang, r-devel-windows-ix86+x86_64, r-patched-linux-x86_64, r-patched-solaris-sparc, r-patched-solaris-x86, r-release-linux-x86_64, r-release-osx-x86_64-mavericks, r-release-windows-ix86+x86_64, r-oldrel-windows-ix86+x86_64

Version: 1.1.1
Check: R code for possible problems
Result: NOTE
    odm: no visible binding for global variable ‘sd’
    odm : <anonymous>: no visible global function definition for ‘sd’
    odm : <anonymous>: no visible global function definition for ‘quantile’
    odm: no visible global function definition for ‘prcomp’
    quant.const: no visible global function definition for ‘quantile’
    quant.const.D: no visible global function definition for ‘reshape’
    quant.const.D: no visible global function definition for ‘quantile’
    quant.linear.D: no visible global function definition for ‘reshape’
    quant.nonlin : FrankModel: no visible global function definition for
     ‘qt’
    quant.nonlin : FrankModel: no visible global function definition for
     ‘pt’
    quant.nonlin: no visible global function definition for ‘predict’
    quant.nonlin.D: no visible global function definition for ‘reshape’
    quant.nonlin.D: no visible global function definition for ‘predict’
    quant.nonpar.D: no visible global function definition for ‘reshape’
    rgrubbs.test: no visible global function definition for ‘sd’
    plot,OutlierDM-missing: no visible binding for global variable ‘pch’
    summary,OutlierDM: no visible global function definition for ‘head’
    Undefined global functions or variables:
     head pch prcomp predict pt qt quantile reshape sd
    Consider adding
     importFrom("stats", "prcomp", "predict", "pt", "qt", "quantile",
     "reshape", "sd")
     importFrom("utils", "head")
    to your NAMESPACE file.
Flavors: r-devel-linux-x86_64-debian-clang, r-devel-linux-x86_64-debian-gcc, r-devel-linux-x86_64-fedora-clang, r-devel-linux-x86_64-fedora-gcc, r-devel-macos-x86_64-clang, r-devel-windows-ix86+x86_64, r-patched-linux-x86_64, r-patched-solaris-sparc, r-patched-solaris-x86, r-release-linux-x86_64, r-release-osx-x86_64-mavericks, r-release-windows-ix86+x86_64

Version: 1.1.1
Check: R code for possible problems
Result: NOTE
    plot,OutlierDM-missing : .local: no visible binding for global variable
     'pch'
Flavor: r-oldrel-windows-ix86+x86_64