CRAN Package Check Results for Package OutlierDM

Last updated on 2017-01-22 23:48:34.

Flavor Version Tinstall Tcheck Ttotal Status Flags
r-devel-linux-x86_64-debian-clang 1.1.1 2.72 35.70 38.41 NOTE
r-devel-linux-x86_64-debian-gcc 1.1.1 2.83 36.04 38.87 NOTE
r-devel-linux-x86_64-fedora-clang 1.1.1 91.29 NOTE --no-stop-on-test-error
r-devel-linux-x86_64-fedora-gcc 1.1.1 72.31 NOTE --no-stop-on-test-error
r-devel-macos-x86_64-clang 1.1.1 65.04 NOTE --no-stop-on-test-error
r-devel-windows-ix86+x86_64 1.1.1 6.00 72.00 78.00 NOTE
r-patched-linux-x86_64 1.1.1 2.94 33.46 36.40 NOTE
r-patched-solaris-sparc 1.1.1 451.10 NOTE
r-patched-solaris-x86 1.1.1 98.70 NOTE
r-release-linux-x86_64 1.1.1 2.78 32.64 35.41 NOTE
r-release-osx-x86_64-mavericks 1.1.1 NOTE
r-release-windows-ix86+x86_64 1.1.1 15.00 83.00 98.00 NOTE
r-oldrel-windows-ix86+x86_64 1.1.1 16.00 88.00 104.00 NOTE

Check Details

Version: 1.1.1
Check: DESCRIPTION meta-information
Result: NOTE
    Malformed Description field: should contain one or more complete sentences.
Flavors: r-devel-linux-x86_64-debian-clang, r-devel-linux-x86_64-debian-gcc, r-devel-windows-ix86+x86_64, r-patched-linux-x86_64, r-patched-solaris-sparc, r-patched-solaris-x86, r-release-linux-x86_64, r-release-osx-x86_64-mavericks, r-release-windows-ix86+x86_64, r-oldrel-windows-ix86+x86_64

Version: 1.1.1
Check: R code for possible problems
Result: NOTE
    odm: no visible binding for global variable ‘sd’
    odm : <anonymous>: no visible global function definition for ‘sd’
    odm : <anonymous>: no visible global function definition for ‘quantile’
    odm: no visible global function definition for ‘prcomp’
    quant.const: no visible global function definition for ‘quantile’
    quant.const.D: no visible global function definition for ‘reshape’
    quant.const.D: no visible global function definition for ‘quantile’
    quant.linear.D: no visible global function definition for ‘reshape’
    quant.nonlin : FrankModel: no visible global function definition for
     ‘qt’
    quant.nonlin : FrankModel: no visible global function definition for
     ‘pt’
    quant.nonlin: no visible global function definition for ‘predict’
    quant.nonlin.D: no visible global function definition for ‘reshape’
    quant.nonlin.D: no visible global function definition for ‘predict’
    quant.nonpar.D: no visible global function definition for ‘reshape’
    rgrubbs.test: no visible global function definition for ‘sd’
    plot,OutlierDM-missing: no visible binding for global variable ‘pch’
    summary,OutlierDM: no visible global function definition for ‘head’
    Undefined global functions or variables:
     head pch prcomp predict pt qt quantile reshape sd
    Consider adding
     importFrom("stats", "prcomp", "predict", "pt", "qt", "quantile",
     "reshape", "sd")
     importFrom("utils", "head")
    to your NAMESPACE file.
Flavors: r-devel-linux-x86_64-debian-clang, r-devel-linux-x86_64-debian-gcc, r-devel-windows-ix86+x86_64, r-patched-linux-x86_64, r-patched-solaris-sparc, r-patched-solaris-x86, r-release-linux-x86_64, r-release-osx-x86_64-mavericks, r-release-windows-ix86+x86_64

Version: 1.1.1
Flags: --no-stop-on-test-error
Check: DESCRIPTION meta-information
Result: NOTE
    Malformed Description field: should contain one or more complete sentences.
Flavors: r-devel-linux-x86_64-fedora-clang, r-devel-linux-x86_64-fedora-gcc, r-devel-macos-x86_64-clang

Version: 1.1.1
Flags: --no-stop-on-test-error
Check: R code for possible problems
Result: NOTE
    odm: no visible binding for global variable ‘sd’
    odm : <anonymous>: no visible global function definition for ‘sd’
    odm : <anonymous>: no visible global function definition for ‘quantile’
    odm: no visible global function definition for ‘prcomp’
    quant.const: no visible global function definition for ‘quantile’
    quant.const.D: no visible global function definition for ‘reshape’
    quant.const.D: no visible global function definition for ‘quantile’
    quant.linear.D: no visible global function definition for ‘reshape’
    quant.nonlin : FrankModel: no visible global function definition for
     ‘qt’
    quant.nonlin : FrankModel: no visible global function definition for
     ‘pt’
    quant.nonlin: no visible global function definition for ‘predict’
    quant.nonlin.D: no visible global function definition for ‘reshape’
    quant.nonlin.D: no visible global function definition for ‘predict’
    quant.nonpar.D: no visible global function definition for ‘reshape’
    rgrubbs.test: no visible global function definition for ‘sd’
    plot,OutlierDM-missing: no visible binding for global variable ‘pch’
    summary,OutlierDM: no visible global function definition for ‘head’
    Undefined global functions or variables:
     head pch prcomp predict pt qt quantile reshape sd
    Consider adding
     importFrom("stats", "prcomp", "predict", "pt", "qt", "quantile",
     "reshape", "sd")
     importFrom("utils", "head")
    to your NAMESPACE file.
Flavors: r-devel-linux-x86_64-fedora-clang, r-devel-linux-x86_64-fedora-gcc, r-devel-macos-x86_64-clang

Version: 1.1.1
Check: R code for possible problems
Result: NOTE
    plot,OutlierDM-missing : .local: no visible binding for global variable
     'pch'
Flavor: r-oldrel-windows-ix86+x86_64