CRAN Package Check Results for Package OutlierDM

Last updated on 2015-03-29 19:48:47.

Flavor Version Tinstall Tcheck Ttotal Status Flags
r-devel-linux-x86_64-debian-clang 1.1.1 3.62 37.21 40.83 NOTE
r-devel-linux-x86_64-debian-gcc 1.1.1 2.82 35.72 38.54 NOTE
r-devel-linux-x86_64-fedora-clang 1.1.1 82.36 NOTE
r-devel-linux-x86_64-fedora-gcc 1.1.1 78.00 NOTE
r-devel-osx-x86_64-clang 1.1.1 76.18 NOTE
r-prerel-windows-ix86+x86_64 1.1.1 10.00 56.00 66.00 NOTE
r-prerel-linux-x86_64 1.1.1 2.78 35.82 38.60 NOTE
r-prerel-solaris-sparc 1.1.1 480.60 NOTE
r-prerel-solaris-x86 1.1.1 106.90 NOTE
r-release-linux-x86_64 1.1.1 4.11 45.07 49.18 OK
r-release-osx-x86_64-mavericks 1.1.1 OK
r-release-osx-x86_64-snowleopard 1.1.1 OK
r-release-windows-ix86+x86_64 1.1.1 11.00 69.00 80.00 OK
r-oldrel-windows-ix86+x86_64 1.0-0 11.00 66.00 77.00 OK

Check Details

Version: 1.1.1
Check: DESCRIPTION meta-information
Result: NOTE
    Malformed Description field: should contain one or more complete sentences.
Flavors: r-devel-linux-x86_64-debian-clang, r-devel-linux-x86_64-debian-gcc, r-devel-linux-x86_64-fedora-clang, r-devel-linux-x86_64-fedora-gcc, r-devel-osx-x86_64-clang, r-prerel-windows-ix86+x86_64, r-prerel-linux-x86_64, r-prerel-solaris-sparc, r-prerel-solaris-x86