CRAN Package Check Results for Package OutlierDM

Last updated on 2015-05-27 11:49:29.

Flavor Version Tinstall Tcheck Ttotal Status Flags
r-devel-linux-x86_64-debian-clang 1.1.1 3.61 36.52 40.13 NOTE
r-devel-linux-x86_64-debian-gcc 1.1.1 2.85 35.95 38.80 NOTE
r-devel-linux-x86_64-fedora-clang 1.1.1 85.12 NOTE
r-devel-linux-x86_64-fedora-gcc 1.1.1 78.12 NOTE
r-devel-osx-x86_64-clang 1.1.1 72.41 NOTE
r-devel-windows-ix86+x86_64 1.1.1 10.00 54.00 64.00 NOTE
r-patched-linux-x86_64 1.1.1 2.90 35.30 38.20 NOTE
r-patched-solaris-sparc 1.1.1 517.80 NOTE
r-patched-solaris-x86 1.1.1 113.20 NOTE
r-release-linux-x86_64 1.1.1 2.92 36.10 39.02 NOTE
r-release-osx-x86_64-mavericks 1.1.1 NOTE
r-release-osx-x86_64-snowleopard 1.1.1 ERROR
r-release-windows-ix86+x86_64 1.1.1 7.00 57.00 64.00 NOTE
r-oldrel-windows-ix86+x86_64 1.1.1 11.00 69.00 80.00 OK

Check Details

Version: 1.1.1
Check: DESCRIPTION meta-information
Result: NOTE
    Malformed Description field: should contain one or more complete sentences.
Flavors: r-devel-linux-x86_64-debian-clang, r-devel-linux-x86_64-debian-gcc, r-devel-linux-x86_64-fedora-clang, r-devel-linux-x86_64-fedora-gcc, r-devel-osx-x86_64-clang, r-devel-windows-ix86+x86_64, r-patched-linux-x86_64, r-patched-solaris-sparc, r-patched-solaris-x86, r-release-linux-x86_64, r-release-osx-x86_64-mavericks, r-release-windows-ix86+x86_64

Version: 1.1.1
Check: package dependencies
Result: ERROR
    Package required but not available: ‘quantreg’
    
    See section ‘The DESCRIPTION file’ in the ‘Writing R Extensions’
    manual.
Flavor: r-release-osx-x86_64-snowleopard