Last updated on 2022-07-03 11:10:16 CEST.
Flavor | Version | Tinstall | Tcheck | Ttotal | Status | Flags |
---|---|---|---|---|---|---|
r-devel-linux-x86_64-debian-clang | 1.0.5 | 67.14 | 264.68 | 331.82 | OK | |
r-devel-linux-x86_64-debian-gcc | 1.0.5 | 57.90 | 192.79 | 250.69 | OK | |
r-devel-linux-x86_64-fedora-clang | 1.0.5 | 404.11 | NOTE | |||
r-devel-linux-x86_64-fedora-gcc | 1.0.5 | 404.82 | OK | |||
r-devel-windows-x86_64 | 1.0.5 | 57.00 | 297.00 | 354.00 | OK | |
r-patched-linux-x86_64 | 1.0.5 | 63.26 | 247.94 | 311.20 | OK | |
r-release-linux-x86_64 | 1.0.5 | 58.14 | 253.68 | 311.82 | OK | |
r-release-macos-arm64 | 1.0.5 | 79.00 | NOTE | |||
r-release-macos-x86_64 | 1.0.5 | 118.00 | NOTE | |||
r-release-windows-x86_64 | 1.0.5 | 68.00 | 311.00 | 379.00 | OK | |
r-oldrel-macos-arm64 | 1.0.5 | 78.00 | NOTE | |||
r-oldrel-macos-x86_64 | 1.0.5 | 127.00 | NOTE | |||
r-oldrel-windows-ix86+x86_64 | 1.0.5 | 158.00 | 346.00 | 504.00 | OK |
Version: 1.0.5
Check: installed package size
Result: NOTE
installed size is 8.0Mb
sub-directories of 1Mb or more:
libs 7.6Mb
Flavors: r-devel-linux-x86_64-fedora-clang, r-release-macos-arm64, r-release-macos-x86_64, r-oldrel-macos-arm64, r-oldrel-macos-x86_64