CRAN Package Check Results for Package PACLasso

Last updated on 2022-05-17 09:52:39 CEST.

Flavor Version Tinstall Tcheck Ttotal Status Flags
r-devel-linux-x86_64-debian-clang 1.0.0 9.27 111.67 120.94 NOTE
r-devel-linux-x86_64-debian-gcc 1.0.0 6.55 85.04 91.59 NOTE
r-devel-linux-x86_64-fedora-clang 1.0.0 142.99 NOTE
r-devel-linux-x86_64-fedora-gcc 1.0.0 151.23 NOTE
r-devel-windows-x86_64 1.0.0 16.00 128.00 144.00 NOTE
r-patched-linux-x86_64 1.0.0 8.63 108.31 116.94 NOTE
r-release-linux-x86_64 1.0.0 8.54 106.42 114.96 NOTE
r-release-macos-arm64 1.0.0 38.00 NOTE
r-release-macos-x86_64 1.0.0 56.00 NOTE
r-release-windows-x86_64 1.0.0 22.00 124.00 146.00 NOTE
r-oldrel-macos-arm64 1.0.0 46.00 NOTE
r-oldrel-macos-x86_64 1.0.0 79.00 NOTE
r-oldrel-windows-ix86+x86_64 1.0.0 20.00 123.00 143.00 NOTE

Check Details

Version: 1.0.0
Check: LazyData
Result: NOTE
     'LazyData' is specified without a 'data' directory
Flavors: r-devel-linux-x86_64-debian-clang, r-devel-linux-x86_64-debian-gcc, r-devel-linux-x86_64-fedora-clang, r-devel-linux-x86_64-fedora-gcc, r-devel-windows-x86_64, r-patched-linux-x86_64, r-release-linux-x86_64, r-release-macos-arm64, r-release-macos-x86_64, r-release-windows-x86_64, r-oldrel-macos-arm64, r-oldrel-macos-x86_64, r-oldrel-windows-ix86+x86_64