CRAN Package Check Results for Package PAGI

Last updated on 2014-07-29 05:47:07.

Flavor Version Tinstall Tcheck Ttotal Status Flags
r-devel-linux-x86_64-debian-clang 1.0 1.65 280.67 282.32 OK
r-devel-linux-x86_64-debian-gcc 1.0 1.77 281.56 283.33 OK
r-devel-linux-x86_64-fedora-clang 1.0 307.59 NOTE --no-build-vignettes
r-devel-linux-x86_64-fedora-gcc 1.0 291.39 NOTE --no-build-vignettes
r-devel-osx-x86_64-clang 1.0 239.38 OK --no-build-vignettes
r-devel-windows-ix86+x86_64 1.0 4.00 415.00 419.00 OK
r-patched-linux-x86_64 1.0 1.62 282.18 283.81 OK
r-patched-solaris-sparc 1.0 196.20 NOTE --no-vignettes
r-patched-solaris-x86 1.0 481.90 NOTE --no-build-vignettes
r-release-linux-ix86 1.0 2.47 355.93 358.40 NOTE
r-release-linux-x86_64 1.0 1.63 291.64 293.27 OK
r-release-osx-x86_64-mavericks 1.0 OK
r-release-osx-x86_64-snowleopard 1.0 OK
r-release-windows-ix86+x86_64 1.0 5.00 404.00 409.00 OK
r-oldrel-windows-ix86+x86_64 1.0 5.00 376.00 381.00 OK

Check Details

Version: 1.0
Flags: --no-build-vignettes
Check: Rd line widths
Result: NOTE
    Rd file 'CalGIF.Rd':
     \examples lines wider than 100 characters:
     ###calculate the global influence factor (GIF) by using the random walk with restart (RWR) algorithm###
     #Each element is the GIF score and whose name correspond to gene symbol in the gene expression data.
     #Each element is the GIF score and whose name correspond to gene symbol in the gene expression data.
    
    Rd file 'PAGI.Main.Rd':
     \examples lines wider than 100 characters:
     #Its columns include "Gene number in the (sorted) pathway", "gene symbol from the gene express data",
     #"location of the gene in the sorted gene list", "the T-score of gene between two biological states",
     #Its columns include "Gene number in the (sorted) pathway", "gene symbol from the gene express data",
     #"location of the gene in the sorted gene list", "the T-score of gene between two biological states",
    
    These lines will be truncated in the PDF manual.
Flavors: r-devel-linux-x86_64-fedora-clang, r-devel-linux-x86_64-fedora-gcc

Version: 1.0
Flags: --no-vignettes
Check: installed package size
Result: NOTE
     installed size is 5.1Mb
     sub-directories of 1Mb or more:
     data 1.6Mb
     localdata 3.1Mb
Flavor: r-patched-solaris-sparc

Version: 1.0
Flags: --no-build-vignettes
Check: installed package size
Result: NOTE
     installed size is 5.1Mb
     sub-directories of 1Mb or more:
     data 1.6Mb
     localdata 3.1Mb
Flavor: r-patched-solaris-x86

Version: 1.0
Check: installed package size
Result: NOTE
     installed size is 5.0Mb
     sub-directories of 1Mb or more:
     data 1.6Mb
     localdata 3.1Mb
Flavor: r-release-linux-ix86