CRAN Package Check Results for Package PAGI

Last updated on 2015-07-06 23:47:55.

Flavor Version Tinstall Tcheck Ttotal Status Flags
r-devel-linux-x86_64-debian-clang 1.0 1.46 252.64 254.10 NOTE
r-devel-linux-x86_64-debian-gcc 1.0 1.48 249.39 250.87 NOTE
r-devel-linux-x86_64-fedora-clang 1.0 256.52 NOTE --no-build-vignettes
r-devel-linux-x86_64-fedora-gcc 1.0 253.00 NOTE --no-build-vignettes
r-devel-osx-x86_64-clang 1.0 219.83 NOTE --no-build-vignettes
r-devel-windows-ix86+x86_64 1.0 7.00 395.00 402.00 NOTE
r-patched-linux-x86_64 1.0 1.49 251.07 252.56 NOTE
r-patched-solaris-sparc 1.0 173.10 NOTE --no-vignettes
r-patched-solaris-x86 1.0 430.60 NOTE --no-build-vignettes
r-release-linux-x86_64 1.0 1.49 256.35 257.84 NOTE
r-release-osx-x86_64-mavericks 1.0 NOTE
r-release-windows-ix86+x86_64 1.0 6.00 382.00 388.00 NOTE
r-oldrel-windows-ix86+x86_64 1.0 6.00 436.00 442.00 NOTE

Check Details

Version: 1.0
Check: DESCRIPTION meta-information
Result: NOTE
    Malformed Title field: should not end in a period.
Flavors: r-devel-linux-x86_64-debian-clang, r-devel-linux-x86_64-debian-gcc, r-devel-windows-ix86+x86_64, r-patched-linux-x86_64, r-release-linux-x86_64, r-release-osx-x86_64-mavericks, r-release-windows-ix86+x86_64

Version: 1.0
Check: R code for possible problems
Result: NOTE
    CalGIF: no visible binding for global variable ‘PAGIData’
    CalGIF2: no visible binding for global variable ‘PAGIData’
    PAGI.Main: no visible binding for global variable ‘PAGIData’
    PAGI.Main: no visible global function definition for ‘p.adjust’
    PAGI.Main: no visible global function definition for ‘pt’
    getclass.labels: no visible binding for global variable ‘ExampleData’
    getdataset: no visible binding for global variable ‘ExampleData’
    Undefined global functions or variables:
     ExampleData PAGIData p.adjust pt
Flavors: r-devel-linux-x86_64-debian-clang, r-devel-linux-x86_64-debian-gcc, r-devel-windows-ix86+x86_64

Version: 1.0
Check: Rd line widths
Result: NOTE
    Rd file 'CalGIF.Rd':
     \examples lines wider than 100 characters:
     ###calculate the global influence factor (GIF) by using the random walk with restart (RWR) algorithm###
     #Each element is the GIF score and whose name correspond to gene symbol in the gene expression data.
     #Each element is the GIF score and whose name correspond to gene symbol in the gene expression data.
    
    Rd file 'PAGI.Main.Rd':
     \examples lines wider than 100 characters:
     #Its columns include "Gene number in the (sorted) pathway", "gene symbol from the gene express data",
     #"location of the gene in the sorted gene list", "the T-score of gene between two biological states",
     #Its columns include "Gene number in the (sorted) pathway", "gene symbol from the gene express data",
     #"location of the gene in the sorted gene list", "the T-score of gene between two biological states",
    
    These lines will be truncated in the PDF manual.
Flavors: r-devel-linux-x86_64-debian-clang, r-devel-linux-x86_64-debian-gcc, r-patched-linux-x86_64, r-release-linux-x86_64

Version: 1.0
Flags: --no-build-vignettes
Check: DESCRIPTION meta-information
Result: NOTE
    Malformed Title field: should not end in a period.
Flavors: r-devel-linux-x86_64-fedora-clang, r-devel-linux-x86_64-fedora-gcc, r-devel-osx-x86_64-clang, r-patched-solaris-x86

Version: 1.0
Flags: --no-build-vignettes
Check: R code for possible problems
Result: NOTE
    CalGIF: no visible binding for global variable ‘PAGIData’
    CalGIF2: no visible binding for global variable ‘PAGIData’
    PAGI.Main: no visible binding for global variable ‘PAGIData’
    PAGI.Main: no visible global function definition for ‘p.adjust’
    PAGI.Main: no visible global function definition for ‘pt’
    getclass.labels: no visible binding for global variable ‘ExampleData’
    getdataset: no visible binding for global variable ‘ExampleData’
    Undefined global functions or variables:
     ExampleData PAGIData p.adjust pt
Flavors: r-devel-linux-x86_64-fedora-clang, r-devel-linux-x86_64-fedora-gcc

Version: 1.0
Flags: --no-build-vignettes
Check: Rd line widths
Result: NOTE
    Rd file 'CalGIF.Rd':
     \examples lines wider than 100 characters:
     ###calculate the global influence factor (GIF) by using the random walk with restart (RWR) algorithm###
     #Each element is the GIF score and whose name correspond to gene symbol in the gene expression data.
     #Each element is the GIF score and whose name correspond to gene symbol in the gene expression data.
    
    Rd file 'PAGI.Main.Rd':
     \examples lines wider than 100 characters:
     #Its columns include "Gene number in the (sorted) pathway", "gene symbol from the gene express data",
     #"location of the gene in the sorted gene list", "the T-score of gene between two biological states",
     #Its columns include "Gene number in the (sorted) pathway", "gene symbol from the gene express data",
     #"location of the gene in the sorted gene list", "the T-score of gene between two biological states",
    
    These lines will be truncated in the PDF manual.
Flavors: r-devel-linux-x86_64-fedora-clang, r-devel-linux-x86_64-fedora-gcc

Version: 1.0
Flags: --no-build-vignettes
Check: R code for possible problems
Result: NOTE
    CalGIF: no visible binding for global variable ‘PAGIData’
    CalGIF2: no visible binding for global variable ‘PAGIData’
    PAGI.Main: no visible binding for global variable ‘PAGIData’
    getclass.labels: no visible binding for global variable ‘ExampleData’
    getdataset: no visible binding for global variable ‘ExampleData’
    Undefined global functions or variables:
     ExampleData PAGIData
Flavor: r-devel-osx-x86_64-clang

Version: 1.0
Check: R code for possible problems
Result: NOTE
    CalGIF: no visible binding for global variable ‘PAGIData’
    CalGIF2: no visible binding for global variable ‘PAGIData’
    PAGI.Main: no visible binding for global variable ‘PAGIData’
    getclass.labels: no visible binding for global variable ‘ExampleData’
    getdataset: no visible binding for global variable ‘ExampleData’
Flavors: r-patched-linux-x86_64, r-release-linux-x86_64, r-release-osx-x86_64-mavericks, r-release-windows-ix86+x86_64, r-oldrel-windows-ix86+x86_64

Version: 1.0
Flags: --no-vignettes
Check: installed package size
Result: NOTE
     installed size is 5.1Mb
     sub-directories of 1Mb or more:
     data 1.6Mb
     localdata 3.1Mb
Flavor: r-patched-solaris-sparc

Version: 1.0
Flags: --no-vignettes
Check: DESCRIPTION meta-information
Result: NOTE
    Malformed Title field: should not end in a period.
Flavor: r-patched-solaris-sparc

Version: 1.0
Flags: --no-vignettes
Check: R code for possible problems
Result: NOTE
    CalGIF: no visible binding for global variable ‘PAGIData’
    CalGIF2: no visible binding for global variable ‘PAGIData’
    PAGI.Main: no visible binding for global variable ‘PAGIData’
    getclass.labels: no visible binding for global variable ‘ExampleData’
    getdataset: no visible binding for global variable ‘ExampleData’
Flavor: r-patched-solaris-sparc

Version: 1.0
Flags: --no-build-vignettes
Check: installed package size
Result: NOTE
     installed size is 5.1Mb
     sub-directories of 1Mb or more:
     data 1.6Mb
     localdata 3.1Mb
Flavor: r-patched-solaris-x86

Version: 1.0
Flags: --no-build-vignettes
Check: R code for possible problems
Result: NOTE
    CalGIF: no visible binding for global variable ‘PAGIData’
    CalGIF2: no visible binding for global variable ‘PAGIData’
    PAGI.Main: no visible binding for global variable ‘PAGIData’
    getclass.labels: no visible binding for global variable ‘ExampleData’
    getdataset: no visible binding for global variable ‘ExampleData’
Flavor: r-patched-solaris-x86

Version: 1.0
Check: re-building of vignette outputs
Result: NOTE
    Error in re-building vignettes:
     ...
    Loading required package: igraph
    Warning in FUN(X[[i]], ...) :
     DESCRIPTION file of package 'tools' is missing or broken
    Warning in FUN(X[[i]], ...) :
     DESCRIPTION file of package 'stats' is missing or broken
    Warning in FUN(X[[i]], ...) :
     DESCRIPTION file of package 'graphics' is missing or broken
    Warning in FUN(X[[i]], ...) :
     DESCRIPTION file of package 'grDevices' is missing or broken
    Warning in FUN(X[[i]], ...) :
     DESCRIPTION file of package 'utils' is missing or broken
    Warning in FUN(X[[i]], ...) :
     DESCRIPTION file of package 'datasets' is missing or broken
    Warning in FUN(X[[i]], ...) :
     DESCRIPTION file of package 'methods' is missing or broken
    
    Error: processing vignette 'PAGI.Rnw' failed with diagnostics:
     chunk 4 (label = sessionInfo)
    Error : $ operator is invalid for atomic vectors
    Execution halted
Flavor: r-release-osx-x86_64-mavericks