CRAN Package Check Results for Package PAGI

Last updated on 2014-12-21 23:47:07.

Flavor Version Tinstall Tcheck Ttotal Status Flags
r-devel-linux-x86_64-debian-clang 1.0 1.64 292.40 294.04 NOTE
r-devel-linux-x86_64-debian-gcc 1.0 1.63 288.22 289.86 NOTE
r-devel-linux-x86_64-fedora-clang 1.0 297.77 NOTE --no-build-vignettes
r-devel-linux-x86_64-fedora-gcc 1.0 278.09 NOTE --no-build-vignettes
r-devel-osx-x86_64-clang 1.0 250.46 NOTE --no-build-vignettes
r-devel-windows-ix86+x86_64 1.0 5.00 412.00 417.00 NOTE
r-patched-linux-x86_64 1.0 1.68 284.45 286.13 NOTE
r-patched-solaris-sparc 1.0 181.00 NOTE --no-vignettes
r-patched-solaris-x86 1.0 486.80 NOTE --no-build-vignettes
r-release-linux-ix86 1.0 2.38 341.86 344.24 NOTE
r-release-linux-x86_64 1.0 1.68 295.23 296.91 NOTE
r-release-osx-x86_64-mavericks 1.0 OK
r-release-osx-x86_64-snowleopard 1.0 OK
r-release-windows-ix86+x86_64 1.0 5.00 438.00 443.00 NOTE
r-oldrel-windows-ix86+x86_64 1.0 5.00 393.00 398.00 OK

Check Details

Version: 1.0
Check: R code for possible problems
Result: NOTE
    CalGIF: no visible binding for global variable ‘PAGIData’
    CalGIF2: no visible binding for global variable ‘PAGIData’
    PAGI.Main: no visible binding for global variable ‘PAGIData’
    getclass.labels: no visible binding for global variable ‘ExampleData’
    getdataset: no visible binding for global variable ‘ExampleData’
Flavors: r-devel-linux-x86_64-debian-clang, r-devel-linux-x86_64-debian-gcc, r-devel-windows-ix86+x86_64, r-patched-linux-x86_64, r-release-linux-ix86, r-release-linux-x86_64, r-release-windows-ix86+x86_64

Version: 1.0
Check: Rd line widths
Result: NOTE
    Rd file 'CalGIF.Rd':
     \examples lines wider than 100 characters:
     ###calculate the global influence factor (GIF) by using the random walk with restart (RWR) algorithm###
     #Each element is the GIF score and whose name correspond to gene symbol in the gene expression data.
     #Each element is the GIF score and whose name correspond to gene symbol in the gene expression data.
    
    Rd file 'PAGI.Main.Rd':
     \examples lines wider than 100 characters:
     #Its columns include "Gene number in the (sorted) pathway", "gene symbol from the gene express data",
     #"location of the gene in the sorted gene list", "the T-score of gene between two biological states",
     #Its columns include "Gene number in the (sorted) pathway", "gene symbol from the gene express data",
     #"location of the gene in the sorted gene list", "the T-score of gene between two biological states",
    
    These lines will be truncated in the PDF manual.
Flavors: r-devel-linux-x86_64-debian-clang, r-devel-linux-x86_64-debian-gcc, r-patched-linux-x86_64, r-release-linux-x86_64

Version: 1.0
Flags: --no-build-vignettes
Check: R code for possible problems
Result: NOTE
    CalGIF: no visible binding for global variable ‘PAGIData’
    CalGIF2: no visible binding for global variable ‘PAGIData’
    PAGI.Main: no visible binding for global variable ‘PAGIData’
    getclass.labels: no visible binding for global variable ‘ExampleData’
    getdataset: no visible binding for global variable ‘ExampleData’
Flavors: r-devel-linux-x86_64-fedora-clang, r-devel-linux-x86_64-fedora-gcc, r-devel-osx-x86_64-clang, r-patched-solaris-x86

Version: 1.0
Flags: --no-build-vignettes
Check: Rd line widths
Result: NOTE
    Rd file 'CalGIF.Rd':
     \examples lines wider than 100 characters:
     ###calculate the global influence factor (GIF) by using the random walk with restart (RWR) algorithm###
     #Each element is the GIF score and whose name correspond to gene symbol in the gene expression data.
     #Each element is the GIF score and whose name correspond to gene symbol in the gene expression data.
    
    Rd file 'PAGI.Main.Rd':
     \examples lines wider than 100 characters:
     #Its columns include "Gene number in the (sorted) pathway", "gene symbol from the gene express data",
     #"location of the gene in the sorted gene list", "the T-score of gene between two biological states",
     #Its columns include "Gene number in the (sorted) pathway", "gene symbol from the gene express data",
     #"location of the gene in the sorted gene list", "the T-score of gene between two biological states",
    
    These lines will be truncated in the PDF manual.
Flavors: r-devel-linux-x86_64-fedora-clang, r-devel-linux-x86_64-fedora-gcc

Version: 1.0
Flags: --no-vignettes
Check: installed package size
Result: NOTE
     installed size is 5.1Mb
     sub-directories of 1Mb or more:
     data 1.6Mb
     localdata 3.1Mb
Flavor: r-patched-solaris-sparc

Version: 1.0
Flags: --no-vignettes
Check: R code for possible problems
Result: NOTE
    CalGIF: no visible binding for global variable ‘PAGIData’
    CalGIF2: no visible binding for global variable ‘PAGIData’
    PAGI.Main: no visible binding for global variable ‘PAGIData’
    getclass.labels: no visible binding for global variable ‘ExampleData’
    getdataset: no visible binding for global variable ‘ExampleData’
Flavor: r-patched-solaris-sparc

Version: 1.0
Flags: --no-build-vignettes
Check: installed package size
Result: NOTE
     installed size is 5.1Mb
     sub-directories of 1Mb or more:
     data 1.6Mb
     localdata 3.1Mb
Flavor: r-patched-solaris-x86

Version: 1.0
Check: installed package size
Result: NOTE
     installed size is 5.0Mb
     sub-directories of 1Mb or more:
     data 1.6Mb
     localdata 3.1Mb
Flavor: r-release-linux-ix86