CRAN Package Check Results for Package PAMmisc

Last updated on 2021-04-17 01:50:03 CEST.

Flavor Version Tinstall Tcheck Ttotal Status Flags
r-devel-linux-x86_64-debian-clang 1.6.8 24.24 206.33 230.57 OK
r-devel-linux-x86_64-debian-gcc 1.6.8 19.74 156.53 176.27 OK
r-devel-linux-x86_64-fedora-clang 1.6.8 300.35 OK
r-devel-linux-x86_64-fedora-gcc 1.6.8 292.27 OK
r-devel-windows-ix86+x86_64 1.6.8 56.00 215.00 271.00 OK
r-devel-windows-x86_64-gcc10-UCRT 1.6.8 OK
r-patched-linux-x86_64 1.6.8 22.41 192.86 215.27 OK
r-patched-solaris-x86 1.6.8 5.40 ERROR
r-release-linux-x86_64 1.6.8 23.23 191.08 214.31 OK
r-release-macos-x86_64 1.6.8 OK
r-release-windows-ix86+x86_64 1.6.8 54.00 234.00 288.00 OK
r-oldrel-macos-x86_64 1.6.8 WARN
r-oldrel-windows-ix86+x86_64 1.6.8 35.00 155.00 190.00 OK

Check Details

Version: 1.6.8
Check: package dependencies
Result: ERROR
    Package required but not available: ‘plotKML’
    
    See section ‘The DESCRIPTION file’ in the ‘Writing R Extensions’
    manual.
Flavor: r-patched-solaris-x86

Version: 1.6.8
Check: dependencies in R code
Result: NOTE
    No protocol specified
    No protocol specified
Flavor: r-oldrel-macos-x86_64

Version: 1.6.8
Check: S3 generic/method consistency
Result: WARN
    No protocol specified
    No protocol specified
    See section ‘Generic functions and methods’ in the ‘Writing R
    Extensions’ manual.
Flavor: r-oldrel-macos-x86_64

Version: 1.6.8
Check: replacement functions
Result: WARN
    No protocol specified
    No protocol specified
    The argument of a replacement function which corresponds to the right
    hand side must be named ‘value’.
Flavor: r-oldrel-macos-x86_64

Version: 1.6.8
Check: foreign function calls
Result: NOTE
    No protocol specified
    No protocol specified
    See chapter ‘System and foreign language interfaces’ in the ‘Writing R
    Extensions’ manual.
Flavor: r-oldrel-macos-x86_64

Version: 1.6.8
Check: R code for possible problems
Result: NOTE
    No protocol specified
    No protocol specified
Flavor: r-oldrel-macos-x86_64

Version: 1.6.8
Check: for missing documentation entries
Result: WARN
    No protocol specified
    No protocol specified
    All user-level objects in a package should have documentation entries.
    See chapter ‘Writing R documentation files’ in the ‘Writing R
    Extensions’ manual.
Flavor: r-oldrel-macos-x86_64

Version: 1.6.8
Check: for code/documentation mismatches
Result: WARN
    No protocol specified
    No protocol specified
    No protocol specified
    No protocol specified
    No protocol specified
    No protocol specified
Flavor: r-oldrel-macos-x86_64

Version: 1.6.8
Check: Rd \usage sections
Result: NOTE
    No protocol specified
    No protocol specified
    The \usage entries for S3 methods should use the \method markup and not
    their full name.
    See chapter ‘Writing R documentation files’ in the ‘Writing R
    Extensions’ manual.
Flavor: r-oldrel-macos-x86_64