CRAN Package Check Results for Package PAMpal

Last updated on 2024-02-22 17:48:21 CET.

Flavor Version Tinstall Tcheck Ttotal Status Flags
r-devel-linux-x86_64-debian-clang 1.0.0 NOTE
r-devel-linux-x86_64-debian-gcc 1.0.0 27.37 184.60 211.97 NOTE
r-devel-linux-x86_64-fedora-clang 1.0.0 409.03 NOTE
r-devel-linux-x86_64-fedora-gcc 1.0.0 354.51 NOTE
r-devel-windows-x86_64 1.0.0 27.00 189.00 216.00 OK
r-patched-linux-x86_64 1.0.0 31.14 242.74 273.88 OK
r-release-linux-x86_64 1.0.0 23.11 240.38 263.49 OK
r-release-macos-arm64 1.0.0 92.00 OK
r-release-macos-x86_64 1.0.0 245.00 OK
r-release-windows-x86_64 1.0.0 34.00 231.00 265.00 OK
r-oldrel-macos-arm64 1.0.0 138.00 OK
r-oldrel-windows-x86_64 1.0.0 33.00 222.00 255.00 OK

Check Details

Version: 1.0.0
Check: Rd files
Result: NOTE checkRd: (-1) addFPOD.Rd:42: Lost braces 42 | has FPOD detections, these events may not work with a variety of other ]code{PAMpal} | ^ Flavors: r-devel-linux-x86_64-debian-clang, r-devel-linux-x86_64-debian-gcc, r-devel-linux-x86_64-fedora-clang, r-devel-linux-x86_64-fedora-gcc