CRAN Package Check Results for Package PAS

Last updated on 2018-06-19 00:47:50 CEST.

Flavor Version Tinstall Tcheck Ttotal Status Flags
r-devel-linux-x86_64-debian-clang 1.2.5 4.57 66.16 70.73 OK
r-devel-linux-x86_64-debian-gcc 1.2.5 4.01 57.53 61.54 OK
r-devel-linux-x86_64-fedora-clang 1.2.5 90.37 OK
r-devel-linux-x86_64-fedora-gcc 1.2.5 56.56 OK
r-devel-windows-ix86+x86_64 1.2.5 11.00 104.00 115.00 OK
r-patched-linux-x86_64 1.2.5 4.34 61.36 65.70 OK
r-patched-solaris-x86 1.2.5 118.60 OK
r-release-linux-x86_64 1.2.5 4.07 61.64 65.71 OK
r-release-windows-ix86+x86_64 1.2.5 6.00 109.00 115.00 OK
r-release-osx-x86_64 1.2.5 OK
r-oldrel-windows-ix86+x86_64 1.2.5 7.00 67.00 74.00 OK
r-oldrel-osx-x86_64 1.2 NOTE

Check Details

Version: 1.2
Check: DESCRIPTION meta-information
Result: NOTE
    Malformed Description field: should contain one or more complete sentences.
Flavor: r-oldrel-osx-x86_64

Version: 1.2
Check: dependencies in R code
Result: NOTE
    'library' or 'require' call to ‘glmnet’ which was already attached by Depends.
     Please remove these calls from your code.
    Package in Depends field not imported from: ‘glmnet’
     These packages need to be imported from (in the NAMESPACE file)
     for when this namespace is loaded but not attached.
Flavor: r-oldrel-osx-x86_64

Version: 1.2
Check: R code for possible problems
Result: NOTE
    cv_nfold: no visible global function definition for ‘predict’
    cv_nfold: no visible global function definition for ‘cv.glmnet’
    cv_nfold: no visible global function definition for ‘coef’
    cv_nfold: no visible global function definition for ‘var’
    getoptbinsize: no visible global function definition for ‘var’
    getoptbinsize: no visible global function definition for ‘cor’
    glmcvbeta: no visible global function definition for ‘cv.glmnet’
    myhistplot: no visible global function definition for ‘par’
    myhistplot: no visible global function definition for ‘plot’
    myhistplot: no visible global function definition for ‘axis’
    plot.binmod: no visible global function definition for ‘par’
    plot.binmod: no visible global function definition for ‘layout’
    plot.binmod: no visible global function definition for ‘dev.off’
    plot.binmod: no visible binding for global variable ‘plot.new’
    plot.binmod: no visible global function definition for ‘postscript’
    plot.binmod: no visible global function definition for ‘plot’
    plot.binmod: no visible global function definition for ‘mtext’
    plot.binmod: no visible global function definition for ‘legend’
    plot.binmod: no visible global function definition for ‘arrows’
    predict.binmod: no visible global function definition for ‘predict’
    singlemarkanalysis: no visible global function definition for ‘glm’
    singlemarkanalysis: no visible global function definition for ‘var’
    weightedx: no visible global function definition for ‘na.exclude’
    Undefined global functions or variables:
     arrows axis coef cor cv.glmnet dev.off glm layout legend mtext
     na.exclude par plot plot.new postscript predict var
    Consider adding
     importFrom("grDevices", "dev.off", "postscript")
     importFrom("graphics", "arrows", "axis", "layout", "legend", "mtext",
     "par", "plot", "plot.new")
     importFrom("stats", "coef", "cor", "glm", "na.exclude", "predict",
     "var")
    to your NAMESPACE file.
Flavor: r-oldrel-osx-x86_64