CRAN Package Check Results for Package PAS

Last updated on 2014-11-01 13:49:56.

Flavor Version Tinstall Tcheck Ttotal Status Flags
r-devel-linux-x86_64-debian-clang 1.2 3.22 39.98 43.20 NOTE
r-devel-linux-x86_64-debian-gcc 1.2 3.08 38.58 41.66 NOTE
r-devel-linux-x86_64-fedora-clang 1.2 102.27 NOTE
r-devel-linux-x86_64-fedora-gcc 1.2 96.13 NOTE
r-devel-osx-x86_64-clang 1.2 83.57 NOTE
r-devel-windows-ix86+x86_64 1.2 8.00 56.00 64.00 NOTE
r-patched-linux-x86_64 1.2 3.34 42.30 45.65 NOTE
r-patched-solaris-sparc 1.2 534.00 NOTE
r-patched-solaris-x86 1.2 132.10 NOTE
r-release-linux-ix86 1.2 4.21 53.84 58.05 NOTE
r-release-linux-x86_64 1.2 3.28 43.24 46.53 NOTE
r-release-osx-x86_64-mavericks 1.2 NOTE
r-release-osx-x86_64-snowleopard 1.2 NOTE
r-release-windows-ix86+x86_64 1.2 8.00 61.00 69.00 NOTE
r-oldrel-windows-ix86+x86_64 1.2 8.00 57.00 65.00 NOTE

Check Details

Version: 1.2
Check: top-level files
Result: NOTE
    Non-standard file/directory found at top level:
     ‘doc’
Flavors: r-devel-linux-x86_64-debian-clang, r-devel-linux-x86_64-debian-gcc, r-devel-linux-x86_64-fedora-clang, r-devel-linux-x86_64-fedora-gcc, r-patched-linux-x86_64, r-release-linux-x86_64

Version: 1.2
Check: dependencies in R code
Result: NOTE
    'library' or 'require' call to ‘glmnet’ which was already attached by Depends.
     Please remove these calls from your code.
    Package in Depends field not imported from: ‘glmnet’
     These packages need to be imported from (in the NAMESPACE file)
     for when this namespace is loaded but not attached.
    See the information on DESCRIPTION files in the chapter ‘Creating R
    packages’ of the ‘Writing R Extensions’ manual.
Flavors: r-devel-linux-x86_64-debian-clang, r-devel-linux-x86_64-debian-gcc, r-devel-linux-x86_64-fedora-clang, r-devel-linux-x86_64-fedora-gcc, r-devel-osx-x86_64-clang, r-devel-windows-ix86+x86_64, r-patched-linux-x86_64, r-patched-solaris-sparc, r-patched-solaris-x86, r-release-linux-ix86, r-release-linux-x86_64, r-release-osx-x86_64-mavericks, r-release-windows-ix86+x86_64, r-oldrel-windows-ix86+x86_64

Version: 1.2
Check: R code for possible problems
Result: NOTE
    cv_nfold: no visible global function definition for ‘cv.glmnet’
    glmcvbeta: no visible global function definition for ‘cv.glmnet’
Flavors: r-devel-linux-x86_64-debian-clang, r-devel-linux-x86_64-debian-gcc, r-devel-linux-x86_64-fedora-clang, r-devel-linux-x86_64-fedora-gcc, r-devel-osx-x86_64-clang, r-devel-windows-ix86+x86_64, r-patched-linux-x86_64, r-patched-solaris-sparc, r-patched-solaris-x86, r-release-windows-ix86+x86_64

Version: 1.2
Check: dependencies in R code
Result: NOTE
    'library' or 'require' call to 'glmnet' which was already attached by Depends.
     Please remove these calls from your code.
    See the information on DESCRIPTION files in the chapter 'Creating R
    packages' of the 'Writing R Extensions' manual.
Flavor: r-release-osx-x86_64-snowleopard