CRAN Package Check Results for Package PAS

Last updated on 2014-07-25 19:50:17.

Flavor Version Tinstall Tcheck Ttotal Status Flags
r-devel-linux-x86_64-debian-clang 1.2 3.34 42.60 45.94 NOTE
r-devel-linux-x86_64-debian-gcc 1.2 3.27 42.30 45.56 NOTE
r-devel-linux-x86_64-fedora-clang 1.2 107.18 NOTE
r-devel-linux-x86_64-fedora-gcc 1.2 103.58 NOTE
r-devel-osx-x86_64-clang 1.2 86.67 NOTE
r-devel-windows-ix86+x86_64 1.2 8.00 56.00 64.00 NOTE
r-patched-linux-x86_64 1.2 3.26 42.07 45.33 NOTE
r-patched-solaris-sparc 1.2 560.30 NOTE
r-patched-solaris-x86 1.2 134.70 NOTE
r-release-linux-ix86 1.2 3.88 53.24 57.12 NOTE
r-release-linux-x86_64 1.2 3.32 42.54 45.86 NOTE
r-release-osx-x86_64-mavericks 1.2 NOTE
r-release-osx-x86_64-snowleopard 1.2 NOTE
r-release-windows-ix86+x86_64 1.2 7.00 62.00 69.00 NOTE
r-oldrel-windows-ix86+x86_64 1.2 9.00 61.00 70.00 NOTE

Check Details

Version: 1.2
Check: dependencies in R code
Result: NOTE
    'library' or 'require' call to ‘glmnet’ which was already attached by Depends.
     Please remove these calls from your code.
    Package in Depends field not imported from: ‘glmnet’
     These packages need to be imported from (in the NAMESPACE file)
     for when this namespace is loaded but not attached.
    See the information on DESCRIPTION files in the chapter ‘Creating R
    packages’ of the ‘Writing R Extensions’ manual.
Flavors: r-devel-linux-x86_64-debian-clang, r-devel-linux-x86_64-debian-gcc, r-devel-linux-x86_64-fedora-clang, r-devel-linux-x86_64-fedora-gcc, r-devel-osx-x86_64-clang, r-devel-windows-ix86+x86_64, r-patched-linux-x86_64, r-patched-solaris-sparc, r-patched-solaris-x86, r-release-linux-ix86, r-release-linux-x86_64, r-release-osx-x86_64-mavericks, r-release-windows-ix86+x86_64, r-oldrel-windows-ix86+x86_64

Version: 1.2
Check: top-level files
Result: NOTE
    Non-standard file/directory found at top level:
     ‘doc’
Flavors: r-devel-linux-x86_64-fedora-clang, r-devel-linux-x86_64-fedora-gcc

Version: 1.2
Check: dependencies in R code
Result: NOTE
    'library' or 'require' call to 'glmnet' which was already attached by Depends.
     Please remove these calls from your code.
    See the information on DESCRIPTION files in the chapter 'Creating R
    packages' of the 'Writing R Extensions' manual.
Flavor: r-release-osx-x86_64-snowleopard