CRAN Package Check Results for Package PAS

Last updated on 2014-04-20 09:48:19.

Flavor Version Tinstall Tcheck Ttotal Status Flags
r-devel-linux-x86_64-debian-clang 1.2 3.52 44.20 47.72 NOTE
r-devel-linux-x86_64-debian-gcc 1.2 3.38 44.29 47.66 NOTE
r-devel-linux-x86_64-fedora-clang 1.2 108.77 NOTE
r-devel-linux-x86_64-fedora-gcc 1.2 104.88 NOTE
r-devel-macosx-x86_64-clang 1.2 88.52 NOTE
r-devel-macosx-x86_64-gcc 1.2 NOTE
r-devel-windows-ix86+x86_64 1.2 9.00 61.00 70.00 NOTE
r-patched-linux-x86_64 1.2 3.37 44.12 47.50 NOTE
r-patched-solaris-sparc 1.2 560.30 NOTE
r-patched-solaris-x86 1.2 139.20 NOTE
r-release-linux-ix86 NOTE
r-release-linux-x86_64 1.2 3.34 44.57 47.92 NOTE
r-release-macosx-x86_64 1.2 NOTE
r-release-windows-ix86+x86_64 1.2 11.00 66.00 77.00 NOTE
r-oldrel-windows-ix86+x86_64 1.2 10.00 58.00 68.00 NOTE

Check Details

Version: 1.2
Check: dependencies in R code
Result: NOTE
    'library' or 'require' call to ‘glmnet’ which was already attached by Depends.
     Please remove these calls from your code.
    Package in Depends field not imported from: ‘glmnet’
     These packages need to be imported from (in the NAMESPACE file)
     for when this namespace is loaded but not attached.
    See the information on DESCRIPTION files in the chapter ‘Creating R
    packages’ of the ‘Writing R Extensions’ manual.
Flavors: r-devel-linux-x86_64-debian-clang, r-devel-linux-x86_64-debian-gcc, r-devel-linux-x86_64-fedora-clang, r-devel-linux-x86_64-fedora-gcc, r-devel-macosx-x86_64-clang, r-devel-macosx-x86_64-gcc, r-devel-windows-ix86+x86_64, r-patched-linux-x86_64, r-patched-solaris-sparc, r-patched-solaris-x86, r-release-linux-ix86, r-release-linux-x86_64, r-release-windows-ix86+x86_64, r-oldrel-windows-ix86+x86_64

Version: 1.2
Check: top-level files
Result: NOTE
    Non-standard file/directory found at top level:
     ‘doc’
Flavors: r-devel-linux-x86_64-fedora-clang, r-devel-linux-x86_64-fedora-gcc

Version: 1.2
Check: dependencies in R code
Result: NOTE
    'library' or 'require' call to 'glmnet' which was already attached by Depends.
     Please remove these calls from your code.
    See the information on DESCRIPTION files in the chapter 'Creating R
    packages' of the 'Writing R Extensions' manual.
Flavor: r-release-macosx-x86_64