CRAN Package Check Results for Package PAS

Last updated on 2024-03-01 11:53:50 CET.

Flavor Version Tinstall Tcheck Ttotal Status Flags
r-devel-linux-x86_64-debian-clang 1.2.5 6.59 86.56 93.15 NOTE
r-devel-linux-x86_64-debian-gcc 1.2.5 6.27 65.04 71.31 NOTE
r-devel-linux-x86_64-fedora-clang 1.2.5 113.26 NOTE
r-devel-linux-x86_64-fedora-gcc 1.2.5 115.03 NOTE
r-devel-windows-x86_64 1.2.5 8.00 84.00 92.00 OK
r-patched-linux-x86_64 1.2.5 6.72 83.31 90.03 OK
r-release-linux-x86_64 1.2.5 8.51 83.96 92.47 OK
r-release-macos-arm64 1.2.5 42.00 OK
r-release-macos-x86_64 1.2.5 62.00 OK
r-release-windows-x86_64 1.2.5 10.00 97.00 107.00 OK
r-oldrel-macos-arm64 1.2.5 33.00 OK
r-oldrel-windows-x86_64 1.2.5 11.00 100.00 111.00 OK

Check Details

Version: 1.2.5
Check: Rd files
Result: NOTE checkRd: (-1) PAS-package.Rd:30: Lost braces 30 | {\code{bin model}}{\cr Zhiqiu Hu, Zhiquan Wang, and Shizhong Xu (2012) An infinitesimal model for quantitative trait genomic value prediction. PloS ONE 7: e41336.} | ^ Flavors: r-devel-linux-x86_64-debian-clang, r-devel-linux-x86_64-debian-gcc, r-devel-linux-x86_64-fedora-clang, r-devel-linux-x86_64-fedora-gcc