CRAN Package Check Results for Package PAS

Last updated on 2014-10-02 09:53:08.

Flavor Version Tinstall Tcheck Ttotal Status Flags
r-devel-linux-x86_64-debian-clang 1.2 3.10 39.57 42.67 NOTE
r-devel-linux-x86_64-debian-gcc 1.2 3.03 39.22 42.26 NOTE
r-devel-linux-x86_64-fedora-clang 1.2 103.11 NOTE
r-devel-linux-x86_64-fedora-gcc 1.2 117.30 NOTE
r-devel-osx-x86_64-clang 1.2 79.20 NOTE
r-devel-windows-ix86+x86_64 1.2 8.00 56.00 64.00 NOTE
r-patched-linux-x86_64 1.2 3.15 43.18 46.34 NOTE
r-patched-solaris-sparc 1.2 569.30 NOTE
r-patched-solaris-x86 1.2 137.40 NOTE
r-release-linux-ix86 1.2 4.54 53.75 58.29 NOTE
r-release-linux-x86_64 1.2 3.30 43.85 47.15 NOTE
r-release-osx-x86_64-mavericks 1.2 NOTE
r-release-osx-x86_64-snowleopard 1.2 NOTE
r-release-windows-ix86+x86_64 1.2 8.00 62.00 70.00 NOTE
r-oldrel-windows-ix86+x86_64 1.2 8.00 56.00 64.00 NOTE

Check Details

Version: 1.2
Check: top-level files
Result: NOTE
    Non-standard file/directory found at top level:
     ‘doc’
Flavors: r-devel-linux-x86_64-debian-clang, r-devel-linux-x86_64-debian-gcc, r-devel-linux-x86_64-fedora-clang, r-devel-linux-x86_64-fedora-gcc, r-patched-linux-x86_64, r-release-linux-x86_64

Version: 1.2
Check: dependencies in R code
Result: NOTE
    'library' or 'require' call to ‘glmnet’ which was already attached by Depends.
     Please remove these calls from your code.
    Package in Depends field not imported from: ‘glmnet’
     These packages need to be imported from (in the NAMESPACE file)
     for when this namespace is loaded but not attached.
    See the information on DESCRIPTION files in the chapter ‘Creating R
    packages’ of the ‘Writing R Extensions’ manual.
Flavors: r-devel-linux-x86_64-debian-clang, r-devel-linux-x86_64-debian-gcc, r-devel-linux-x86_64-fedora-clang, r-devel-linux-x86_64-fedora-gcc, r-devel-osx-x86_64-clang, r-devel-windows-ix86+x86_64, r-patched-linux-x86_64, r-patched-solaris-sparc, r-patched-solaris-x86, r-release-linux-ix86, r-release-linux-x86_64, r-release-osx-x86_64-mavericks, r-release-windows-ix86+x86_64, r-oldrel-windows-ix86+x86_64

Version: 1.2
Check: R code for possible problems
Result: NOTE
    cv_nfold: no visible global function definition for ‘cv.glmnet’
    glmcvbeta: no visible global function definition for ‘cv.glmnet’
Flavors: r-devel-linux-x86_64-debian-clang, r-devel-linux-x86_64-debian-gcc, r-devel-linux-x86_64-fedora-clang, r-devel-linux-x86_64-fedora-gcc, r-devel-osx-x86_64-clang, r-devel-windows-ix86+x86_64

Version: 1.2
Check: dependencies in R code
Result: NOTE
    'library' or 'require' call to 'glmnet' which was already attached by Depends.
     Please remove these calls from your code.
    See the information on DESCRIPTION files in the chapter 'Creating R
    packages' of the 'Writing R Extensions' manual.
Flavor: r-release-osx-x86_64-snowleopard