CRAN Package Check Results for Package PASWR

Last updated on 2015-07-04 22:46:46.

Flavor Version Tinstall Tcheck Ttotal Status Flags
r-devel-linux-x86_64-debian-clang 1.1 1.79 24.54 26.32 NOTE
r-devel-linux-x86_64-debian-gcc 1.1 1.83 24.79 26.62 NOTE
r-devel-linux-x86_64-fedora-clang 1.1 50.79 NOTE
r-devel-linux-x86_64-fedora-gcc 1.1 48.33 NOTE
r-devel-osx-x86_64-clang 1.1 49.10 NOTE
r-devel-windows-ix86+x86_64 1.1 12.00 45.00 57.00 NOTE
r-patched-linux-x86_64 1.1 1.60 24.35 25.95 NOTE
r-patched-solaris-sparc 1.1 337.10 NOTE
r-patched-solaris-x86 1.1 66.10 NOTE
r-release-linux-x86_64 1.1 1.62 25.18 26.79 NOTE
r-release-osx-x86_64-mavericks 1.1 NOTE
r-release-windows-ix86+x86_64 1.1 10.00 46.00 56.00 NOTE
r-oldrel-windows-ix86+x86_64 1.1 10.00 51.00 61.00 NOTE

Check Details

Version: 1.1
Check: dependencies in R code
Result: NOTE
    'library' or 'require' calls to packages already attached by Depends:
     ‘MASS’ ‘e1071’
     Please remove these calls from your code.
Flavors: r-devel-linux-x86_64-debian-clang, r-devel-linux-x86_64-debian-gcc, r-devel-linux-x86_64-fedora-clang, r-devel-linux-x86_64-fedora-gcc, r-devel-osx-x86_64-clang, r-devel-windows-ix86+x86_64, r-patched-linux-x86_64, r-patched-solaris-sparc, r-patched-solaris-x86, r-release-linux-x86_64, r-release-osx-x86_64-mavericks, r-release-windows-ix86+x86_64, r-oldrel-windows-ix86+x86_64

Version: 1.1
Check: R code for possible problems
Result: NOTE
    CIsim: no visible global function definition for ‘rnorm’
    CIsim: no visible global function definition for ‘qnorm’
    CIsim: no visible global function definition for ‘plot’
    CIsim: no visible global function definition for ‘title’
    CIsim: no visible global function definition for ‘segments’
    CIsim: no visible global function definition for ‘abline’
    CIsim: no visible binding for global variable ‘var’
    CIsim: no visible global function definition for ‘qchisq’
    CIsim: no visible global function definition for ‘rbinom’
    EDA: no visible global function definition for ‘sd’
    EDA: no visible global function definition for ‘median’
    EDA: no visible global function definition for ‘var’
    EDA: no visible global function definition for ‘par’
    EDA: no visible global function definition for ‘hist’
    EDA: no visible global function definition for ‘box’
    EDA: no visible global function definition for ‘plot’
    EDA: no visible global function definition for ‘density’
    EDA: no visible global function definition for ‘lines’
    EDA: no visible global function definition for ‘polygon’
    EDA: no visible global function definition for ‘points’
    EDA: no visible global function definition for ‘qqnorm’
    EDA: no visible global function definition for ‘qqline’
    EDA: no visible global function definition for ‘mtext’
    EDA: no visible global function definition for ‘shapiro.test’
    SIGN.test: no visible global function definition for ‘median’
    SIGN.test: no visible global function definition for ‘dbinom’
    bino.gen: no visible global function definition for ‘dbinom’
    bino.gen: no visible global function definition for ‘hist’
    bino.gen: no visible global function definition for ‘lines’
    checking.plots : Identify: no visible global function definition for
     ‘text’
    checking.plots: no visible global function definition for ‘par’
    checking.plots: no visible global function definition for ‘plot’
    checking.plots: no visible global function definition for ‘abline’
    checking.plots: no visible global function definition for ‘qqnorm’
    checking.plots: no visible global function definition for ‘fitted’
    interval.plot: no visible global function definition for ‘plot’
    interval.plot: no visible global function definition for ‘segments’
    interval.plot: no visible global function definition for ‘abline’
    ksLdist: no visible global function definition for ‘rnorm’
    ksLdist: no visible global function definition for ‘sd’
    ksLdist: no visible global function definition for ‘ks.test’
    ksLdist: no visible binding for global variable ‘pnorm’
    ksLdist: no visible global function definition for ‘density’
    ksLdist: no visible global function definition for ‘quantile’
    ksLdist: no visible global function definition for ‘plot’
    ksLdist: no visible global function definition for ‘title’
    ksLdist: no visible global function definition for ‘lines’
    ksLdist: no visible global function definition for ‘legend’
    ksLdist: no visible global function definition for ‘box’
    ksLdist: no visible global function definition for ‘abline’
    ksdist: no visible global function definition for ‘ks.test’
    ksdist: no visible global function definition for ‘rnorm’
    ksdist: no visible binding for global variable ‘pnorm’
    ksdist: no visible global function definition for ‘quantile’
    ksdist: no visible global function definition for ‘plot’
    ksdist: no visible global function definition for ‘density’
    ksdist: no visible global function definition for ‘title’
    normarea: no visible global function definition for ‘par’
    normarea: no visible global function definition for ‘pnorm’
    normarea: no visible global function definition for ‘dnorm’
    normarea: no visible global function definition for ‘plot’
    normarea: no visible global function definition for ‘mtext’
    normarea: no visible global function definition for ‘axis’
    normarea: no visible global function definition for ‘polygon’
    normarea: no visible global function definition for ‘lines’
    nsize: no visible global function definition for ‘qnorm’
    ntester: no visible global function definition for ‘par’
    ntester: no visible global function definition for ‘rnorm’
    ntester: no visible global function definition for ‘shapiro.test’
    ntester: no visible global function definition for ‘qqnorm’
    ntester: no visible global function definition for ‘box’
    ntester: no visible global function definition for ‘qqline’
    ntester: no visible global function definition for ‘mtext’
    oneway.plots: no visible global function definition for ‘par’
    oneway.plots: no visible global function definition for ‘dotchart’
    oneway.plots: no visible global function definition for ‘plot’
    oneway.plots: no visible global function definition for ‘plot.design’
    tsum.test: no visible global function definition for ‘qt’
    tsum.test: no visible global function definition for ‘pt’
    twoway.plots: no visible global function definition for ‘par’
    twoway.plots: no visible global function definition for ‘plot’
    twoway.plots: no visible global function definition for ‘plot.design’
    twoway.plots: no visible global function definition for
     ‘interaction.plot’
    wilcoxE.test: no visible global function definition for ‘median’
    z.test: no visible global function definition for ‘pnorm’
    z.test: no visible global function definition for ‘qnorm’
    zsum.test: no visible global function definition for ‘pnorm’
    zsum.test: no visible global function definition for ‘qnorm’
    Undefined global functions or variables:
     abline axis box dbinom density dnorm dotchart fitted hist
     interaction.plot ks.test legend lines median mtext par plot
     plot.design pnorm points polygon pt qchisq qnorm qqline qqnorm qt
     quantile rbinom rnorm sd segments shapiro.test text title var
Flavors: r-devel-linux-x86_64-debian-clang, r-devel-linux-x86_64-debian-gcc, r-devel-linux-x86_64-fedora-clang, r-devel-linux-x86_64-fedora-gcc, r-devel-windows-ix86+x86_64

Version: 1.1
Check: R code for possible problems
Result: NOTE
    oneway.plots: warning in dotchart(x = Y, groups = fac1, col = COL[2],
     pch = 1, xlab = deparse(substitute(Y)), xlim = YL, gdata = tapply(Y,
     fac1, mean), gpch = 17): partial argument match of 'col' to 'color'
Flavors: r-devel-osx-x86_64-clang, r-patched-linux-x86_64, r-patched-solaris-sparc, r-patched-solaris-x86, r-release-linux-x86_64, r-release-osx-x86_64-mavericks, r-release-windows-ix86+x86_64, r-oldrel-windows-ix86+x86_64