CRAN Package Check Results for Package PASWR

Last updated on 2015-03-26 21:47:03.

Flavor Version Tinstall Tcheck Ttotal Status Flags
r-devel-linux-x86_64-debian-clang 1.1 1.77 25.33 27.10 NOTE
r-devel-linux-x86_64-debian-gcc 1.1 1.74 24.36 26.10 NOTE
r-devel-linux-x86_64-fedora-clang 1.1 53.54 NOTE
r-devel-linux-x86_64-fedora-gcc 1.1 49.07 NOTE
r-devel-osx-x86_64-clang 1.1 55.96 NOTE
r-prerel-windows-ix86+x86_64 1.1 9.00 42.00 51.00 NOTE
r-prerel-linux-x86_64 1.1 1.64 24.55 26.18 NOTE
r-prerel-solaris-sparc 1.1 320.20 NOTE
r-prerel-solaris-x86 1.1 65.70 NOTE
r-release-linux-x86_64 1.1 2.50 27.98 30.48 NOTE
r-release-osx-x86_64-mavericks 1.1 NOTE
r-release-osx-x86_64-snowleopard 1.1 NOTE
r-release-windows-ix86+x86_64 1.1 9.00 47.00 56.00 NOTE
r-oldrel-windows-ix86+x86_64 1.1 8.00 47.00 55.00 NOTE

Check Details

Version: 1.1
Check: dependencies in R code
Result: NOTE
    'library' or 'require' calls to packages already attached by Depends:
     ‘MASS’ ‘e1071’
     Please remove these calls from your code.
Flavors: r-devel-linux-x86_64-debian-clang, r-devel-linux-x86_64-debian-gcc, r-devel-linux-x86_64-fedora-clang, r-devel-linux-x86_64-fedora-gcc, r-devel-osx-x86_64-clang, r-prerel-windows-ix86+x86_64, r-prerel-linux-x86_64, r-prerel-solaris-sparc, r-prerel-solaris-x86, r-release-linux-x86_64, r-release-windows-ix86+x86_64

Version: 1.1
Check: R code for possible problems
Result: NOTE
    oneway.plots: warning in dotchart(x = Y, groups = fac1, col = COL[2],
     pch = 1, xlab = deparse(substitute(Y)), xlim = YL, gdata = tapply(Y,
     fac1, mean), gpch = 17): partial argument match of ‘col’ to ‘color’
Flavors: r-devel-linux-x86_64-debian-clang, r-devel-linux-x86_64-debian-gcc, r-devel-linux-x86_64-fedora-clang, r-devel-linux-x86_64-fedora-gcc, r-devel-osx-x86_64-clang, r-prerel-windows-ix86+x86_64, r-prerel-linux-x86_64, r-prerel-solaris-sparc, r-prerel-solaris-x86, r-release-linux-x86_64, r-release-osx-x86_64-mavericks, r-release-osx-x86_64-snowleopard, r-release-windows-ix86+x86_64, r-oldrel-windows-ix86+x86_64

Version: 1.1
Check: dependencies in R code
Result: NOTE
    'library' or 'require' calls to packages already attached by Depends:
     ‘MASS’ ‘e1071’
     Please remove these calls from your code.
    See the information on DESCRIPTION files in the chapter ‘Creating R
    packages’ of the ‘Writing R Extensions’ manual.
Flavors: r-release-osx-x86_64-mavericks, r-release-osx-x86_64-snowleopard, r-oldrel-windows-ix86+x86_64