CRAN Package Check Results for Package PASWR

Last updated on 2015-05-30 13:47:29.

Flavor Version Tinstall Tcheck Ttotal Status Flags
r-devel-linux-x86_64-debian-clang 1.1 1.68 24.63 26.31 NOTE
r-devel-linux-x86_64-debian-gcc 1.1 1.62 24.77 26.38 NOTE
r-devel-linux-x86_64-fedora-clang 1.1 55.87 NOTE
r-devel-linux-x86_64-fedora-gcc 1.1 48.71 NOTE
r-devel-osx-x86_64-clang 1.1 53.10 NOTE
r-devel-windows-ix86+x86_64 1.1 7.00 42.00 49.00 NOTE
r-patched-linux-x86_64 1.1 1.78 24.50 26.28 NOTE
r-patched-solaris-sparc 1.1 337.10 NOTE
r-patched-solaris-x86 1.1 66.80 NOTE
r-release-linux-x86_64 1.1 1.68 25.48 27.16 NOTE
r-release-osx-x86_64-mavericks 1.1 NOTE
r-release-osx-x86_64-snowleopard 1.1 NOTE
r-release-windows-ix86+x86_64 1.1 6.00 42.00 48.00 NOTE
r-oldrel-windows-ix86+x86_64 1.1 9.00 44.00 53.00 NOTE

Check Details

Version: 1.1
Check: dependencies in R code
Result: NOTE
    'library' or 'require' calls to packages already attached by Depends:
     ‘MASS’ ‘e1071’
     Please remove these calls from your code.
Flavors: r-devel-linux-x86_64-debian-clang, r-devel-linux-x86_64-debian-gcc, r-devel-linux-x86_64-fedora-clang, r-devel-linux-x86_64-fedora-gcc, r-devel-osx-x86_64-clang, r-devel-windows-ix86+x86_64, r-patched-linux-x86_64, r-patched-solaris-sparc, r-patched-solaris-x86, r-release-linux-x86_64, r-release-osx-x86_64-mavericks, r-release-osx-x86_64-snowleopard, r-release-windows-ix86+x86_64, r-oldrel-windows-ix86+x86_64

Version: 1.1
Check: R code for possible problems
Result: NOTE
    oneway.plots: warning in dotchart(x = Y, groups = fac1, col = COL[2],
     pch = 1, xlab = deparse(substitute(Y)), xlim = YL, gdata = tapply(Y,
     fac1, mean), gpch = 17): partial argument match of ‘col’ to ‘color’
Flavors: r-devel-linux-x86_64-debian-clang, r-devel-linux-x86_64-debian-gcc, r-devel-linux-x86_64-fedora-clang, r-devel-linux-x86_64-fedora-gcc, r-devel-osx-x86_64-clang, r-devel-windows-ix86+x86_64, r-patched-linux-x86_64, r-patched-solaris-sparc, r-patched-solaris-x86, r-release-linux-x86_64, r-release-osx-x86_64-mavericks, r-release-osx-x86_64-snowleopard, r-release-windows-ix86+x86_64, r-oldrel-windows-ix86+x86_64