CRAN Package Check Results for Package PATHChange

Last updated on 2019-05-23 14:49:15 CEST.

Flavor Version Tinstall Tcheck Ttotal Status Flags
r-devel-linux-x86_64-debian-clang 1.0 2.87 26.89 29.76 OK
r-devel-linux-x86_64-debian-gcc 1.0 2.39 21.04 23.43 OK
r-devel-linux-x86_64-fedora-clang 1.0 35.10 NOTE
r-devel-linux-x86_64-fedora-gcc 1.0 33.15 OK
r-devel-windows-ix86+x86_64 1.0 7.00 52.00 59.00 NOTE
r-patched-linux-x86_64 1.0 2.92 25.90 28.82 OK
r-patched-solaris-x86 1.0 55.40 NOTE
r-release-linux-x86_64 1.0 2.94 25.83 28.77 OK
r-release-windows-ix86+x86_64 1.0 10.00 39.00 49.00 NOTE
r-release-osx-x86_64 1.0 NOTE
r-oldrel-windows-ix86+x86_64 1.0 5.00 34.00 39.00 NOTE
r-oldrel-osx-x86_64 1.0 NOTE

Check Details

Version: 1.0
Check: installed package size
Result: NOTE
     installed size is 5.8Mb
     sub-directories of 1Mb or more:
     extdata 5.7Mb
Flavors: r-devel-linux-x86_64-fedora-clang, r-devel-windows-ix86+x86_64, r-patched-solaris-x86, r-release-windows-ix86+x86_64, r-release-osx-x86_64, r-oldrel-windows-ix86+x86_64, r-oldrel-osx-x86_64