CRAN Package Check Results for Package PAWL

Last updated on 2014-04-24 17:49:49.

Flavor Version Tinstall Tcheck Ttotal Status Flags
r-devel-linux-x86_64-debian-clang 0.5 2.84 37.02 39.86 NOTE
r-devel-linux-x86_64-debian-gcc 0.5 2.55 36.88 39.43 NOTE
r-devel-linux-x86_64-fedora-clang 0.5 81.11 NOTE
r-devel-linux-x86_64-fedora-gcc 0.5 76.71 NOTE
r-devel-osx-x86_64-clang 0.5 78.05 NOTE
r-devel-osx-x86_64-gcc 0.5 ERROR
r-devel-windows-ix86+x86_64 0.5 11.00 74.00 85.00 NOTE
r-patched-linux-x86_64 0.5 2.57 36.67 39.24 NOTE
r-patched-solaris-sparc 0.5 430.70 NOTE
r-patched-solaris-x86 0.5 100.40 NOTE
r-release-linux-ix86 0.5 5.00 68.00 73.00 NOTE
r-release-linux-x86_64 0.5 2.58 36.91 39.49 NOTE
r-release-osx-x86_64-mavericks 0.5 NOTE
r-release-osx-x86_64-snowleopard 0.5 NOTE
r-release-windows-ix86+x86_64 0.5 11.00 80.00 91.00 NOTE
r-oldrel-windows-ix86+x86_64 0.5 13.00 90.00 103.00 NOTE

Check Details

Version: 0.5
Check: dependencies in R code
Result: NOTE
    'library' or 'require' calls to packages already attached by Depends:
     ‘foreach’ ‘ggplot2’ ‘reshape’
     Please remove these calls from your code.
    Packages in Depends field not imported from:
     ‘foreach’ ‘ggplot2’ ‘methods’ ‘mvtnorm’ ‘reshape’
     These packages need to be imported from (in the NAMESPACE file)
     for when this namespace is loaded but not attached.
    See the information on DESCRIPTION files in the chapter ‘Creating R
    packages’ of the ‘Writing R Extensions’ manual.
Flavors: r-devel-linux-x86_64-debian-clang, r-devel-linux-x86_64-debian-gcc, r-devel-linux-x86_64-fedora-clang, r-devel-linux-x86_64-fedora-gcc, r-devel-osx-x86_64-clang, r-devel-windows-ix86+x86_64, r-patched-linux-x86_64, r-patched-solaris-sparc, r-patched-solaris-x86, r-release-linux-ix86, r-release-linux-x86_64, r-release-osx-x86_64-mavericks, r-release-windows-ix86+x86_64, r-oldrel-windows-ix86+x86_64

Version: 0.5
Check: Rd line widths
Result: NOTE
    Rd file 'createAdaptiveRandomWalkProposal.Rd':
     \usage lines wider than 90 characters:
     createAdaptiveRandomWalkProposal(nchains, targetdimension, adaptiveproposal, adaptationrate, sigma_init)
    
    These lines will be truncated in the PDF manual.
Flavors: r-devel-linux-x86_64-fedora-clang, r-devel-linux-x86_64-fedora-gcc

Version: 0.5
Check: package dependencies
Result: ERROR
    Package required but not available: ‘ggplot2’
    
    See the information on DESCRIPTION files in the chapter ‘Creating R
    packages’ of the ‘Writing R Extensions’ manual.
Flavor: r-devel-osx-x86_64-gcc

Version: 0.5
Check: dependencies in R code
Result: NOTE
    'library' or 'require' calls to packages already attached by Depends:
     'foreach' 'ggplot2' 'reshape'
     Please remove these calls from your code.
    See the information on DESCRIPTION files in the chapter 'Creating R
    packages' of the 'Writing R Extensions' manual.
Flavor: r-release-osx-x86_64-snowleopard