CRAN Package Check Results for Package PAWL

Last updated on 2015-07-29 21:46:57.

Flavor Version Tinstall Tcheck Ttotal Status Flags
r-devel-linux-x86_64-debian-clang 0.5 2.44 28.32 30.76 NOTE
r-devel-linux-x86_64-debian-gcc 0.5 1.85 27.94 29.80 NOTE
r-devel-linux-x86_64-fedora-clang 0.5 59.53 NOTE
r-devel-linux-x86_64-fedora-gcc 0.5 56.41 NOTE
r-devel-osx-x86_64-clang 0.5 54.07 NOTE
r-devel-windows-ix86+x86_64 0.5 11.00 68.00 79.00 NOTE
r-patched-linux-x86_64 0.5 1.92 27.81 29.73 NOTE
r-patched-solaris-sparc 0.5 366.70 NOTE
r-patched-solaris-x86 0.5 77.70 NOTE
r-release-linux-x86_64 0.5 1.90 27.70 29.60 NOTE
r-release-osx-x86_64-mavericks 0.5 NOTE
r-release-windows-ix86+x86_64 0.5 14.00 69.00 83.00 NOTE
r-oldrel-windows-ix86+x86_64 0.5 15.00 92.00 107.00 NOTE

Check Details

Version: 0.5
Check: dependencies in R code
Result: NOTE
    'library' or 'require' calls to packages already attached by Depends:
     ‘foreach’ ‘ggplot2’ ‘reshape’
     Please remove these calls from your code.
    Packages in Depends field not imported from:
     ‘foreach’ ‘ggplot2’ ‘methods’ ‘mvtnorm’ ‘reshape’
     These packages need to be imported from (in the NAMESPACE file)
     for when this namespace is loaded but not attached.
Flavors: r-devel-linux-x86_64-debian-clang, r-devel-linux-x86_64-debian-gcc, r-devel-linux-x86_64-fedora-clang, r-devel-linux-x86_64-fedora-gcc, r-devel-osx-x86_64-clang, r-devel-windows-ix86+x86_64, r-patched-linux-x86_64, r-patched-solaris-sparc, r-patched-solaris-x86, r-release-linux-x86_64, r-release-osx-x86_64-mavericks, r-release-windows-ix86+x86_64, r-oldrel-windows-ix86+x86_64

Version: 0.5
Check: R code for possible problems
Result: NOTE
    ConvertResults: no visible global function definition for ‘%do%’
    ConvertResults: no visible global function definition for ‘foreach’
    PlotAllVar: no visible global function definition for ‘melt’
    PlotAllVar: no visible global function definition for ‘ggplot’
    PlotAllVar: no visible global function definition for ‘aes’
    PlotAllVar: no visible global function definition for ‘geom_line’
    PlotAllVar: no visible global function definition for ‘facet_wrap’
    PlotAllVar: no visible global function definition for ‘theme’
    PlotAllVar: no visible global function definition for ‘element_text’
    PlotAllVar: no visible global function definition for ‘labs’
    PlotComp1vsComp2: no visible global function definition for ‘ggplot’
    PlotComp1vsComp2: no visible global function definition for
     ‘aes_string’
    PlotComp1vsComp2: no visible global function definition for
     ‘geom_point’
    PlotComp1vsComp2: no visible global function definition for ‘aes’
    PlotComp1vsComp2: no visible global function definition for ‘xlab’
    PlotComp1vsComp2: no visible global function definition for ‘ylab’
    PlotComp1vsComp2: no visible global function definition for ‘labs’
    PlotDensComp1vsComp2: no visible global function definition for
     ‘ggplot’
    PlotDensComp1vsComp2: no visible global function definition for
     ‘aes_string’
    PlotDensComp1vsComp2: no visible global function definition for
     ‘stat_bin2d’
    PlotDensComp1vsComp2: no visible global function definition for
     ‘geom_density2d’
    PlotDensComp1vsComp2: no visible global function definition for ‘theme’
    PlotFH: no visible global function definition for ‘ggplot’
    PlotFH: no visible global function definition for ‘aes’
    PlotFH: no visible global function definition for ‘geom_step’
    PlotFH: no visible global function definition for ‘xlab’
    PlotFH: no visible global function definition for ‘ylab’
    PlotFH: no visible global function definition for ‘theme’
    PlotHist: no visible global function definition for ‘hist’
    PlotHistBin: no visible global function definition for ‘hist’
    PlotHistBin: no visible global function definition for ‘abline’
    PlotLogTheta: no visible global function definition for ‘%do%’
    PlotLogTheta: no visible global function definition for ‘foreach’
    PlotLogTheta: no visible global function definition for ‘melt’
    PlotLogTheta: no visible global function definition for ‘ggplot’
    PlotLogTheta: no visible global function definition for ‘aes’
    PlotLogTheta: no visible global function definition for ‘geom_line’
    PlotLogTheta: no visible global function definition for ‘geom_vline’
    PlotLogTheta: no visible global function definition for ‘theme’
    PlotNbins: no visible global function definition for ‘ggplot’
    PlotNbins: no visible global function definition for ‘aes_string’
    PlotNbins: no visible global function definition for ‘geom_step’
    PlotNbins: no visible global function definition for ‘ylim’
    PlotNbins: no visible global function definition for ‘ylab’
    PlotNbins: no visible global function definition for ‘xlab’
    PlotNbins: no visible global function definition for ‘theme’
    adaptiveMH: no visible global function definition for ‘runif’
    binning.constructor: no visible global function definition for ‘new’
    createMixtureTarget : rmixture: no visible global function definition
     for ‘rmultinom’
    createMixtureTarget : rmixture: no visible global function definition
     for ‘rnorm’
    createMixtureTarget : rprior: no visible global function definition for
     ‘rgamma’
    createMixtureTarget : rprior: no visible global function definition for
     ‘rnorm’
    createTrimodalTarget : generate: no visible global function definition
     for ‘rmvnorm’
    fastdmvnorm: no visible global function definition for ‘mahalanobis’
    fastlogdmvnorm: no visible global function definition for ‘mahalanobis’
    fastrmvnorm: no visible global function definition for ‘rnorm’
    pawl: no visible global function definition for ‘runif’
    preexplorationAMH: no visible global function definition for ‘quantile’
    proposal.constructor: no visible global function definition for ‘new’
    smc: no visible global function definition for ‘cov’
    smc: no visible global function definition for ‘runif’
    smcparameters.constructor: no visible global function definition for
     ‘new’
    systematic_resampling: no visible global function definition for
     ‘runif’
    target.constructor: no visible global function definition for ‘new’
    tuningparameters.constructor: no visible global function definition for
     ‘new’
    show,smcparameters: no visible global function definition for ‘tail’
    Undefined global functions or variables:
     %do% abline aes aes_string cov element_text facet_wrap foreach
     geom_density2d geom_line geom_point geom_step geom_vline ggplot hist
     labs mahalanobis melt new quantile rgamma rmultinom rmvnorm rnorm
     runif stat_bin2d tail theme xlab ylab ylim
    Consider adding
     importFrom("graphics", "abline", "hist")
     importFrom("methods", "new")
     importFrom("stats", "cov", "mahalanobis", "quantile", "rgamma",
     "rmultinom", "rnorm", "runif")
     importFrom("utils", "tail")
    to your NAMESPACE.
Flavors: r-devel-linux-x86_64-debian-clang, r-devel-linux-x86_64-debian-gcc, r-devel-linux-x86_64-fedora-clang, r-devel-linux-x86_64-fedora-gcc, r-devel-windows-ix86+x86_64

Version: 0.5
Check: Rd line widths
Result: NOTE
    Rd file 'createAdaptiveRandomWalkProposal.Rd':
     \usage lines wider than 90 characters:
     createAdaptiveRandomWalkProposal(nchains, targetdimension, adaptiveproposal, adaptationrate, sigma_init)
    
    These lines will be truncated in the PDF manual.
Flavors: r-devel-linux-x86_64-debian-clang, r-devel-linux-x86_64-debian-gcc, r-devel-linux-x86_64-fedora-clang, r-devel-linux-x86_64-fedora-gcc, r-patched-linux-x86_64, r-release-linux-x86_64

Version: 0.5
Check: R code for possible problems
Result: NOTE
    ConvertResults: no visible global function definition for ‘%do%’
    ConvertResults: no visible global function definition for ‘foreach’
    PlotAllVar: no visible global function definition for ‘melt’
    PlotAllVar: no visible global function definition for ‘ggplot’
    PlotAllVar: no visible global function definition for ‘aes’
    PlotAllVar: no visible global function definition for ‘geom_line’
    PlotAllVar: no visible global function definition for ‘facet_wrap’
    PlotAllVar: no visible global function definition for ‘theme’
    PlotAllVar: no visible global function definition for ‘element_text’
    PlotAllVar: no visible global function definition for ‘labs’
    PlotComp1vsComp2: no visible global function definition for ‘ggplot’
    PlotComp1vsComp2: no visible global function definition for
     ‘aes_string’
    PlotComp1vsComp2: no visible global function definition for
     ‘geom_point’
    PlotComp1vsComp2: no visible global function definition for ‘aes’
    PlotComp1vsComp2: no visible global function definition for ‘xlab’
    PlotComp1vsComp2: no visible global function definition for ‘ylab’
    PlotComp1vsComp2: no visible global function definition for ‘labs’
    PlotDensComp1vsComp2: no visible global function definition for
     ‘ggplot’
    PlotDensComp1vsComp2: no visible global function definition for
     ‘aes_string’
    PlotDensComp1vsComp2: no visible global function definition for
     ‘stat_bin2d’
    PlotDensComp1vsComp2: no visible global function definition for
     ‘geom_density2d’
    PlotDensComp1vsComp2: no visible global function definition for ‘theme’
    PlotFH: no visible global function definition for ‘ggplot’
    PlotFH: no visible global function definition for ‘aes’
    PlotFH: no visible global function definition for ‘geom_step’
    PlotFH: no visible global function definition for ‘xlab’
    PlotFH: no visible global function definition for ‘ylab’
    PlotFH: no visible global function definition for ‘theme’
    PlotLogTheta: no visible global function definition for ‘%do%’
    PlotLogTheta: no visible global function definition for ‘foreach’
    PlotLogTheta: no visible global function definition for ‘melt’
    PlotLogTheta: no visible global function definition for ‘ggplot’
    PlotLogTheta: no visible global function definition for ‘aes’
    PlotLogTheta: no visible global function definition for ‘geom_line’
    PlotLogTheta: no visible global function definition for ‘geom_vline’
    PlotLogTheta: no visible global function definition for ‘theme’
    PlotNbins: no visible global function definition for ‘ggplot’
    PlotNbins: no visible global function definition for ‘aes_string’
    PlotNbins: no visible global function definition for ‘geom_step’
    PlotNbins: no visible global function definition for ‘ylim’
    PlotNbins: no visible global function definition for ‘ylab’
    PlotNbins: no visible global function definition for ‘xlab’
    PlotNbins: no visible global function definition for ‘theme’
    createTrimodalTarget : generate: no visible global function definition
     for ‘rmvnorm’
    Undefined global functions or variables:
     %do% aes aes_string element_text facet_wrap foreach geom_density2d
     geom_line geom_point geom_step geom_vline ggplot labs melt rmvnorm
     stat_bin2d theme xlab ylab ylim
Flavor: r-devel-osx-x86_64-clang

Version: 0.5
Check: R code for possible problems
Result: NOTE
    ConvertResults: no visible global function definition for ‘%do%’
    ConvertResults: no visible global function definition for ‘foreach’
    PlotAllVar: no visible global function definition for ‘melt’
    PlotAllVar: no visible global function definition for ‘ggplot’
    PlotAllVar: no visible global function definition for ‘aes’
    PlotAllVar: no visible global function definition for ‘geom_line’
    PlotAllVar: no visible global function definition for ‘facet_wrap’
    PlotAllVar: no visible global function definition for ‘theme’
    PlotAllVar: no visible global function definition for ‘element_text’
    PlotAllVar: no visible global function definition for ‘labs’
    PlotComp1vsComp2: no visible global function definition for ‘ggplot’
    PlotComp1vsComp2: no visible global function definition for
     ‘aes_string’
    PlotComp1vsComp2: no visible global function definition for
     ‘geom_point’
    PlotComp1vsComp2: no visible global function definition for ‘aes’
    PlotComp1vsComp2: no visible global function definition for ‘xlab’
    PlotComp1vsComp2: no visible global function definition for ‘ylab’
    PlotComp1vsComp2: no visible global function definition for ‘labs’
    PlotDensComp1vsComp2: no visible global function definition for
     ‘ggplot’
    PlotDensComp1vsComp2: no visible global function definition for
     ‘aes_string’
    PlotDensComp1vsComp2: no visible global function definition for
     ‘stat_bin2d’
    PlotDensComp1vsComp2: no visible global function definition for
     ‘geom_density2d’
    PlotDensComp1vsComp2: no visible global function definition for ‘theme’
    PlotFH: no visible global function definition for ‘ggplot’
    PlotFH: no visible global function definition for ‘aes’
    PlotFH: no visible global function definition for ‘geom_step’
    PlotFH: no visible global function definition for ‘xlab’
    PlotFH: no visible global function definition for ‘ylab’
    PlotFH: no visible global function definition for ‘theme’
    PlotLogTheta: no visible global function definition for ‘%do%’
    PlotLogTheta: no visible global function definition for ‘foreach’
    PlotLogTheta: no visible global function definition for ‘melt’
    PlotLogTheta: no visible global function definition for ‘ggplot’
    PlotLogTheta: no visible global function definition for ‘aes’
    PlotLogTheta: no visible global function definition for ‘geom_line’
    PlotLogTheta: no visible global function definition for ‘geom_vline’
    PlotLogTheta: no visible global function definition for ‘theme’
    PlotNbins: no visible global function definition for ‘ggplot’
    PlotNbins: no visible global function definition for ‘aes_string’
    PlotNbins: no visible global function definition for ‘geom_step’
    PlotNbins: no visible global function definition for ‘ylim’
    PlotNbins: no visible global function definition for ‘ylab’
    PlotNbins: no visible global function definition for ‘xlab’
    PlotNbins: no visible global function definition for ‘theme’
    createTrimodalTarget : generate: no visible global function definition
     for ‘rmvnorm’
Flavors: r-patched-linux-x86_64, r-patched-solaris-sparc, r-patched-solaris-x86, r-release-linux-x86_64, r-release-osx-x86_64-mavericks, r-release-windows-ix86+x86_64, r-oldrel-windows-ix86+x86_64