CRAN Package Check Results for Package PAWL

Last updated on 2014-07-24 21:48:47.

Flavor Version Tinstall Tcheck Ttotal Status Flags
r-devel-linux-x86_64-debian-clang 0.5 2.43 36.22 38.65 NOTE
r-devel-linux-x86_64-debian-gcc 0.5 2.42 34.20 36.62 NOTE
r-devel-linux-x86_64-fedora-clang 0.5 80.41 NOTE
r-devel-linux-x86_64-fedora-gcc 0.5 76.65 NOTE
r-devel-osx-x86_64-clang 0.5 68.31 NOTE
r-devel-windows-ix86+x86_64 0.5 12.00 75.00 87.00 NOTE
r-patched-linux-x86_64 0.5 2.52 35.10 37.62 NOTE
r-patched-solaris-sparc 0.5 430.70 NOTE
r-patched-solaris-x86 0.5 93.30 NOTE
r-release-linux-ix86 0.5 3.17 46.50 49.68 NOTE
r-release-linux-x86_64 0.5 3.15 35.09 38.24 NOTE
r-release-osx-x86_64-mavericks 0.5 NOTE
r-release-osx-x86_64-snowleopard 0.5 NOTE
r-release-windows-ix86+x86_64 0.5 13.00 83.00 96.00 NOTE
r-oldrel-windows-ix86+x86_64 0.5 12.00 84.00 96.00 NOTE

Check Details

Version: 0.5
Check: dependencies in R code
Result: NOTE
    'library' or 'require' calls to packages already attached by Depends:
     ‘foreach’ ‘ggplot2’ ‘reshape’
     Please remove these calls from your code.
    Packages in Depends field not imported from:
     ‘foreach’ ‘ggplot2’ ‘methods’ ‘mvtnorm’ ‘reshape’
     These packages need to be imported from (in the NAMESPACE file)
     for when this namespace is loaded but not attached.
    See the information on DESCRIPTION files in the chapter ‘Creating R
    packages’ of the ‘Writing R Extensions’ manual.
Flavors: r-devel-linux-x86_64-debian-clang, r-devel-linux-x86_64-debian-gcc, r-devel-linux-x86_64-fedora-clang, r-devel-linux-x86_64-fedora-gcc, r-devel-osx-x86_64-clang, r-devel-windows-ix86+x86_64, r-patched-linux-x86_64, r-patched-solaris-sparc, r-patched-solaris-x86, r-release-linux-ix86, r-release-linux-x86_64, r-release-osx-x86_64-mavericks, r-release-windows-ix86+x86_64, r-oldrel-windows-ix86+x86_64

Version: 0.5
Check: Rd line widths
Result: NOTE
    Rd file 'createAdaptiveRandomWalkProposal.Rd':
     \usage lines wider than 90 characters:
     createAdaptiveRandomWalkProposal(nchains, targetdimension, adaptiveproposal, adaptationrate, sigma_init)
    
    These lines will be truncated in the PDF manual.
Flavors: r-devel-linux-x86_64-fedora-clang, r-devel-linux-x86_64-fedora-gcc

Version: 0.5
Check: dependencies in R code
Result: NOTE
    'library' or 'require' calls to packages already attached by Depends:
     'foreach' 'ggplot2' 'reshape'
     Please remove these calls from your code.
    See the information on DESCRIPTION files in the chapter 'Creating R
    packages' of the 'Writing R Extensions' manual.
Flavor: r-release-osx-x86_64-snowleopard