CRAN Package Check Results for Package PBImisc

Last updated on 2015-01-26 03:52:31.

Flavor Version Tinstall Tcheck Ttotal Status Flags
r-devel-linux-x86_64-debian-clang 0.999 4.94 49.87 54.82 NOTE
r-devel-linux-x86_64-debian-gcc 0.999 4.97 49.13 54.10 NOTE
r-devel-linux-x86_64-fedora-clang 0.999 140.89 NOTE
r-devel-linux-x86_64-fedora-gcc 0.999 133.90 NOTE
r-devel-osx-x86_64-clang 0.999 116.50 NOTE
r-devel-windows-ix86+x86_64 0.999 17.00 64.00 81.00 NOTE
r-patched-linux-x86_64 0.999 5.19 56.94 62.13 NOTE
r-patched-solaris-sparc 0.999 790.10 NOTE
r-patched-solaris-x86 0.999 183.80 NOTE
r-release-linux-ix86 0.999 6.10 2.64 8.74 OK
r-release-linux-x86_64 0.999 5.28 56.83 62.11 NOTE
r-release-osx-x86_64-mavericks 0.999 NOTE
r-release-osx-x86_64-snowleopard 0.999 ERROR
r-release-windows-ix86+x86_64 0.999 13.00 85.00 98.00 NOTE
r-oldrel-windows-ix86+x86_64 0.999 14.00 78.00 92.00 NOTE

Check Details

Version: 0.999
Check: dependencies in R code
Result: NOTE
    Packages in Depends field not imported from:
     ‘MASS’ ‘Matrix’ ‘lme4’
     These packages need to be imported from (in the NAMESPACE file)
     for when this namespace is loaded but not attached.
Flavors: r-devel-linux-x86_64-debian-clang, r-devel-linux-x86_64-debian-gcc, r-devel-linux-x86_64-fedora-clang, r-devel-linux-x86_64-fedora-gcc, r-devel-osx-x86_64-clang, r-devel-windows-ix86+x86_64

Version: 0.999
Check: R code for possible problems
Result: NOTE
    groupDisp: no visible global function definition for ‘lmer’
    groupDisp : <anonymous>: no visible global function definition for
     ‘lmer’
    groupDisp : <anonymous>: no visible global function definition for
     ‘fixef’
    groupDisp : <anonymous>: no visible global function definition for
     ‘VarCorr’
    obsDisp: no visible global function definition for ‘lmer’
    obsDisp : <anonymous>: no visible global function definition for ‘lmer’
    obsDisp : <anonymous>: no visible global function definition for
     ‘fixef’
    obsDisp : <anonymous>: no visible global function definition for
     ‘VarCorr’
    recalculateLogLik: no visible global function definition for ‘VarCorr’
    recalculateLogLik: no visible global function definition for ‘getME’
    recalculateLogLik: no visible global function definition for ‘Matrix’
    recalculateLogLik: no visible global function definition for ‘Diagonal’
Flavors: r-devel-linux-x86_64-debian-clang, r-devel-linux-x86_64-debian-gcc, r-devel-linux-x86_64-fedora-clang, r-devel-linux-x86_64-fedora-gcc, r-devel-osx-x86_64-clang, r-devel-windows-ix86+x86_64, r-patched-linux-x86_64, r-patched-solaris-sparc, r-patched-solaris-x86, r-release-linux-x86_64, r-release-osx-x86_64-mavericks, r-release-windows-ix86+x86_64

Version: 0.999
Check: dependencies in R code
Result: NOTE
    Packages in Depends field not imported from:
     ‘MASS’ ‘Matrix’ ‘lme4’
     These packages need to be imported from (in the NAMESPACE file)
     for when this namespace is loaded but not attached.
    See the information on DESCRIPTION files in the chapter ‘Creating R
    packages’ of the ‘Writing R Extensions’ manual.
Flavors: r-patched-linux-x86_64, r-patched-solaris-sparc, r-patched-solaris-x86, r-release-linux-x86_64, r-release-osx-x86_64-mavericks, r-release-windows-ix86+x86_64, r-oldrel-windows-ix86+x86_64

Version: 0.999
Check: whether package can be installed
Result: ERROR
    Installation failed.
Flavor: r-release-osx-x86_64-snowleopard