CRAN Package Check Results for Package PBImisc

Last updated on 2014-08-02 01:50:05.

Flavor Version Tinstall Tcheck Ttotal Status Flags
r-devel-linux-x86_64-debian-clang 0.999 6.27 57.95 64.22 NOTE
r-devel-linux-x86_64-debian-gcc 0.999 6.01 57.17 63.18 NOTE
r-devel-linux-x86_64-fedora-clang 0.999 150.25 NOTE
r-devel-linux-x86_64-fedora-gcc 0.999 141.12 NOTE
r-devel-osx-x86_64-clang 0.999 115.75 NOTE
r-devel-windows-ix86+x86_64 0.999 13.00 84.00 97.00 NOTE
r-patched-linux-x86_64 0.999 5.24 57.82 63.06 NOTE
r-patched-solaris-sparc 0.999 788.00 NOTE
r-patched-solaris-x86 0.999 184.40 NOTE
r-release-linux-ix86 0.999 6.32 70.92 77.24 NOTE
r-release-linux-x86_64 0.999 5.36 57.97 63.33 NOTE
r-release-osx-x86_64-mavericks 0.999 NOTE
r-release-osx-x86_64-snowleopard 0.999 ERROR
r-release-windows-ix86+x86_64 0.999 20.00 117.00 137.00 NOTE
r-oldrel-windows-ix86+x86_64 0.999 19.00 111.00 130.00 NOTE

Check Details

Version: 0.999
Check: dependencies in R code
Result: NOTE
    Packages in Depends field not imported from:
     MASS Matrix lme4
     These packages need to be imported from (in the NAMESPACE file)
     for when this namespace is loaded but not attached.
    See the information on DESCRIPTION files in the chapter Creating R
    packages of the Writing R Extensions manual.
Flavors: r-devel-linux-x86_64-debian-clang, r-devel-linux-x86_64-debian-gcc, r-devel-linux-x86_64-fedora-clang, r-devel-linux-x86_64-fedora-gcc, r-devel-osx-x86_64-clang, r-devel-windows-ix86+x86_64, r-patched-linux-x86_64, r-patched-solaris-sparc, r-patched-solaris-x86, r-release-linux-ix86, r-release-linux-x86_64, r-release-osx-x86_64-mavericks, r-release-windows-ix86+x86_64, r-oldrel-windows-ix86+x86_64

Version: 0.999
Check: whether package can be installed
Result: ERROR
    Installation failed.
Flavor: r-release-osx-x86_64-snowleopard