CRAN Package Check Results for Package PBImisc

Last updated on 2015-04-25 22:46:54.

Flavor Version Tinstall Tcheck Ttotal Status Flags
r-devel-linux-x86_64-debian-clang 0.999 4.26 43.52 47.78 NOTE
r-devel-linux-x86_64-debian-gcc 0.999 3.61 42.16 45.77 NOTE
r-devel-linux-x86_64-fedora-clang 0.999 99.20 NOTE
r-devel-linux-x86_64-fedora-gcc 0.999 96.82 NOTE
r-devel-osx-x86_64-clang 0.999 85.69 NOTE
r-devel-windows-ix86+x86_64 0.999 10.00 71.00 81.00 NOTE
r-patched-linux-x86_64 0.999 3.66 41.95 45.62 NOTE
r-patched-solaris-sparc 0.999 592.50 NOTE
r-patched-solaris-x86 0.999 131.20 NOTE
r-release-linux-x86_64 0.999 3.67 41.78 45.46 NOTE
r-release-osx-x86_64-mavericks 0.999 NOTE
r-release-osx-x86_64-snowleopard 0.999 ERROR
r-release-windows-ix86+x86_64 0.999 10.00 70.00 80.00 NOTE
r-oldrel-windows-ix86+x86_64 0.999 16.00 74.00 90.00 NOTE

Check Details

Version: 0.999
Check: DESCRIPTION meta-information
Result: NOTE
    Malformed Description field: should contain one or more complete sentences.
Flavors: r-devel-windows-ix86+x86_64, r-release-windows-ix86+x86_64

Version: 0.999
Check: dependencies in R code
Result: NOTE
    Packages in Depends field not imported from:
     'MASS' 'Matrix' 'lme4'
     These packages need to be imported from (in the NAMESPACE file)
     for when this namespace is loaded but not attached.
Flavors: r-devel-windows-ix86+x86_64, r-release-windows-ix86+x86_64, r-oldrel-windows-ix86+x86_64

Version: 0.999
Check: R code for possible problems
Result: NOTE
    groupDisp: no visible global function definition for 'lmer'
    groupDisp : <anonymous>: no visible global function definition for
     'lmer'
    groupDisp : <anonymous>: no visible global function definition for
     'fixef'
    groupDisp : <anonymous>: no visible global function definition for
     'VarCorr'
    obsDisp: no visible global function definition for 'lmer'
    obsDisp : <anonymous>: no visible global function definition for 'lmer'
    obsDisp : <anonymous>: no visible global function definition for
     'fixef'
    obsDisp : <anonymous>: no visible global function definition for
     'VarCorr'
    recalculateLogLik: no visible global function definition for 'VarCorr'
    recalculateLogLik: no visible global function definition for 'getME'
    recalculateLogLik: no visible global function definition for 'Matrix'
    recalculateLogLik: no visible global function definition for 'Diagonal'
Flavors: r-devel-windows-ix86+x86_64, r-release-windows-ix86+x86_64, r-oldrel-windows-ix86+x86_64