CRAN Package Check Results for Package PBImisc

Last updated on 2014-07-23 08:49:52.

Flavor Version Tinstall Tcheck Ttotal Status Flags
r-devel-linux-x86_64-debian-clang 0.999 5.40 59.35 64.76 NOTE
r-devel-linux-x86_64-debian-gcc 0.999 5.13 56.30 61.44 NOTE
r-devel-linux-x86_64-fedora-clang 0.999 155.21 NOTE
r-devel-linux-x86_64-fedora-gcc 0.999 146.80 NOTE
r-devel-osx-x86_64-clang 0.999 117.02 NOTE
r-devel-windows-ix86+x86_64 0.999 12.00 83.00 95.00 NOTE
r-patched-linux-x86_64 0.999 5.28 58.10 63.38 NOTE
r-patched-solaris-sparc 0.999 804.50 NOTE
r-patched-solaris-x86 0.999 181.40 NOTE
r-release-linux-ix86 0.999 6.36 71.14 77.50 NOTE
r-release-linux-x86_64 0.999 5.22 58.01 63.22 NOTE
r-release-osx-x86_64-mavericks 0.999 NOTE
r-release-osx-x86_64-snowleopard 0.999 ERROR
r-release-windows-ix86+x86_64 0.999 12.00 81.00 93.00 NOTE
r-oldrel-windows-ix86+x86_64 0.999 13.00 82.00 95.00 NOTE

Check Details

Version: 0.999
Check: dependencies in R code
Result: NOTE
    Packages in Depends field not imported from:
     ‘MASS’ ‘Matrix’ ‘lme4’
     These packages need to be imported from (in the NAMESPACE file)
     for when this namespace is loaded but not attached.
    See the information on DESCRIPTION files in the chapter ‘Creating R
    packages’ of the ‘Writing R Extensions’ manual.
Flavors: r-devel-linux-x86_64-debian-clang, r-devel-linux-x86_64-debian-gcc, r-devel-linux-x86_64-fedora-clang, r-devel-linux-x86_64-fedora-gcc, r-devel-osx-x86_64-clang, r-devel-windows-ix86+x86_64, r-patched-linux-x86_64, r-patched-solaris-sparc, r-patched-solaris-x86, r-release-linux-ix86, r-release-linux-x86_64, r-release-osx-x86_64-mavericks, r-release-windows-ix86+x86_64, r-oldrel-windows-ix86+x86_64

Version: 0.999
Check: whether package can be installed
Result: ERROR
    Installation failed.
    See ‘/Volumes/XT3/Builds/R-dev-web/QA/Simon/packages/snowleopard-x86_64/results/3.1/PBImisc.Rcheck/00install.out’ for details.
Flavor: r-release-osx-x86_64-snowleopard