CRAN Package Check Results for Package PBImisc

Last updated on 2015-07-30 11:48:46.

Flavor Version Tinstall Tcheck Ttotal Status Flags
r-devel-linux-x86_64-debian-clang 0.999 3.80 46.29 50.09 NOTE
r-devel-linux-x86_64-debian-gcc 0.999 3.66 41.64 45.30 NOTE
r-devel-linux-x86_64-fedora-clang 0.999 96.47 NOTE
r-devel-linux-x86_64-fedora-gcc 0.999 93.06 NOTE
r-devel-osx-x86_64-clang 0.999 87.46 NOTE
r-devel-windows-ix86+x86_64 0.999 11.00 67.00 78.00 NOTE
r-patched-linux-x86_64 0.999 3.69 41.92 45.61 NOTE
r-patched-solaris-sparc 0.999 589.50 NOTE
r-patched-solaris-x86 0.999 133.00 NOTE
r-release-linux-x86_64 0.999 3.90 45.49 49.38 NOTE
r-release-osx-x86_64-mavericks 0.999 NOTE
r-release-windows-ix86+x86_64 0.999 13.00 70.00 83.00 NOTE
r-oldrel-windows-ix86+x86_64 0.999 15.00 91.00 106.00 NOTE

Check Details

Version: 0.999
Check: DESCRIPTION meta-information
Result: NOTE
    Malformed Description field: should contain one or more complete sentences.
Flavors: r-devel-linux-x86_64-debian-clang, r-devel-linux-x86_64-debian-gcc, r-devel-linux-x86_64-fedora-clang, r-devel-linux-x86_64-fedora-gcc, r-devel-osx-x86_64-clang, r-devel-windows-ix86+x86_64, r-patched-linux-x86_64, r-patched-solaris-sparc, r-patched-solaris-x86, r-release-linux-x86_64, r-release-osx-x86_64-mavericks, r-release-windows-ix86+x86_64

Version: 0.999
Check: dependencies in R code
Result: NOTE
    Packages in Depends field not imported from:
     ‘MASS’ ‘Matrix’ ‘lme4’
     These packages need to be imported from (in the NAMESPACE file)
     for when this namespace is loaded but not attached.
Flavors: r-devel-linux-x86_64-debian-clang, r-devel-linux-x86_64-debian-gcc, r-devel-linux-x86_64-fedora-clang, r-devel-linux-x86_64-fedora-gcc, r-devel-osx-x86_64-clang, r-devel-windows-ix86+x86_64, r-patched-linux-x86_64, r-patched-solaris-sparc, r-patched-solaris-x86, r-release-linux-x86_64, r-release-osx-x86_64-mavericks, r-release-windows-ix86+x86_64, r-oldrel-windows-ix86+x86_64

Version: 0.999
Check: R code for possible problems
Result: NOTE
    boxplotInTime: no visible global function definition for ‘rgb’
    boxplotInTime: no visible global function definition for ‘plot’
    boxplotInTime: no visible global function definition for ‘Axis’
    boxplotInTime: no visible global function definition for ‘segments’
    boxplotInTime: no visible global function definition for ‘boxplot’
    boxplotpp: no visible global function definition for ‘plot’
    boxplotpp: no visible global function definition for ‘Axis’
    boxplotpp: no visible global function definition for ‘segments’
    boxplotpp: no visible global function definition for ‘boxplot’
    boxplotpp: no visible global function definition for ‘points’
    groupDisp: no visible global function definition for ‘lmer’
    groupDisp : <anonymous>: no visible global function definition for
     ‘lmer’
    groupDisp : <anonymous>: no visible global function definition for
     ‘fixef’
    groupDisp : <anonymous>: no visible global function definition for
     ‘VarCorr’
    groupDisp: no visible global function definition for ‘logLik’
    histpp: no visible global function definition for ‘hist’
    histpp: no visible global function definition for ‘rug’
    obsDisp: no visible global function definition for ‘lmer’
    obsDisp : <anonymous>: no visible global function definition for ‘lmer’
    obsDisp : <anonymous>: no visible global function definition for
     ‘fixef’
    obsDisp : <anonymous>: no visible global function definition for
     ‘VarCorr’
    obsDisp: no visible global function definition for ‘logLik’
    plotPairwiseTests: no visible global function definition for ‘par’
    plotPairwiseTests: no visible global function definition for ‘plot’
    plotPairwiseTests: no visible global function definition for ‘axis’
    plotPairwiseTests: no visible global function definition for ‘abline’
    plotPairwiseTests: no visible global function definition for ‘na.omit’
    plotPairwiseTests: no visible global function definition for ‘lines’
    plotPairwiseTests: no visible global function definition for ‘points’
    recalculateLogLik: no visible global function definition for ‘VarCorr’
    recalculateLogLik: no visible global function definition for ‘getME’
    recalculateLogLik: no visible global function definition for ‘Matrix’
    recalculateLogLik: no visible global function definition for ‘Diagonal’
    Undefined global functions or variables:
     Axis Diagonal Matrix VarCorr abline axis boxplot fixef getME hist
     lines lmer logLik na.omit par plot points rgb rug segments
    Consider adding
     importFrom("grDevices", "rgb")
     importFrom("graphics", "Axis", "abline", "axis", "boxplot", "hist",
     "lines", "par", "plot", "points", "rug", "segments")
     importFrom("stats", "logLik", "na.omit")
    to your NAMESPACE.
Flavors: r-devel-linux-x86_64-debian-clang, r-devel-linux-x86_64-debian-gcc, r-devel-linux-x86_64-fedora-clang, r-devel-linux-x86_64-fedora-gcc, r-devel-windows-ix86+x86_64

Version: 0.999
Check: R code for possible problems
Result: NOTE
    groupDisp: no visible global function definition for ‘lmer’
    groupDisp : <anonymous>: no visible global function definition for
     ‘lmer’
    groupDisp : <anonymous>: no visible global function definition for
     ‘fixef’
    groupDisp : <anonymous>: no visible global function definition for
     ‘VarCorr’
    obsDisp: no visible global function definition for ‘lmer’
    obsDisp : <anonymous>: no visible global function definition for ‘lmer’
    obsDisp : <anonymous>: no visible global function definition for
     ‘fixef’
    obsDisp : <anonymous>: no visible global function definition for
     ‘VarCorr’
    recalculateLogLik: no visible global function definition for ‘VarCorr’
    recalculateLogLik: no visible global function definition for ‘getME’
    recalculateLogLik: no visible global function definition for ‘Matrix’
    recalculateLogLik: no visible global function definition for ‘Diagonal’
    Undefined global functions or variables:
     Diagonal Matrix VarCorr fixef getME lmer
Flavor: r-devel-osx-x86_64-clang

Version: 0.999
Check: R code for possible problems
Result: NOTE
    groupDisp: no visible global function definition for ‘lmer’
    groupDisp : <anonymous>: no visible global function definition for
     ‘lmer’
    groupDisp : <anonymous>: no visible global function definition for
     ‘fixef’
    groupDisp : <anonymous>: no visible global function definition for
     ‘VarCorr’
    obsDisp: no visible global function definition for ‘lmer’
    obsDisp : <anonymous>: no visible global function definition for ‘lmer’
    obsDisp : <anonymous>: no visible global function definition for
     ‘fixef’
    obsDisp : <anonymous>: no visible global function definition for
     ‘VarCorr’
    recalculateLogLik: no visible global function definition for ‘VarCorr’
    recalculateLogLik: no visible global function definition for ‘getME’
    recalculateLogLik: no visible global function definition for ‘Matrix’
    recalculateLogLik: no visible global function definition for ‘Diagonal’
Flavors: r-patched-linux-x86_64, r-patched-solaris-sparc, r-patched-solaris-x86, r-release-linux-x86_64, r-release-osx-x86_64-mavericks, r-release-windows-ix86+x86_64, r-oldrel-windows-ix86+x86_64