CRAN Package Check Results for Package PBImisc

Last updated on 2014-04-24 09:49:06.

Flavor Version Tinstall Tcheck Ttotal Status Flags
r-devel-linux-x86_64-debian-clang 0.999 5.60 61.54 67.13 NOTE
r-devel-linux-x86_64-debian-gcc 0.999 5.58 60.19 65.76 NOTE
r-devel-linux-x86_64-fedora-clang 0.999 151.64 NOTE
r-devel-linux-x86_64-fedora-gcc 0.999 146.13 NOTE
r-devel-osx-x86_64-clang 0.999 120.97 NOTE
r-devel-osx-x86_64-gcc 0.999 ERROR
r-devel-windows-ix86+x86_64 0.999 13.00 82.00 95.00 NOTE
r-patched-linux-x86_64 0.999 5.88 59.90 65.78 NOTE
r-patched-solaris-sparc 0.999 804.50 NOTE
r-patched-solaris-x86 0.999 187.40 NOTE
r-release-linux-ix86 0.999 9.00 95.00 104.00 NOTE
r-release-linux-x86_64 0.999 5.77 60.46 66.22 NOTE
r-release-osx-x86_64-mavericks 0.999 NOTE
r-release-osx-x86_64-snowleopard 0.999 ERROR
r-release-windows-ix86+x86_64 0.999 11.00 88.00 99.00 NOTE
r-oldrel-windows-ix86+x86_64 0.999 13.00 86.00 99.00 NOTE

Check Details

Version: 0.999
Check: dependencies in R code
Result: NOTE
    Packages in Depends field not imported from:
     ‘MASS’ ‘Matrix’ ‘lme4’
     These packages need to be imported from (in the NAMESPACE file)
     for when this namespace is loaded but not attached.
    See the information on DESCRIPTION files in the chapter ‘Creating R
    packages’ of the ‘Writing R Extensions’ manual.
Flavors: r-devel-linux-x86_64-debian-clang, r-devel-linux-x86_64-debian-gcc, r-devel-linux-x86_64-fedora-clang, r-devel-linux-x86_64-fedora-gcc, r-devel-osx-x86_64-clang, r-devel-osx-x86_64-gcc, r-devel-windows-ix86+x86_64, r-patched-linux-x86_64, r-patched-solaris-sparc, r-patched-solaris-x86, r-release-linux-ix86, r-release-linux-x86_64, r-release-osx-x86_64-mavericks, r-release-windows-ix86+x86_64, r-oldrel-windows-ix86+x86_64

Version: 0.999
Check: package dependencies
Result: NOTE
    Package suggested but not available for checking: ‘ggplot2’
Flavor: r-devel-osx-x86_64-gcc

Version: 0.999
Check: examples
Result: ERROR
    Running examples in ‘PBImisc-Ex.R’ failed
    The error most likely occurred in:
    
    > ### Name: flu
    > ### Title: Numbers of flu occurences in the 10 years period in the Poland.
    > ### Aliases: flu
    > ### Keywords: flu
    >
    > ### ** Examples
    >
    > data(flu)
    > library(ggplot2)
    Error in library(ggplot2) : there is no package called ‘ggplot2’
    Execution halted
Flavor: r-devel-osx-x86_64-gcc

Version: 0.999
Check: whether package can be installed
Result: ERROR
    Installation failed.
    See ‘/Volumes/XT3/Builds/R-dev-web/QA/Simon/packages/snowleopard-x86_64/results/3.1/PBImisc.Rcheck/00install.out’ for details.
Flavor: r-release-osx-x86_64-snowleopard