CRAN Package Check Results for Package PBImisc

Last updated on 2014-10-23 03:48:53.

Flavor Version Tinstall Tcheck Ttotal Status Flags
r-devel-linux-x86_64-debian-clang 0.999 5.25 54.00 59.26 NOTE
r-devel-linux-x86_64-debian-gcc 0.999 5.02 53.58 58.59 NOTE
r-devel-linux-x86_64-fedora-clang 0.999 141.07 NOTE
r-devel-linux-x86_64-fedora-gcc 0.999 132.41 NOTE
r-devel-osx-x86_64-clang 0.999 117.43 NOTE
r-devel-windows-ix86+x86_64 0.999 13.00 74.00 87.00 NOTE
r-patched-linux-x86_64 0.999 5.10 57.89 62.99 NOTE
r-patched-solaris-sparc 0.999 742.50 NOTE
r-patched-solaris-x86 0.999 178.80 NOTE
r-release-linux-ix86 0.999 6.40 71.89 78.30 NOTE
r-release-linux-x86_64 0.999 5.30 59.38 64.68 NOTE
r-release-osx-x86_64-mavericks 0.999 NOTE
r-release-osx-x86_64-snowleopard 0.999 ERROR
r-release-windows-ix86+x86_64 0.999 15.00 87.00 102.00 NOTE
r-oldrel-windows-ix86+x86_64 0.999 13.00 80.00 93.00 NOTE

Check Details

Version: 0.999
Check: dependencies in R code
Result: NOTE
    Packages in Depends field not imported from:
     ‘MASS’ ‘Matrix’ ‘lme4’
     These packages need to be imported from (in the NAMESPACE file)
     for when this namespace is loaded but not attached.
    See the information on DESCRIPTION files in the chapter ‘Creating R
    packages’ of the ‘Writing R Extensions’ manual.
Flavors: r-devel-linux-x86_64-debian-clang, r-devel-linux-x86_64-debian-gcc, r-devel-linux-x86_64-fedora-clang, r-devel-linux-x86_64-fedora-gcc, r-devel-osx-x86_64-clang, r-devel-windows-ix86+x86_64, r-patched-linux-x86_64, r-patched-solaris-sparc, r-patched-solaris-x86, r-release-linux-ix86, r-release-linux-x86_64, r-release-osx-x86_64-mavericks, r-release-windows-ix86+x86_64, r-oldrel-windows-ix86+x86_64

Version: 0.999
Check: R code for possible problems
Result: NOTE
    groupDisp: no visible global function definition for ‘lmer’
    groupDisp : <anonymous>: no visible global function definition for
     ‘lmer’
    groupDisp : <anonymous>: no visible global function definition for
     ‘fixef’
    groupDisp : <anonymous>: no visible global function definition for
     ‘VarCorr’
    obsDisp: no visible global function definition for ‘lmer’
    obsDisp : <anonymous>: no visible global function definition for ‘lmer’
    obsDisp : <anonymous>: no visible global function definition for
     ‘fixef’
    obsDisp : <anonymous>: no visible global function definition for
     ‘VarCorr’
    recalculateLogLik: no visible global function definition for ‘VarCorr’
    recalculateLogLik: no visible global function definition for ‘getME’
    recalculateLogLik: no visible global function definition for ‘Matrix’
    recalculateLogLik: no visible global function definition for ‘Diagonal’
Flavors: r-devel-linux-x86_64-debian-clang, r-devel-linux-x86_64-debian-gcc, r-devel-linux-x86_64-fedora-clang, r-devel-linux-x86_64-fedora-gcc, r-devel-osx-x86_64-clang, r-devel-windows-ix86+x86_64, r-patched-linux-x86_64, r-patched-solaris-sparc, r-patched-solaris-x86

Version: 0.999
Check: whether package can be installed
Result: ERROR
    Installation failed.
Flavor: r-release-osx-x86_64-snowleopard