CRAN Package Check Results for Package PBSadmb

Last updated on 2017-05-29 16:48:33.

Flavor Version Tinstall Tcheck Ttotal Status Flags
r-devel-linux-x86_64-debian-clang 0.68.104 2.36 46.20 48.56 NOTE
r-devel-linux-x86_64-debian-gcc 0.68.104 1.82 43.83 45.65 NOTE
r-devel-linux-x86_64-fedora-clang 0.68.104 87.40 NOTE
r-devel-linux-x86_64-fedora-gcc 0.68.104 84.34 NOTE
r-devel-windows-ix86+x86_64 0.68.104 7.00 76.00 83.00 NOTE
r-patched-linux-x86_64 0.68.104 2.05 43.81 45.87 NOTE
r-patched-solaris-sparc 0.68.104 327.30 NOTE
r-patched-solaris-x86 0.68.104 76.30 NOTE
r-release-linux-x86_64 0.68.104 2.02 47.71 49.73 NOTE
r-release-windows-ix86+x86_64 0.68.104 11.00 52.00 63.00 NOTE
r-release-osx-x86_64 0.68.104 NOTE
r-oldrel-windows-ix86+x86_64 0.68.104 5.00 51.00 56.00 NOTE
r-oldrel-osx-x86_64 0.68.104 WARN

Check Details

Version: 0.68.104
Check: DESCRIPTION meta-information
Result: NOTE
    Malformed Description field: should contain one or more complete sentences.
Flavors: r-devel-linux-x86_64-debian-clang, r-devel-linux-x86_64-debian-gcc, r-devel-linux-x86_64-fedora-clang, r-devel-linux-x86_64-fedora-gcc, r-devel-windows-ix86+x86_64, r-patched-linux-x86_64, r-patched-solaris-sparc, r-patched-solaris-x86, r-release-linux-x86_64, r-release-windows-ix86+x86_64, r-release-osx-x86_64, r-oldrel-windows-ix86+x86_64, r-oldrel-osx-x86_64

Version: 0.68.104
Check: R code for possible problems
Result: NOTE
    .win.appendLog: no visible binding for global variable ‘lines’
    plotMC : panel: no visible global function definition for ‘points’
    plotMC: no visible global function definition for ‘pairs’
    plotMC: no visible global function definition for ‘mtext’
    plotMC: no visible global function definition for ‘axis’
    plotMC: no visible global function definition for ‘par’
    readADpaths: no visible global function definition for ‘read.table’
    readRep: no visible global function definition for ‘read.table’
    saveADpaths: no visible global function definition for ‘write.table’
    Undefined global functions or variables:
     axis lines mtext pairs par points read.table write.table
    Consider adding
     importFrom("graphics", "axis", "lines", "mtext", "pairs", "par",
     "points")
     importFrom("utils", "read.table", "write.table")
    to your NAMESPACE file.
Flavors: r-devel-linux-x86_64-debian-clang, r-devel-linux-x86_64-debian-gcc, r-devel-linux-x86_64-fedora-clang, r-devel-linux-x86_64-fedora-gcc, r-devel-windows-ix86+x86_64, r-patched-linux-x86_64, r-patched-solaris-sparc, r-patched-solaris-x86, r-release-linux-x86_64, r-release-windows-ix86+x86_64, r-release-osx-x86_64, r-oldrel-windows-ix86+x86_64

Version: 0.68.104
Check: dependencies in R code
Result: NOTE
    Invalid MIT-MAGIC-COOKIE-1 keyInvalid MIT-MAGIC-COOKIE-1 keyInvalid MIT-MAGIC-COOKIE-1 keyInvalid MIT-MAGIC-COOKIE-1 keyInvalid MIT-MAGIC-COOKIE-1 key
Flavor: r-oldrel-osx-x86_64

Version: 0.68.104
Check: S3 generic/method consistency
Result: WARN
    Invalid MIT-MAGIC-COOKIE-1 keyInvalid MIT-MAGIC-COOKIE-1 keyInvalid MIT-MAGIC-COOKIE-1 keyInvalid MIT-MAGIC-COOKIE-1 keyInvalid MIT-MAGIC-COOKIE-1 key
    See section ‘Generic functions and methods’ in the ‘Writing R
    Extensions’ manual.
Flavor: r-oldrel-osx-x86_64

Version: 0.68.104
Check: replacement functions
Result: WARN
    Invalid MIT-MAGIC-COOKIE-1 keyInvalid MIT-MAGIC-COOKIE-1 keyInvalid MIT-MAGIC-COOKIE-1 keyInvalid MIT-MAGIC-COOKIE-1 keyInvalid MIT-MAGIC-COOKIE-1 key
    The argument of a replacement function which corresponds to the right
    hand side must be named ‘value’.
Flavor: r-oldrel-osx-x86_64

Version: 0.68.104
Check: foreign function calls
Result: NOTE
    Invalid MIT-MAGIC-COOKIE-1 keyInvalid MIT-MAGIC-COOKIE-1 keyInvalid MIT-MAGIC-COOKIE-1 keyInvalid MIT-MAGIC-COOKIE-1 keyInvalid MIT-MAGIC-COOKIE-1 key
    See chapter ‘System and foreign language interfaces’ in the ‘Writing R
    Extensions’ manual.
Flavor: r-oldrel-osx-x86_64

Version: 0.68.104
Check: R code for possible problems
Result: NOTE
    Invalid MIT-MAGIC-COOKIE-1 key.win.appendLog: no visible binding for global variable ‘lines’
    plotMC : panel: no visible global function definition for ‘points’
    plotMC: no visible global function definition for ‘pairs’
    plotMC: no visible global function definition for ‘mtext’
    plotMC: no visible global function definition for ‘axis’
    plotMC: no visible global function definition for ‘par’
    readADpaths: no visible global function definition for ‘read.table’
    readRep: no visible global function definition for ‘read.table’
    saveADpaths: no visible global function definition for ‘write.table’
    Undefined global functions or variables:
     axis lines mtext pairs par points read.table write.table
    Consider adding
     importFrom("graphics", "axis", "lines", "mtext", "pairs", "par",
     "points")
     importFrom("utils", "read.table", "write.table")
    to your NAMESPACE file.
Flavor: r-oldrel-osx-x86_64

Version: 0.68.104
Check: for missing documentation entries
Result: WARN
    Invalid MIT-MAGIC-COOKIE-1 keyInvalid MIT-MAGIC-COOKIE-1 keyInvalid MIT-MAGIC-COOKIE-1 keyInvalid MIT-MAGIC-COOKIE-1 keyInvalid MIT-MAGIC-COOKIE-1 key
    All user-level objects in a package should have documentation entries.
    See chapter ‘Writing R documentation files’ in the ‘Writing R
    Extensions’ manual.
Flavor: r-oldrel-osx-x86_64

Version: 0.68.104
Check: for code/documentation mismatches
Result: WARN
    Invalid MIT-MAGIC-COOKIE-1 keyInvalid MIT-MAGIC-COOKIE-1 keyInvalid MIT-MAGIC-COOKIE-1 keyInvalid MIT-MAGIC-COOKIE-1 keyInvalid MIT-MAGIC-COOKIE-1 key
    Invalid MIT-MAGIC-COOKIE-1 keyInvalid MIT-MAGIC-COOKIE-1 keyInvalid MIT-MAGIC-COOKIE-1 keyInvalid MIT-MAGIC-COOKIE-1 keyInvalid MIT-MAGIC-COOKIE-1 key
    Invalid MIT-MAGIC-COOKIE-1 keyInvalid MIT-MAGIC-COOKIE-1 keyInvalid MIT-MAGIC-COOKIE-1 keyInvalid MIT-MAGIC-COOKIE-1 keyInvalid MIT-MAGIC-COOKIE-1 key
Flavor: r-oldrel-osx-x86_64

Version: 0.68.104
Check: Rd \usage sections
Result: NOTE
    Invalid MIT-MAGIC-COOKIE-1 keyInvalid MIT-MAGIC-COOKIE-1 keyInvalid MIT-MAGIC-COOKIE-1 keyInvalid MIT-MAGIC-COOKIE-1 keyInvalid MIT-MAGIC-COOKIE-1 key
    The \usage entries for S3 methods should use the \method markup and not
    their full name.
    See chapter ‘Writing R documentation files’ in the ‘Writing R
    Extensions’ manual.
Flavor: r-oldrel-osx-x86_64