CRAN Package Check Results for Package PBSadmb

Last updated on 2015-02-28 05:48:08.

Flavor Version Tinstall Tcheck Ttotal Status Flags
r-devel-linux-x86_64-debian-clang 0.68.104 1.63 42.27 43.90 NOTE
r-devel-linux-x86_64-debian-gcc 0.68.104 1.60 41.30 42.90 NOTE
r-devel-linux-x86_64-fedora-clang 0.68.104 89.89 NOTE
r-devel-linux-x86_64-fedora-gcc 0.68.104 85.52 NOTE
r-devel-osx-x86_64-clang 0.68.104 52.86 NOTE
r-devel-windows-ix86+x86_64 0.68.104 11.00 35.00 46.00 NOTE
r-patched-linux-x86_64 0.68.104 1.97 45.62 47.59 OK
r-patched-solaris-sparc 0.68.104 277.90 OK
r-patched-solaris-x86 OK
r-release-linux-ix86 0.68.104 2.68 56.32 59.00 OK
r-release-linux-x86_64 0.68.104 1.95 44.52 46.46 OK
r-release-osx-x86_64-mavericks 0.68.104 OK
r-release-osx-x86_64-snowleopard 0.68.104 OK
r-release-windows-ix86+x86_64 0.68.104 7.00 43.00 50.00 OK
r-oldrel-windows-ix86+x86_64 0.68.104 8.00 61.00 69.00 OK

Check Details

Version: 0.68.104
Check: DESCRIPTION meta-information
Result: NOTE
    Malformed Description field: should contain one or more complete sentences.
Flavors: r-devel-linux-x86_64-debian-clang, r-devel-linux-x86_64-debian-gcc, r-devel-linux-x86_64-fedora-clang, r-devel-linux-x86_64-fedora-gcc, r-devel-osx-x86_64-clang, r-devel-windows-ix86+x86_64