CRAN Package Check Results for Package PBSadmb

Last updated on 2015-08-31 12:47:52.

Flavor Version Tinstall Tcheck Ttotal Status Flags
r-devel-linux-x86_64-debian-clang 0.68.104 1.64 40.84 42.48 NOTE
r-devel-linux-x86_64-debian-gcc 0.68.104 1.68 40.74 42.42 NOTE
r-devel-linux-x86_64-fedora-clang 0.68.104 87.59 NOTE
r-devel-linux-x86_64-fedora-gcc 0.68.104 86.92 NOTE
r-devel-osx-x86_64-clang 0.68.104 45.84 NOTE
r-devel-windows-ix86+x86_64 0.68.104 11.00 42.00 53.00 NOTE
r-patched-linux-x86_64 0.68.104 1.58 42.18 43.76 NOTE
r-patched-solaris-sparc 0.68.104 313.10 NOTE
r-patched-solaris-x86 0.68.104 69.40 NOTE
r-release-linux-x86_64 0.68.104 1.67 41.82 43.48 NOTE
r-release-osx-x86_64-mavericks 0.68.104 NOTE
r-release-windows-ix86+x86_64 0.68.104 9.00 40.00 49.00 NOTE
r-oldrel-windows-ix86+x86_64 0.68.104 11.00 43.00 54.00 OK

Check Details

Version: 0.68.104
Check: DESCRIPTION meta-information
Result: NOTE
    Malformed Description field: should contain one or more complete sentences.
Flavors: r-devel-linux-x86_64-debian-clang, r-devel-linux-x86_64-debian-gcc, r-devel-linux-x86_64-fedora-clang, r-devel-linux-x86_64-fedora-gcc, r-devel-osx-x86_64-clang, r-devel-windows-ix86+x86_64, r-patched-linux-x86_64, r-patched-solaris-sparc, r-patched-solaris-x86, r-release-linux-x86_64, r-release-osx-x86_64-mavericks, r-release-windows-ix86+x86_64

Version: 0.68.104
Check: R code for possible problems
Result: NOTE
    .win.appendLog: no visible binding for global variable ‘lines’
    plotMC : panel: no visible global function definition for ‘points’
    plotMC: no visible global function definition for ‘pairs’
    plotMC: no visible global function definition for ‘mtext’
    plotMC: no visible global function definition for ‘axis’
    plotMC: no visible global function definition for ‘par’
    readADpaths: no visible global function definition for ‘read.table’
    readRep: no visible global function definition for ‘read.table’
    saveADpaths: no visible global function definition for ‘write.table’
    Undefined global functions or variables:
     axis lines mtext pairs par points read.table write.table
    Consider adding
     importFrom("graphics", "axis", "lines", "mtext", "pairs", "par",
     "points")
     importFrom("utils", "read.table", "write.table")
    to your NAMESPACE.
Flavors: r-devel-linux-x86_64-debian-clang, r-devel-linux-x86_64-debian-gcc, r-devel-linux-x86_64-fedora-clang, r-devel-linux-x86_64-fedora-gcc, r-devel-windows-ix86+x86_64