CRAN Package Check Results for Package PBSadmb

Last updated on 2015-04-18 17:50:55.

Flavor Version Tinstall Tcheck Ttotal Status Flags
r-devel-linux-x86_64-debian-clang 0.68.104 1.70 41.79 43.49 NOTE
r-devel-linux-x86_64-debian-gcc 0.68.104 1.60 41.36 42.95 NOTE
r-devel-linux-x86_64-fedora-clang 0.68.104 92.27 NOTE
r-devel-linux-x86_64-fedora-gcc 0.68.104 90.29 NOTE
r-devel-osx-x86_64-clang 0.68.104 51.44 NOTE
r-patched-linux-x86_64 0.68.104 1.54 42.18 43.72 NOTE
r-patched-solaris-sparc 0.68.104 330.10 NOTE
r-patched-solaris-x86 0.68.104 68.10 NOTE
r-release-linux-x86_64 0.68.104 1.58 41.88 43.46 NOTE
r-release-osx-x86_64-mavericks 0.68.104 NOTE
r-release-osx-x86_64-snowleopard 0.68.104 ERROR
r-release-windows-ix86+x86_64 0.68.104 5.00 42.00 47.00 NOTE
r-oldrel-windows-ix86+x86_64 0.68.104 6.00 49.00 55.00 OK

Check Details

Version: 0.68.104
Check: DESCRIPTION meta-information
Result: NOTE
    Malformed Description field: should contain one or more complete sentences.
Flavors: r-devel-linux-x86_64-debian-clang, r-devel-linux-x86_64-debian-gcc, r-devel-linux-x86_64-fedora-clang, r-devel-linux-x86_64-fedora-gcc, r-devel-osx-x86_64-clang, r-patched-linux-x86_64, r-patched-solaris-sparc, r-patched-solaris-x86, r-release-linux-x86_64, r-release-osx-x86_64-mavericks, r-release-windows-ix86+x86_64

Version: 0.68.104
Check: package dependencies
Result: ERROR
    Package required but not available: ‘PBSmodelling’
    
    See section ‘The DESCRIPTION file’ in the ‘Writing R Extensions’
    manual.
Flavor: r-release-osx-x86_64-snowleopard