CRAN Package Check Results for Package PBSadmb

Last updated on 2016-05-03 09:48:58.

Flavor Version Tinstall Tcheck Ttotal Status Flags
r-devel-linux-x86_64-debian-gcc 0.68.104 1.65 39.64 41.29 NOTE
r-devel-linux-x86_64-fedora-clang 0.68.104 84.92 NOTE
r-devel-linux-x86_64-fedora-gcc 0.68.104 82.60 NOTE
r-devel-osx-x86_64-clang 0.68.104 49.30 NOTE
r-devel-windows-ix86+x86_64 0.68.104 7.00 51.00 58.00 NOTE
r-patched-linux-x86_64 0.68.104 1.80 39.25 41.05 NOTE
r-patched-solaris-sparc 0.68.104 NOTE
r-patched-solaris-x86 0.68.104 63.40 NOTE
r-release-linux-x86_64 0.68.104 2.09 40.92 43.01 NOTE
r-release-osx-x86_64-mavericks 0.68.104 NOTE
r-release-windows-ix86+x86_64 0.68.104 8.00 59.00 67.00 NOTE
r-oldrel-windows-ix86+x86_64 0.68.104 11.00 55.00 66.00 OK

Check Details

Version: 0.68.104
Check: DESCRIPTION meta-information
Result: NOTE
    Malformed Description field: should contain one or more complete sentences.
Flavors: r-devel-linux-x86_64-debian-gcc, r-devel-linux-x86_64-fedora-clang, r-devel-linux-x86_64-fedora-gcc, r-devel-osx-x86_64-clang, r-devel-windows-ix86+x86_64, r-patched-linux-x86_64, r-patched-solaris-sparc, r-patched-solaris-x86, r-release-linux-x86_64, r-release-osx-x86_64-mavericks, r-release-windows-ix86+x86_64

Version: 0.68.104
Check: R code for possible problems
Result: NOTE
    .win.appendLog: no visible binding for global variable ‘lines’
    plotMC : panel: no visible global function definition for ‘points’
    plotMC: no visible global function definition for ‘pairs’
    plotMC: no visible global function definition for ‘mtext’
    plotMC: no visible global function definition for ‘axis’
    plotMC: no visible global function definition for ‘par’
    readADpaths: no visible global function definition for ‘read.table’
    readRep: no visible global function definition for ‘read.table’
    saveADpaths: no visible global function definition for ‘write.table’
    Undefined global functions or variables:
     axis lines mtext pairs par points read.table write.table
    Consider adding
     importFrom("graphics", "axis", "lines", "mtext", "pairs", "par",
     "points")
     importFrom("utils", "read.table", "write.table")
    to your NAMESPACE file.
Flavors: r-devel-linux-x86_64-debian-gcc, r-devel-linux-x86_64-fedora-clang, r-devel-linux-x86_64-fedora-gcc, r-devel-osx-x86_64-clang, r-devel-windows-ix86+x86_64, r-patched-linux-x86_64, r-patched-solaris-sparc, r-patched-solaris-x86