CRAN Package Check Results for Package PBSadmb

Last updated on 2015-05-28 05:46:57.

Flavor Version Tinstall Tcheck Ttotal Status Flags
r-devel-linux-x86_64-debian-clang 0.68.104 1.68 41.79 43.47 NOTE
r-devel-linux-x86_64-debian-gcc 0.68.104 1.57 42.45 44.02 NOTE
r-devel-linux-x86_64-fedora-clang 0.68.104 90.41 NOTE
r-devel-linux-x86_64-fedora-gcc 0.68.104 90.01 NOTE
r-devel-osx-x86_64-clang 0.68.104 51.01 NOTE
r-devel-windows-ix86+x86_64 0.68.104 8.00 36.00 44.00 NOTE
r-patched-linux-x86_64 0.68.104 1.60 42.22 43.82 NOTE
r-patched-solaris-sparc 0.68.104 317.00 NOTE
r-patched-solaris-x86 0.68.104 69.40 NOTE
r-release-linux-x86_64 0.68.104 1.66 42.59 44.24 NOTE
r-release-osx-x86_64-mavericks 0.68.104 NOTE
r-release-osx-x86_64-snowleopard 0.68.104 ERROR
r-release-windows-ix86+x86_64 0.68.104 6.00 36.00 42.00 NOTE
r-oldrel-windows-ix86+x86_64 0.68.104 7.00 65.00 72.00 OK

Check Details

Version: 0.68.104
Check: DESCRIPTION meta-information
Result: NOTE
    Malformed Description field: should contain one or more complete sentences.
Flavors: r-devel-linux-x86_64-debian-clang, r-devel-linux-x86_64-debian-gcc, r-devel-linux-x86_64-fedora-clang, r-devel-linux-x86_64-fedora-gcc, r-devel-osx-x86_64-clang, r-devel-windows-ix86+x86_64, r-patched-linux-x86_64, r-patched-solaris-sparc, r-patched-solaris-x86, r-release-linux-x86_64, r-release-osx-x86_64-mavericks, r-release-windows-ix86+x86_64

Version: 0.68.104
Check: package dependencies
Result: ERROR
    Package required but not available: ‘PBSmodelling’
    
    See section ‘The DESCRIPTION file’ in the ‘Writing R Extensions’
    manual.
Flavor: r-release-osx-x86_64-snowleopard