CRAN Package Check Results for Package PBSadmb

Last updated on 2014-04-24 03:47:50.

Flavor Version Tinstall Tcheck Ttotal Status Flags
r-devel-linux-x86_64-debian-clang 0.68.104 1.56 22.27 23.84 OK
r-devel-linux-x86_64-debian-gcc 0.68.104 1.53 21.32 22.85 OK
r-devel-linux-x86_64-fedora-clang 0.68.104 95.26 OK
r-devel-linux-x86_64-fedora-gcc 0.68.104 92.79 OK
r-devel-osx-x86_64-clang 0.68.104 50.53 OK
r-devel-osx-x86_64-gcc 0.68.104 ERROR
r-devel-windows-ix86+x86_64 0.68.104 5.00 32.00 37.00 OK
r-patched-linux-x86_64 0.68.104 1.52 21.14 22.66 OK
r-patched-solaris-sparc 0.68.104 247.90 OK
r-patched-solaris-x86 0.68.104 119.10 OK
r-release-linux-ix86 0.68.104 3.00 44.00 47.00 OK
r-release-linux-x86_64 0.68.104 1.63 21.23 22.86 OK
r-release-osx-x86_64-mavericks 0.68.104 OK
r-release-osx-x86_64-snowleopard 0.68.104 OK
r-release-windows-ix86+x86_64 0.68.104 6.00 33.00 39.00 OK
r-oldrel-windows-ix86+x86_64 0.68.104 6.00 34.00 40.00 OK

Check Details

Version: 0.68.104
Check: package dependencies
Result: ERROR
    Package required but not available: ‘PBSmodelling’
    
    See the information on DESCRIPTION files in the chapter ‘Creating R
    packages’ of the ‘Writing R Extensions’ manual.
Flavor: r-devel-osx-x86_64-gcc