CRAN Package Check Results for Package PBSddesolve

Last updated on 2017-09-24 11:48:19.

Flavor Version Tinstall Tcheck Ttotal Status Flags
r-devel-linux-x86_64-debian-clang 1.12.2 1.98 14.57 16.55 NOTE
r-devel-linux-x86_64-debian-gcc 1.12.2 1.85 14.58 16.43 NOTE
r-devel-linux-x86_64-fedora-clang 1.12.2 28.50 NOTE
r-devel-linux-x86_64-fedora-gcc 1.12.2 27.11 NOTE
r-devel-windows-ix86+x86_64 1.12.2 12.00 35.00 47.00 OK
r-patched-linux-x86_64 1.12.2 1.82 14.65 16.47 NOTE
r-patched-solaris-x86 1.12.2 36.60 OK
r-release-linux-x86_64 1.12.2 1.86 14.69 16.55 NOTE
r-release-windows-ix86+x86_64 1.12.2 8.00 39.00 47.00 OK
r-release-osx-x86_64 1.12.2 OK
r-oldrel-windows-ix86+x86_64 1.12.2 9.00 40.00 49.00 OK
r-oldrel-osx-x86_64 1.12.2 OK

Additional issues

rchk

Check Details

Version: 1.12.2
Check: compiled code
Result: NOTE
    File ‘PBSddesolve/libs/PBSddesolve.so’:
     Found no calls to: ‘R_registerRoutines’, ‘R_useDynamicSymbols’
    
    It is good practice to register native routines and to disable symbol
    search.
    
    See ‘Writing portable packages’ in the ‘Writing R Extensions’ manual.
Flavors: r-devel-linux-x86_64-debian-clang, r-devel-linux-x86_64-debian-gcc, r-devel-linux-x86_64-fedora-clang, r-devel-linux-x86_64-fedora-gcc, r-patched-linux-x86_64, r-release-linux-x86_64