CRAN Package Check Results for Package PBSddesolve

Last updated on 2015-05-22 09:47:41.

Flavor Version Tinstall Tcheck Ttotal Status Flags
r-devel-linux-x86_64-debian-clang 1.11.29 1.31 13.05 14.36 OK
r-devel-linux-x86_64-debian-gcc 1.11.29 1.75 12.91 14.66 OK
r-devel-linux-x86_64-fedora-clang 1.11.29 29.36 OK
r-devel-linux-x86_64-fedora-gcc 1.11.29 27.59 OK
r-devel-osx-x86_64-clang 1.11.29 28.91 OK
r-devel-windows-ix86+x86_64 1.11.29 14.00 25.00 39.00 OK
r-patched-linux-x86_64 1.11.29 1.58 12.83 14.41 OK
r-patched-solaris-sparc 1.11.29 156.30 OK
r-patched-solaris-x86 1.11.29 34.10 OK
r-release-linux-x86_64 1.11.29 1.51 13.68 15.19 OK
r-release-osx-x86_64-mavericks 1.11.29 OK
r-release-osx-x86_64-snowleopard 1.11.29 NOTE
r-release-windows-ix86+x86_64 1.11.29 9.00 23.00 32.00 OK
r-oldrel-windows-ix86+x86_64 1.11.29 9.00 41.00 50.00 OK

Check Details

Version: 1.11.29
Check: package dependencies
Result: NOTE
    Package suggested but not available for checking: ‘PBSmodelling’
Flavor: r-release-osx-x86_64-snowleopard