CRAN Package Check Results for Package PBSddesolve

Last updated on 2017-11-20 00:54:29.

Flavor Version Tinstall Tcheck Ttotal Status Flags
r-devel-linux-x86_64-debian-clang 1.12.2 1.63 14.11 15.74 NOTE
r-devel-linux-x86_64-debian-gcc 1.12.2 1.94 36.68 38.62 NOTE
r-devel-linux-x86_64-fedora-clang 1.12.2 27.50 NOTE
r-devel-linux-x86_64-fedora-gcc 1.12.2 27.28 NOTE
r-devel-windows-ix86+x86_64 1.12.2 15.00 38.00 53.00 OK
r-patched-linux-x86_64 1.12.2 1.93 14.57 16.50 NOTE
r-patched-solaris-x86 1.12.2 35.90 OK
r-release-linux-x86_64 1.12.2 1.87 14.16 16.03 NOTE
r-release-windows-ix86+x86_64 1.12.2 8.00 53.00 61.00 OK
r-release-osx-x86_64 1.12.2 OK
r-oldrel-windows-ix86+x86_64 1.12.2 12.00 45.00 57.00 OK
r-oldrel-osx-x86_64 1.12.2 OK

Additional issues

rchk

Check Details

Version: 1.12.2
Check: compiled code
Result: NOTE
    File ‘PBSddesolve/libs/PBSddesolve.so’:
     Found no calls to: ‘R_registerRoutines’, ‘R_useDynamicSymbols’
    
    It is good practice to register native routines and to disable symbol
    search.
    
    See ‘Writing portable packages’ in the ‘Writing R Extensions’ manual.
Flavors: r-devel-linux-x86_64-debian-clang, r-devel-linux-x86_64-debian-gcc, r-devel-linux-x86_64-fedora-clang, r-devel-linux-x86_64-fedora-gcc, r-patched-linux-x86_64, r-release-linux-x86_64