CRAN Package Check Results for Package PBSddesolve

Last updated on 2017-05-30 02:46:46.

Flavor Version Tinstall Tcheck Ttotal Status Flags
r-devel-linux-x86_64-debian-clang 1.12.2 1.86 15.33 17.19 NOTE
r-devel-linux-x86_64-debian-gcc 1.12.2 1.81 14.17 15.98 NOTE
r-devel-linux-x86_64-fedora-clang 1.12.2 28.25 NOTE
r-devel-linux-x86_64-fedora-gcc 1.12.2 26.58 NOTE
r-devel-windows-ix86+x86_64 1.12.2 9.00 51.00 60.00 OK
r-patched-linux-x86_64 1.12.2 1.80 14.56 16.35 NOTE
r-patched-solaris-sparc 1.12.2 148.30 OK
r-patched-solaris-x86 1.12.2 35.40 OK
r-release-linux-x86_64 1.12.2 1.89 15.42 17.31 NOTE
r-release-windows-ix86+x86_64 1.12.2 15.00 39.00 54.00 OK
r-release-osx-x86_64 1.12.2 OK
r-oldrel-windows-ix86+x86_64 1.12.2 8.00 39.00 47.00 OK
r-oldrel-osx-x86_64 1.12.2 OK

Additional issues

rchk

Check Details

Version: 1.12.2
Check: compiled code
Result: NOTE
    File ‘PBSddesolve/libs/PBSddesolve.so’:
     Found no calls to: ‘R_registerRoutines’, ‘R_useDynamicSymbols’
    
    It is good practice to register native routines and to disable symbol
    search.
    
    See ‘Writing portable packages’ in the ‘Writing R Extensions’ manual.
Flavors: r-devel-linux-x86_64-debian-clang, r-devel-linux-x86_64-debian-gcc, r-devel-linux-x86_64-fedora-clang, r-devel-linux-x86_64-fedora-gcc, r-patched-linux-x86_64, r-release-linux-x86_64