CRAN Package Check Results for Package PBSddesolve

Last updated on 2017-03-22 23:53:28.

Flavor Version Tinstall Tcheck Ttotal Status Flags
r-devel-linux-x86_64-debian-clang 1.12.2 1.82 15.21 17.03 NOTE
r-devel-linux-x86_64-debian-gcc 1.12.2 1.78 14.58 16.36 NOTE
r-devel-linux-x86_64-fedora-clang 1.12.2 27.51 NOTE --no-stop-on-test-error
r-devel-linux-x86_64-fedora-gcc 1.12.2 26.87 NOTE --no-stop-on-test-error
r-devel-macos-x86_64-clang 1.12.2 21.56 NOTE --no-stop-on-test-error
r-devel-windows-ix86+x86_64 1.12.2 9.00 35.00 44.00 OK
r-patched-linux-x86_64 1.12.2 1.56 12.40 13.96 OK
r-patched-solaris-sparc 1.12.2 148.30 OK
r-patched-solaris-x86 1.12.2 35.50 OK
r-release-linux-x86_64 1.12.2 1.62 12.33 13.95 OK
r-release-osx-x86_64-mavericks 1.12.2 OK
r-release-windows-ix86+x86_64 1.12.2 21.00 38.00 59.00 OK
r-oldrel-windows-ix86+x86_64 1.12.2 13.00 44.00 57.00 OK

Check Details

Version: 1.12.2
Check: compiled code
Result: NOTE
    File ‘PBSddesolve/libs/PBSddesolve.so’:
     Found no calls to: ‘R_registerRoutines’, ‘R_useDynamicSymbols’
    
    It is good practice to register native routines and to disable symbol
    search.
    
    See ‘Writing portable packages’ in the ‘Writing R Extensions’ manual.
Flavors: r-devel-linux-x86_64-debian-clang, r-devel-linux-x86_64-debian-gcc

Version: 1.12.2
Flags: --no-stop-on-test-error
Check: compiled code
Result: NOTE
    File ‘PBSddesolve/libs/PBSddesolve.so’:
     Found no calls to: ‘R_registerRoutines’, ‘R_useDynamicSymbols’
    
    It is good practice to register native routines and to disable symbol
    search.
    
    See ‘Writing portable packages’ in the ‘Writing R Extensions’ manual.
Flavors: r-devel-linux-x86_64-fedora-clang, r-devel-linux-x86_64-fedora-gcc, r-devel-macos-x86_64-clang