CRAN Package Check Results for Package PBSddesolve

Last updated on 2017-07-23 04:48:36.

Flavor Version Tinstall Tcheck Ttotal Status Flags
r-devel-linux-x86_64-debian-clang 1.12.2 1.98 25.76 27.73 NOTE
r-devel-linux-x86_64-debian-gcc 1.12.2 1.81 25.38 27.19 NOTE
r-devel-linux-x86_64-fedora-clang 1.12.2 27.31 NOTE
r-devel-linux-x86_64-fedora-gcc 1.12.2 29.18 NOTE
r-devel-windows-ix86+x86_64 1.12.2 16.00 38.00 54.00 OK
r-patched-linux-x86_64 1.12.2 1.99 24.89 26.88 NOTE
r-patched-solaris-x86 1.12.2 35.90 OK
r-release-linux-x86_64 1.12.2 1.94 25.67 27.61 NOTE
r-release-windows-ix86+x86_64 1.12.2 10.00 50.00 60.00 OK
r-release-osx-x86_64 1.12.2 OK
r-oldrel-windows-ix86+x86_64 1.12.2 9.00 49.00 58.00 OK
r-oldrel-osx-x86_64 1.12.2 OK

Additional issues

rchk

Check Details

Version: 1.12.2
Check: compiled code
Result: NOTE
    File ‘PBSddesolve/libs/PBSddesolve.so’:
     Found no calls to: ‘R_registerRoutines’, ‘R_useDynamicSymbols’
    
    It is good practice to register native routines and to disable symbol
    search.
    
    See ‘Writing portable packages’ in the ‘Writing R Extensions’ manual.
Flavors: r-devel-linux-x86_64-debian-clang, r-devel-linux-x86_64-debian-gcc, r-devel-linux-x86_64-fedora-clang, r-devel-linux-x86_64-fedora-gcc, r-patched-linux-x86_64, r-release-linux-x86_64