CRAN Package Check Results for Package PBSddesolve

Last updated on 2017-04-24 20:47:30.

Flavor Version Tinstall Tcheck Ttotal Status Flags
r-devel-linux-x86_64-debian-clang 1.12.2 1.85 14.62 16.47 NOTE
r-devel-linux-x86_64-debian-gcc 1.12.2 1.80 14.87 16.67 NOTE
r-devel-linux-x86_64-fedora-clang 1.12.2 27.90 NOTE --no-stop-on-test-error
r-devel-linux-x86_64-fedora-gcc 1.12.2 27.20 NOTE --no-stop-on-test-error
r-devel-windows-ix86+x86_64 1.12.2 OK
r-patched-linux-x86_64 1.12.2 1.77 14.51 16.27 NOTE
r-patched-solaris-sparc 1.12.2 148.30 OK
r-patched-solaris-x86 1.12.2 35.00 OK
r-release-linux-x86_64 1.12.2 1.79 14.24 16.03 NOTE
r-release-windows-ix86+x86_64 1.12.2 11.00 34.00 45.00 OK
r-release-osx-x86_64 1.12.2 OK
r-oldrel-windows-ix86+x86_64 1.12.2 9.00 35.00 44.00 OK
r-oldrel-osx-x86_64 1.12.2 OK

Check Details

Version: 1.12.2
Check: compiled code
Result: NOTE
    File ‘PBSddesolve/libs/PBSddesolve.so’:
     Found no calls to: ‘R_registerRoutines’, ‘R_useDynamicSymbols’
    
    It is good practice to register native routines and to disable symbol
    search.
    
    See ‘Writing portable packages’ in the ‘Writing R Extensions’ manual.
Flavors: r-devel-linux-x86_64-debian-clang, r-devel-linux-x86_64-debian-gcc, r-patched-linux-x86_64, r-release-linux-x86_64

Version: 1.12.2
Flags: --no-stop-on-test-error
Check: compiled code
Result: NOTE
    File ‘PBSddesolve/libs/PBSddesolve.so’:
     Found no calls to: ‘R_registerRoutines’, ‘R_useDynamicSymbols’
    
    It is good practice to register native routines and to disable symbol
    search.
    
    See ‘Writing portable packages’ in the ‘Writing R Extensions’ manual.
Flavors: r-devel-linux-x86_64-fedora-clang, r-devel-linux-x86_64-fedora-gcc