CRAN Package Check Results for Package PBSddesolve

Last updated on 2017-02-25 23:47:56.

Flavor Version Tinstall Tcheck Ttotal Status Flags
r-devel-linux-x86_64-debian-clang 1.12.2 1.73 15.13 16.86 NOTE
r-devel-linux-x86_64-debian-gcc 1.12.2 1.87 14.85 16.71 NOTE
r-devel-linux-x86_64-fedora-clang 1.12.2 27.00 NOTE --no-stop-on-test-error
r-devel-linux-x86_64-fedora-gcc 1.12.2 25.92 NOTE --no-stop-on-test-error
r-devel-macos-x86_64-clang 1.12.2 22.91 NOTE --no-stop-on-test-error
r-devel-windows-ix86+x86_64 1.12.2 14.00 60.00 74.00 OK
r-patched-linux-x86_64 1.12.2 1.69 12.43 14.12 OK
r-patched-solaris-sparc 1.12.2 131.60 OK
r-patched-solaris-x86 1.12.2 30.70 OK
r-release-linux-x86_64 1.12.2 1.59 12.18 13.77 OK
r-release-osx-x86_64-mavericks 1.12.2 OK
r-release-windows-ix86+x86_64 1.12.2 12.00 40.00 52.00 OK
r-oldrel-windows-ix86+x86_64 1.12.2 13.00 51.00 64.00 OK

Check Details

Version: 1.12.2
Check: compiled code
Result: NOTE
    File ‘PBSddesolve/libs/PBSddesolve.so’:
     Found no calls to: ‘R_registerRoutines’, ‘R_useDynamicSymbols’
    
    It is good practice to register native routines and to disable symbol
    search.
    
    See ‘Writing portable packages’ in the ‘Writing R Extensions’ manual.
Flavors: r-devel-linux-x86_64-debian-clang, r-devel-linux-x86_64-debian-gcc

Version: 1.12.2
Flags: --no-stop-on-test-error
Check: compiled code
Result: NOTE
    File ‘PBSddesolve/libs/PBSddesolve.so’:
     Found no calls to: ‘R_registerRoutines’, ‘R_useDynamicSymbols’
    
    It is good practice to register native routines and to disable symbol
    search.
    
    See ‘Writing portable packages’ in the ‘Writing R Extensions’ manual.
Flavors: r-devel-linux-x86_64-fedora-clang, r-devel-linux-x86_64-fedora-gcc, r-devel-macos-x86_64-clang