CRAN Package Check Results for Package PBSddesolve

Last updated on 2018-04-20 10:04:50 CEST.

Flavor Version Tinstall Tcheck Ttotal Status Flags
r-devel-linux-x86_64-debian-clang 1.12.2 2.06 20.11 22.17 NOTE
r-devel-linux-x86_64-debian-gcc 1.12.2 1.95 17.75 19.70 NOTE
r-devel-linux-x86_64-fedora-clang 1.12.2 30.47 NOTE
r-devel-linux-x86_64-fedora-gcc 1.12.2 28.65 NOTE
r-devel-windows-ix86+x86_64 1.12.2 14.00 56.00 70.00 OK
r-devel-osx-x86_64 1.12.2 OK
r-patched-linux-x86_64 1.12.2 2.23 21.96 24.19 NOTE
r-patched-solaris-x86 1.12.2 42.60 OK
r-release-linux-x86_64 1.12.2 2.62 20.98 23.60 NOTE
r-release-windows-ix86+x86_64 1.12.2 11.00 48.00 59.00 OK
r-release-osx-x86_64 1.12.2 OK
r-oldrel-windows-ix86+x86_64 1.12.2 11.00 36.00 47.00 OK

Additional issues

rchk

Check Details

Version: 1.12.2
Check: compiled code
Result: NOTE
    File ‘PBSddesolve/libs/PBSddesolve.so’:
     Found no calls to: ‘R_registerRoutines’, ‘R_useDynamicSymbols’
    
    It is good practice to register native routines and to disable symbol
    search.
    
    See ‘Writing portable packages’ in the ‘Writing R Extensions’ manual.
Flavors: r-devel-linux-x86_64-debian-clang, r-devel-linux-x86_64-debian-gcc, r-devel-linux-x86_64-fedora-clang, r-devel-linux-x86_64-fedora-gcc, r-patched-linux-x86_64, r-release-linux-x86_64