CRAN Package Check Results for Package PBSddesolve

Last updated on 2018-01-20 05:49:17 CET.

Flavor Version Tinstall Tcheck Ttotal Status Flags
r-devel-linux-x86_64-debian-clang 1.12.2 2.25 22.37 24.62 NOTE
r-devel-linux-x86_64-debian-gcc 1.12.2 1.98 17.74 19.72 NOTE
r-devel-linux-x86_64-fedora-clang 1.12.2 30.56 NOTE
r-devel-linux-x86_64-fedora-gcc 1.12.2 28.92 NOTE
r-devel-windows-ix86+x86_64 1.12.2 13.00 57.00 70.00 OK
r-patched-linux-x86_64 1.12.2 2.38 20.74 23.12 NOTE
r-patched-solaris-x86 1.12.2 39.70 OK
r-release-linux-x86_64 1.12.2 2.34 20.45 22.79 NOTE
r-release-windows-ix86+x86_64 1.12.2 15.00 45.00 60.00 OK
r-release-osx-x86_64 1.12.2 OK
r-oldrel-windows-ix86+x86_64 1.12.2 10.00 47.00 57.00 OK
r-oldrel-osx-x86_64 1.12.2 OK

Additional issues

rchk

Check Details

Version: 1.12.2
Check: compiled code
Result: NOTE
    File ‘PBSddesolve/libs/PBSddesolve.so’:
     Found no calls to: ‘R_registerRoutines’, ‘R_useDynamicSymbols’
    
    It is good practice to register native routines and to disable symbol
    search.
    
    See ‘Writing portable packages’ in the ‘Writing R Extensions’ manual.
Flavors: r-devel-linux-x86_64-debian-clang, r-devel-linux-x86_64-debian-gcc, r-devel-linux-x86_64-fedora-clang, r-devel-linux-x86_64-fedora-gcc, r-patched-linux-x86_64, r-release-linux-x86_64