CRAN Package Check Results for Package PBSmapping

Last updated on 2015-03-02 19:52:22.

Flavor Version Tinstall Tcheck Ttotal Status Flags
r-devel-linux-x86_64-debian-clang 2.68.68 5.74 43.30 49.04 NOTE
r-devel-linux-x86_64-debian-gcc 2.68.68 8.58 44.78 53.36 NOTE
r-devel-linux-x86_64-fedora-clang 2.68.68 94.83 NOTE
r-devel-linux-x86_64-fedora-gcc 2.68.68 92.06 NOTE
r-devel-osx-x86_64-clang 2.68.68 78.76 NOTE
r-devel-windows-ix86+x86_64 2.68.68 45.00 97.00 142.00 NOTE
r-patched-linux-x86_64 2.68.68 8.74 45.72 54.46 NOTE
r-patched-solaris-sparc 2.68.68 499.00 NOTE
r-patched-solaris-x86 2.68.68 110.90 NOTE
r-release-linux-ix86 2.68.68 11.38 58.70 70.08 NOTE
r-release-linux-x86_64 2.68.68 8.34 44.10 52.45 NOTE
r-release-osx-x86_64-mavericks 2.68.68 NOTE
r-release-osx-x86_64-snowleopard 2.68.68 ERROR
r-release-windows-ix86+x86_64 2.68.68 42.00 105.00 147.00 NOTE
r-oldrel-windows-ix86+x86_64 2.68.68 29.00 84.00 113.00 NOTE

Memtest notes: UBSAN-clang-trunk UBSAN-gcc UBSAN

Check Details

Version: 2.68.68
Check: installed package size
Result: NOTE
     installed size is 6.5Mb
     sub-directories of 1Mb or more:
     data 2.7Mb
     doc 1.5Mb
     libs 1.1Mb
Flavors: r-devel-linux-x86_64-debian-clang, r-devel-linux-x86_64-debian-gcc, r-devel-linux-x86_64-fedora-clang, r-devel-linux-x86_64-fedora-gcc, r-devel-osx-x86_64-clang, r-devel-windows-ix86+x86_64, r-patched-linux-x86_64, r-patched-solaris-sparc, r-patched-solaris-x86, r-release-linux-ix86, r-release-linux-x86_64, r-release-osx-x86_64-mavericks, r-release-windows-ix86+x86_64, r-oldrel-windows-ix86+x86_64

Version: 2.68.68
Check: S3 generic/method consistency
Result: NOTE
    Found the following apparent S3 methods exported but not registered:
     print.EventData print.LocationSet print.PolyData print.PolySet
     print.summary.PBS summary.EventData summary.LocationSet
     summary.PolyData summary.PolySet
    See section ‘Registering S3 methods’ in the ‘Writing R Extensions’
    manual.
Flavors: r-devel-linux-x86_64-debian-clang, r-devel-linux-x86_64-debian-gcc, r-devel-linux-x86_64-fedora-clang, r-devel-linux-x86_64-fedora-gcc, r-devel-osx-x86_64-clang

Version: 2.68.68
Check: whether package can be installed
Result: ERROR
    Installation failed.
Flavor: r-release-osx-x86_64-snowleopard