CRAN Package Check Results for Package PBSmapping

Last updated on 2014-11-23 16:46:36.

Flavor Version Tinstall Tcheck Ttotal Status Flags
r-devel-linux-x86_64-debian-clang 2.67.60 5.52 43.22 48.74 WARN
r-devel-linux-x86_64-debian-gcc 2.67.60 7.93 40.84 48.77 NOTE
r-devel-linux-x86_64-fedora-clang 2.67.60 96.31 WARN
r-devel-linux-x86_64-fedora-gcc 2.67.60 87.13 NOTE
r-devel-osx-x86_64-clang 2.67.60 74.51 WARN
r-devel-windows-ix86+x86_64 2.67.60 31.00 72.00 103.00 NOTE
r-patched-linux-x86_64 2.67.60 7.64 42.42 50.06 NOTE
r-patched-solaris-sparc 2.67.60 472.00 NOTE
r-patched-solaris-x86 2.67.60 103.60 NOTE
r-release-linux-ix86 2.67.60 10.25 45.92 56.18 NOTE
r-release-linux-x86_64 2.67.60 7.60 42.54 50.14 NOTE
r-release-osx-x86_64-mavericks 2.67.60 NOTE
r-release-osx-x86_64-snowleopard 2.67.60 NOTE
r-release-windows-ix86+x86_64 2.67.60 30.00 75.00 105.00 NOTE
r-oldrel-windows-ix86+x86_64 2.67.60 27.00 81.00 108.00 NOTE

Check Details

Version: 2.67.60
Check: whether package can be installed
Result: WARN
    Found the following significant warnings:
     clipper.cpp:53:31: warning: 'long long' is a C++11 extension [-Wc++11-long-long]
     clipper.cpp:274:29: warning: 'long long' is a C++11 extension [-Wc++11-long-long]
     clipper.cpp:279:26: warning: 'long long' is a C++11 extension [-Wc++11-long-long]
     clipper.cpp:292:33: warning: 'long long' is a C++11 extension [-Wc++11-long-long]
     clipper.cpp:297:30: warning: 'long long' is a C++11 extension [-Wc++11-long-long]
     clipperWrapper.cpp:390:22: warning: 'long long' is a C++11 extension [-Wc++11-long-long]
Flavors: r-devel-linux-x86_64-debian-clang, r-devel-linux-x86_64-fedora-clang, r-devel-osx-x86_64-clang

Version: 2.67.60
Check: installed package size
Result: NOTE
     installed size is 6.5Mb
     sub-directories of 1Mb or more:
     data 2.7Mb
     doc 1.5Mb
     libs 1.1Mb
Flavors: r-devel-linux-x86_64-debian-clang, r-devel-linux-x86_64-debian-gcc, r-devel-linux-x86_64-fedora-clang, r-devel-linux-x86_64-fedora-gcc, r-devel-osx-x86_64-clang, r-devel-windows-ix86+x86_64, r-patched-linux-x86_64, r-patched-solaris-sparc, r-patched-solaris-x86, r-release-linux-ix86, r-release-linux-x86_64, r-release-osx-x86_64-mavericks, r-release-osx-x86_64-snowleopard, r-release-windows-ix86+x86_64, r-oldrel-windows-ix86+x86_64

Version: 2.67.60
Check: R code for possible problems
Result: NOTE
    calcVoronoi: no visible global function definition for ‘deldir’
    importShapefile: no visible global function definition for ‘read.dbf’
Flavors: r-devel-linux-x86_64-debian-clang, r-devel-linux-x86_64-debian-gcc, r-devel-linux-x86_64-fedora-clang, r-devel-linux-x86_64-fedora-gcc, r-devel-osx-x86_64-clang, r-devel-windows-ix86+x86_64, r-patched-linux-x86_64, r-patched-solaris-sparc, r-patched-solaris-x86, r-release-linux-ix86, r-release-linux-x86_64, r-release-windows-ix86+x86_64

Version: 2.67.60
Check: package dependencies
Result: NOTE
    Package suggested but not available for checking: ‘maptools’
Flavor: r-release-osx-x86_64-mavericks