CRAN Package Check Results for Package PBSmapping

Last updated on 2014-08-23 13:48:02.

Flavor Version Tinstall Tcheck Ttotal Status Flags
r-devel-linux-x86_64-debian-clang 2.67.60 5.24 35.38 40.61 NOTE
r-devel-linux-x86_64-debian-gcc 2.67.60 7.75 33.94 41.69 NOTE
r-devel-linux-x86_64-fedora-clang 2.67.60 93.41 NOTE
r-devel-linux-x86_64-fedora-gcc 2.67.60 90.34 NOTE
r-devel-osx-x86_64-clang 2.67.60 72.78 NOTE
r-devel-windows-ix86+x86_64 2.67.60 27.00 74.00 101.00 NOTE
r-patched-linux-x86_64 2.67.60 7.96 35.36 43.32 NOTE
r-patched-solaris-sparc 2.67.60 488.20 NOTE
r-patched-solaris-x86 2.67.60 114.90 NOTE
r-release-linux-ix86 2.67.60 10.68 47.78 58.46 NOTE
r-release-linux-x86_64 2.67.60 7.71 35.40 43.11 NOTE
r-release-osx-x86_64-mavericks 2.67.60 NOTE
r-release-osx-x86_64-snowleopard 2.67.60 NOTE
r-release-windows-ix86+x86_64 2.67.60 27.00 76.00 103.00 NOTE
r-oldrel-windows-ix86+x86_64 2.67.60 27.00 76.00 103.00 NOTE

Check Details

Version: 2.67.60
Check: installed package size
Result: NOTE
     installed size is 6.4Mb
     sub-directories of 1Mb or more:
     data 2.7Mb
     doc 1.5Mb
Flavors: r-devel-linux-x86_64-debian-clang, r-devel-linux-x86_64-debian-gcc, r-devel-linux-x86_64-fedora-clang, r-devel-linux-x86_64-fedora-gcc, r-devel-osx-x86_64-clang, r-devel-windows-ix86+x86_64, r-patched-linux-x86_64, r-patched-solaris-sparc, r-patched-solaris-x86, r-release-linux-ix86, r-release-linux-x86_64, r-release-osx-x86_64-mavericks, r-release-osx-x86_64-snowleopard, r-release-windows-ix86+x86_64, r-oldrel-windows-ix86+x86_64

Version: 2.67.60
Check: R code for possible problems
Result: NOTE
    calcVoronoi: no visible global function definition for ‘deldir’
    importShapefile: no visible global function definition for ‘read.dbf’
Flavors: r-devel-linux-x86_64-debian-clang, r-devel-linux-x86_64-debian-gcc, r-devel-linux-x86_64-fedora-clang, r-devel-linux-x86_64-fedora-gcc, r-devel-osx-x86_64-clang

Version: 2.67.60
Check: package dependencies
Result: NOTE
    Package suggested but not available for checking: ‘maptools’
Flavor: r-release-osx-x86_64-mavericks