CRAN Package Check Results for Package PBSmapping

Last updated on 2015-04-25 22:46:54.

Flavor Version Tinstall Tcheck Ttotal Status Flags
r-devel-linux-x86_64-debian-clang 2.69.76 6.65 42.56 49.22 NOTE
r-devel-linux-x86_64-debian-gcc 2.69.76 8.85 42.28 51.13 NOTE
r-devel-linux-x86_64-fedora-clang 2.69.76 96.47 NOTE
r-devel-linux-x86_64-fedora-gcc 2.69.76 92.74 NOTE
r-devel-osx-x86_64-clang 2.69.76 79.70 NOTE
r-devel-windows-ix86+x86_64 2.69.76 26.00 79.00 105.00 NOTE
r-patched-linux-x86_64 2.69.76 8.42 44.64 53.05 NOTE
r-patched-solaris-sparc 2.69.76 488.90 NOTE
r-patched-solaris-x86 2.69.76 109.50 NOTE
r-release-linux-x86_64 2.68.68 8.41 42.54 50.94 NOTE
r-release-osx-x86_64-mavericks 2.69.76 NOTE
r-release-osx-x86_64-snowleopard 2.69.76 ERROR
r-release-windows-ix86+x86_64 2.69.76 26.00 76.00 102.00 NOTE
r-oldrel-windows-ix86+x86_64 2.69.76 28.00 82.00 110.00 NOTE

Check Details

Version: 2.69.76
Check: installed package size
Result: NOTE
     installed size is 6.2Mb
     sub-directories of 1Mb or more:
     data 2.7Mb
     doc 1.1Mb
     libs 1.2Mb
Flavors: r-devel-windows-ix86+x86_64, r-release-windows-ix86+x86_64, r-oldrel-windows-ix86+x86_64