CRAN Package Check Results for Package PBSmapping

Last updated on 2014-09-01 08:47:13.

Flavor Version Tinstall Tcheck Ttotal Status Flags
r-devel-linux-x86_64-debian-clang 2.67.60 5.15 34.20 39.35 NOTE
r-devel-linux-x86_64-debian-gcc 2.67.60 7.57 33.76 41.32 NOTE
r-devel-linux-x86_64-fedora-clang 2.67.60 93.23 NOTE
r-devel-linux-x86_64-fedora-gcc 2.67.60 91.44 NOTE
r-devel-osx-x86_64-clang 2.67.60 70.17 NOTE
r-devel-windows-ix86+x86_64 2.67.60 28.00 70.00 98.00 NOTE
r-patched-linux-x86_64 2.67.60 7.58 35.36 42.95 NOTE
r-patched-solaris-sparc 2.67.60 488.20 NOTE
r-patched-solaris-x86 2.67.60 114.90 NOTE
r-release-linux-ix86 2.67.60 10.73 47.93 58.66 NOTE
r-release-linux-x86_64 2.67.60 7.74 36.00 43.74 NOTE
r-release-osx-x86_64-mavericks 2.67.60 NOTE
r-release-osx-x86_64-snowleopard 2.67.60 NOTE
r-release-windows-ix86+x86_64 2.67.60 25.00 76.00 101.00 NOTE
r-oldrel-windows-ix86+x86_64 2.67.60 32.00 77.00 109.00 NOTE

Check Details

Version: 2.67.60
Check: installed package size
Result: NOTE
     installed size is 6.4Mb
     sub-directories of 1Mb or more:
     data 2.7Mb
     doc 1.5Mb
Flavors: r-devel-linux-x86_64-debian-clang, r-devel-linux-x86_64-debian-gcc, r-devel-linux-x86_64-fedora-clang, r-devel-linux-x86_64-fedora-gcc, r-devel-osx-x86_64-clang, r-devel-windows-ix86+x86_64, r-patched-linux-x86_64, r-patched-solaris-sparc, r-patched-solaris-x86, r-release-linux-ix86, r-release-linux-x86_64, r-release-osx-x86_64-mavericks, r-release-osx-x86_64-snowleopard, r-release-windows-ix86+x86_64, r-oldrel-windows-ix86+x86_64

Version: 2.67.60
Check: R code for possible problems
Result: NOTE
    calcVoronoi: no visible global function definition for ‘deldir’
    importShapefile: no visible global function definition for ‘read.dbf’
Flavors: r-devel-linux-x86_64-debian-clang, r-devel-linux-x86_64-debian-gcc, r-devel-linux-x86_64-fedora-clang, r-devel-linux-x86_64-fedora-gcc, r-devel-osx-x86_64-clang, r-devel-windows-ix86+x86_64

Version: 2.67.60
Check: package dependencies
Result: NOTE
    Package suggested but not available for checking: ‘maptools’
Flavor: r-release-osx-x86_64-mavericks