CRAN Package Check Results for Package PBSmapping

Last updated on 2018-02-22 11:58:07 CET.

Flavor Version Tinstall Tcheck Ttotal Status Flags
r-devel-linux-x86_64-debian-clang 2.70.4 20.69 61.51 82.20 OK
r-devel-linux-x86_64-debian-gcc 2.70.4 15.76 52.67 68.43 OK
r-devel-linux-x86_64-fedora-clang 2.70.4 107.63 NOTE
r-devel-linux-x86_64-fedora-gcc 2.70.4 104.83 NOTE
r-devel-windows-ix86+x86_64 2.70.4 60.00 102.00 162.00 NOTE
r-patched-linux-x86_64 2.70.4 12.94 70.35 83.29 OK
r-patched-solaris-x86 2.70.4 112.70 NOTE
r-release-linux-x86_64 2.70.4 11.94 70.71 82.65 OK
r-release-windows-ix86+x86_64 2.70.4 31.00 128.00 159.00 NOTE
r-release-osx-x86_64 2.70.4 NOTE
r-oldrel-windows-ix86+x86_64 2.70.4 35.00 104.00 139.00 NOTE
r-oldrel-osx-x86_64 2.70.4 NOTE

Additional issues

rchk

Check Details

Version: 2.70.4
Check: installed package size
Result: NOTE
     installed size is 6.5Mb
     sub-directories of 1Mb or more:
     data 2.7Mb
     doc 1.1Mb
     libs 1.2Mb
Flavors: r-devel-linux-x86_64-fedora-clang, r-devel-linux-x86_64-fedora-gcc, r-devel-windows-ix86+x86_64, r-patched-solaris-x86, r-release-windows-ix86+x86_64, r-release-osx-x86_64, r-oldrel-windows-ix86+x86_64, r-oldrel-osx-x86_64