CRAN Package Check Results for Package PBSmapping

Last updated on 2015-05-30 03:48:52.

Flavor Version Tinstall Tcheck Ttotal Status Flags
r-devel-linux-x86_64-debian-clang 2.69.76 6.66 44.14 50.80 NOTE
r-devel-linux-x86_64-debian-gcc 2.69.76 8.48 41.32 49.80 NOTE
r-devel-linux-x86_64-fedora-clang 2.69.76 97.99 NOTE
r-devel-linux-x86_64-fedora-gcc 2.69.76 91.35 NOTE
r-devel-osx-x86_64-clang 2.69.76 99.03 NOTE
r-devel-windows-ix86+x86_64 2.69.76 29.00 83.00 112.00 NOTE
r-patched-linux-x86_64 2.69.76 8.50 42.63 51.13 NOTE
r-patched-solaris-sparc 2.69.76 557.60 NOTE
r-patched-solaris-x86 2.69.76 110.90 NOTE
r-release-linux-x86_64 2.69.76 8.49 43.19 51.68 NOTE
r-release-osx-x86_64-mavericks 2.69.76 NOTE
r-release-osx-x86_64-snowleopard 2.69.76 ERROR
r-release-windows-ix86+x86_64 2.69.76 31.00 85.00 116.00 NOTE
r-oldrel-windows-ix86+x86_64 2.69.76 30.00 89.00 119.00 NOTE

Check Details

Version: 2.69.76
Check: installed package size
Result: NOTE
     installed size is 6.2Mb
     sub-directories of 1Mb or more:
     data 2.7Mb
     doc 1.1Mb
     libs 1.2Mb
Flavors: r-devel-linux-x86_64-debian-clang, r-devel-linux-x86_64-debian-gcc, r-devel-linux-x86_64-fedora-clang, r-devel-linux-x86_64-fedora-gcc, r-devel-osx-x86_64-clang, r-devel-windows-ix86+x86_64, r-patched-linux-x86_64, r-patched-solaris-sparc, r-patched-solaris-x86, r-release-linux-x86_64, r-release-osx-x86_64-mavericks, r-release-windows-ix86+x86_64, r-oldrel-windows-ix86+x86_64

Version: 2.69.76
Check: whether package can be installed
Result: ERROR
    Installation failed.
Flavor: r-release-osx-x86_64-snowleopard