CRAN Package Check Results for Package PBSmapping

Last updated on 2018-06-22 16:49:33 CEST.

Flavor Version Tinstall Tcheck Ttotal Status Flags
r-devel-linux-x86_64-debian-clang 2.70.5 16.87 71.43 88.30 OK
r-devel-linux-x86_64-debian-gcc 2.70.5 15.01 55.84 70.85 OK
r-devel-linux-x86_64-fedora-clang 2.70.5 107.95 NOTE
r-devel-linux-x86_64-fedora-gcc 2.70.5 101.83 OK
r-devel-windows-ix86+x86_64 2.70.5 56.00 142.00 198.00 NOTE
r-patched-linux-x86_64 2.70.5 18.84 68.56 87.40 OK
r-patched-solaris-x86 2.70.5 125.90 NOTE
r-release-linux-x86_64 2.70.5 16.86 68.68 85.54 OK
r-release-windows-ix86+x86_64 2.70.5 43.00 105.00 148.00 NOTE
r-release-osx-x86_64 2.70.5 NOTE
r-oldrel-windows-ix86+x86_64 2.70.5 48.00 105.00 153.00 NOTE
r-oldrel-osx-x86_64 2.70.4 NOTE

Check Details

Version: 2.70.5
Check: installed package size
Result: NOTE
     installed size is 6.5Mb
     sub-directories of 1Mb or more:
     data 2.7Mb
     doc 1.1Mb
     libs 1.2Mb
Flavors: r-devel-linux-x86_64-fedora-clang, r-devel-windows-ix86+x86_64, r-patched-solaris-x86, r-release-windows-ix86+x86_64, r-release-osx-x86_64, r-oldrel-windows-ix86+x86_64

Version: 2.70.4
Check: installed package size
Result: NOTE
     installed size is 6.3Mb
     sub-directories of 1Mb or more:
     data 2.7Mb
     doc 1.1Mb
     libs 1.3Mb
Flavor: r-oldrel-osx-x86_64