CRAN Package Check Results for Package PBSmapping

Last updated on 2018-09-20 14:47:23 CEST.

Flavor Version Tinstall Tcheck Ttotal Status Flags
r-devel-linux-x86_64-debian-clang 2.70.5 18.11 71.91 90.02 OK
r-devel-linux-x86_64-debian-gcc 2.70.5 15.59 55.66 71.25 OK
r-devel-linux-x86_64-fedora-clang 2.70.5 113.67 NOTE
r-devel-linux-x86_64-fedora-gcc 2.70.5 106.17 OK
r-devel-windows-ix86+x86_64 2.70.5 55.00 112.00 167.00 NOTE
r-patched-linux-x86_64 2.70.5 17.16 68.18 85.34 OK
r-patched-solaris-x86 2.70.5 125.00 NOTE
r-release-linux-x86_64 2.70.5 17.65 69.82 87.47 OK
r-release-windows-ix86+x86_64 2.70.5 57.00 112.00 169.00 NOTE
r-release-osx-x86_64 2.70.5 NOTE
r-oldrel-windows-ix86+x86_64 2.70.5 33.00 145.00 178.00 NOTE
r-oldrel-osx-x86_64 2.70.5 NOTE

Check Details

Version: 2.70.5
Check: installed package size
Result: NOTE
     installed size is 6.5Mb
     sub-directories of 1Mb or more:
     data 2.7Mb
     doc 1.1Mb
     libs 1.3Mb
Flavors: r-devel-linux-x86_64-fedora-clang, r-devel-windows-ix86+x86_64, r-patched-solaris-x86, r-release-windows-ix86+x86_64, r-release-osx-x86_64, r-oldrel-windows-ix86+x86_64, r-oldrel-osx-x86_64