CRAN Package Check Results for Package PBSmapping

Last updated on 2022-08-14 17:51:34 CEST.

Flavor Version Tinstall Tcheck Ttotal Status Flags
r-devel-linux-x86_64-debian-clang 2.73.1 21.79 97.45 119.24 NOTE
r-devel-linux-x86_64-debian-gcc 2.73.1 18.85 74.66 93.51 NOTE
r-devel-linux-x86_64-fedora-clang 2.73.1 155.97 NOTE
r-devel-linux-x86_64-fedora-gcc 2.73.1 169.04 NOTE
r-devel-windows-x86_64 2.73.1 99.00 137.00 236.00 NOTE
r-patched-linux-x86_64 2.73.1 24.09 92.68 116.77 OK
r-release-linux-x86_64 2.73.1 20.97 91.88 112.85 OK
r-release-macos-arm64 2.73.1 41.00 NOTE
r-release-macos-x86_64 2.73.1 63.00 NOTE
r-release-windows-x86_64 2.73.1 102.00 138.00 240.00 NOTE
r-oldrel-macos-arm64 2.73.1 41.00 NOTE
r-oldrel-macos-x86_64 2.73.1 60.00 NOTE
r-oldrel-windows-ix86+x86_64 2.73.1 53.00 157.00 210.00 NOTE

Check Details

Version: 2.73.1
Check: HTML version of manual
Result: NOTE
    Found the following math rendering problems:
    calcArea.Rd:33: Undefined control sequence: \emph in -186 + 6\emph{i}^\circ < x \...
    convUL.Rd:28-29: Undefined control sequence: \emph in -186 + 6\emph{i}^\circ < x \...
Flavors: r-devel-linux-x86_64-debian-clang, r-devel-linux-x86_64-debian-gcc, r-devel-linux-x86_64-fedora-gcc

Version: 2.73.1
Check: installed package size
Result: NOTE
     installed size is 6.4Mb
     sub-directories of 1Mb or more:
     data 2.7Mb
     doc 1.1Mb
     libs 1.1Mb
Flavors: r-devel-linux-x86_64-fedora-clang, r-devel-windows-x86_64, r-release-macos-arm64, r-release-macos-x86_64, r-release-windows-x86_64, r-oldrel-macos-arm64, r-oldrel-macos-x86_64, r-oldrel-windows-ix86+x86_64