CRAN Package Check Results for Package PBSmapping

Last updated on 2017-02-25 23:47:56.

Flavor Version Tinstall Tcheck Ttotal Status Flags
r-devel-linux-x86_64-debian-clang 2.69.76 8.35 47.05 55.39 NOTE
r-devel-linux-x86_64-debian-gcc 2.69.76 8.74 46.09 54.83 NOTE
r-devel-linux-x86_64-fedora-clang 2.69.76 99.31 NOTE --no-stop-on-test-error
r-devel-linux-x86_64-fedora-gcc 2.69.76 95.05 NOTE --no-stop-on-test-error
r-devel-macos-x86_64-clang 2.69.76 74.13 NOTE --no-stop-on-test-error
r-devel-windows-ix86+x86_64 2.69.76 50.00 128.00 178.00 NOTE
r-patched-linux-x86_64 2.69.76 9.55 43.16 52.70 NOTE
r-patched-solaris-sparc 2.69.76 516.40 NOTE
r-patched-solaris-x86 2.69.76 103.50 NOTE
r-release-linux-x86_64 2.69.76 8.01 43.93 51.94 NOTE
r-release-osx-x86_64-mavericks 2.69.76 NOTE
r-release-windows-ix86+x86_64 2.69.76 46.00 123.00 169.00 NOTE
r-oldrel-windows-ix86+x86_64 2.69.76 60.00 124.00 184.00 NOTE

Check Details

Version: 2.69.76
Check: R code for possible problems
Result: NOTE
    .PBSclr : <anonymous>: no visible global function definition for ‘rgb’
    .PBSfig01: no visible global function definition for ‘data’
    .PBSfig01: no visible global function definition for ‘par’
    .PBSfig01: no visible global function definition for ‘abline’
    .PBSfig01: no visible global function definition for ‘text’
    .PBSfig01: no visible global function definition for ‘box’
    .PBSfig02: no visible global function definition for ‘data’
    .PBSfig02: no visible global function definition for ‘par’
    .PBSfig02: no visible global function definition for ‘abline’
    .PBSfig02: no visible global function definition for ‘text’
    .PBSfig02: no visible global function definition for ‘box’
    .PBSfig03: no visible global function definition for ‘data’
    .PBSfig03: no visible global function definition for ‘par’
    .PBSfig03: no visible global function definition for ‘lines’
    .PBSfig03: no visible global function definition for ‘text’
    .PBSfig03: no visible global function definition for ‘box’
    .PBSfig04: no visible global function definition for ‘data’
    .PBSfig04: no visible global function definition for ‘par’
    .PBSfig04: no visible global function definition for ‘text’
    .PBSfig04: no visible global function definition for ‘box’
    .PBSfig05: no visible global function definition for ‘par’
    .PBSfig05: no visible global function definition for ‘text’
    .PBSfig05: no visible global function definition for ‘box’
    .PBSfig06: no visible global function definition for ‘data’
    .PBSfig06: no visible global function definition for ‘contourLines’
    .PBSfig06: no visible global function definition for ‘par’
    .PBSfig06: no visible global function definition for ‘box’
    .PBSfig07: no visible global function definition for ‘data’
    .PBSfig07: no visible global function definition for ‘par’
    .PBSfig07: no visible global function definition for ‘legend’
    .PBSfig07: no visible global function definition for ‘strwidth’
    .PBSfig07: no visible global function definition for ‘text’
    .PBSfig07: no visible global function definition for ‘box’
    .PBSfig08: no visible global function definition for ‘data’
    .PBSfig08: no visible global function definition for ‘par’
    .PBSfig08: no visible global function definition for ‘text’
    .PBSfig09: no visible global function definition for ‘data’
    .PBSfig09: no visible global function definition for ‘na.omit’
    .PBSfig09: no visible global function definition for ‘par’
    .PBSfig09: no visible global function definition for ‘points’
    .PBSfig09: no visible global function definition for ‘text’
    .PBSfig09: no visible global function definition for ‘legend’
    .PBSfig09: no visible global function definition for ‘strwidth’
    .PBSfig10: no visible global function definition for ‘data’
    .PBSfig10: no visible global function definition for ‘par’
    .PBSfig10: no visible global function definition for ‘text’
    .addAxis: no visible global function definition for ‘par’
    .addAxis: no visible global function definition for ‘axis’
    .addAxis2: no visible global function definition for ‘par’
    .addAxis2: no visible global function definition for ‘axis’
    .addBubblesLegend: no visible global function definition for ‘par’
    .addBubblesLegend: no visible global function definition for ‘strwidth’
    .addBubblesLegend: no visible global function definition for ‘symbols’
    .addBubblesLegend: no visible global function definition for ‘lines’
    .addBubblesLegend: no visible global function definition for ‘text’
    .addBubblesLegend: no visible global function definition for ‘legend’
    .addFeature: no visible global function definition for ‘par’
    .addFeature: no visible global function definition for ‘text’
    .addFeature: no visible global function definition for ‘points’
    .addLabels: no visible global function definition for ‘title’
    .initPlotRegion: no visible global function definition for ‘par’
    .initPlotRegion: no visible global function definition for ‘frame’
    .plotMaps: no visible global function definition for ‘par’
    .plotMaps: no visible global function definition for ‘polygon’
    .plotMaps: no visible global function definition for ‘box’
    addBubbles: no visible global function definition for ‘rgb’
    addBubbles: no visible global function definition for ‘par’
    addBubbles: no visible global function definition for ‘colorRamp’
    addBubbles : getColour: no visible global function definition for
     ‘col2rgb’
    addBubbles: no visible global function definition for ‘symbols’
    addBubbles: no visible global function definition for ‘points’
    addLabels: no visible global function definition for ‘na.omit’
    addLines: no visible global function definition for ‘par’
    addPolys: no visible global function definition for ‘par’
    addPolys: no visible global function definition for ‘polygon’
    addStipples: no visible global function definition for ‘runif’
    importEvents: no visible global function definition for ‘read.table’
    importGSHHS: no visible global function definition for ‘median’
    importLocs: no visible global function definition for ‘read.table’
    importPolys: no visible global function definition for ‘read.table’
    locateEvents: no visible global function definition for ‘locator’
    locatePolys: no visible global function definition for ‘locator’
    locatePolys: no visible global function definition for ‘lines’
    Undefined global functions or variables:
     abline axis box col2rgb colorRamp contourLines data frame legend
     lines locator median na.omit par points polygon read.table rgb runif
     strwidth symbols text title
    Consider adding
     importFrom("grDevices", "col2rgb", "colorRamp", "contourLines", "rgb")
     importFrom("graphics", "abline", "axis", "box", "frame", "legend",
     "lines", "locator", "par", "points", "polygon", "strwidth",
     "symbols", "text", "title")
     importFrom("stats", "median", "na.omit", "runif")
     importFrom("utils", "data", "read.table")
    to your NAMESPACE file.
Flavors: r-devel-linux-x86_64-debian-clang, r-devel-linux-x86_64-debian-gcc, r-devel-windows-ix86+x86_64, r-patched-linux-x86_64, r-patched-solaris-sparc, r-patched-solaris-x86, r-release-linux-x86_64, r-release-osx-x86_64-mavericks, r-release-windows-ix86+x86_64

Version: 2.69.76
Check: compiled code
Result: NOTE
    File ‘PBSmapping/libs/PBSmapping.so’:
     Found no calls to: ‘R_registerRoutines’, ‘R_useDynamicSymbols’
    
    It is good practice to register native routines and to disable symbol
    search.
    
    See ‘Writing portable packages’ in the ‘Writing R Extensions’ manual.
Flavors: r-devel-linux-x86_64-debian-clang, r-devel-linux-x86_64-debian-gcc

Version: 2.69.76
Flags: --no-stop-on-test-error
Check: installed package size
Result: NOTE
     installed size is 6.2Mb
     sub-directories of 1Mb or more:
     data 2.7Mb
     doc 1.1Mb
     libs 1.2Mb
Flavors: r-devel-linux-x86_64-fedora-clang, r-devel-linux-x86_64-fedora-gcc, r-devel-macos-x86_64-clang

Version: 2.69.76
Flags: --no-stop-on-test-error
Check: R code for possible problems
Result: NOTE
    .PBSclr : <anonymous>: no visible global function definition for ‘rgb’
    .PBSfig01: no visible global function definition for ‘data’
    .PBSfig01: no visible global function definition for ‘par’
    .PBSfig01: no visible global function definition for ‘abline’
    .PBSfig01: no visible global function definition for ‘text’
    .PBSfig01: no visible global function definition for ‘box’
    .PBSfig02: no visible global function definition for ‘data’
    .PBSfig02: no visible global function definition for ‘par’
    .PBSfig02: no visible global function definition for ‘abline’
    .PBSfig02: no visible global function definition for ‘text’
    .PBSfig02: no visible global function definition for ‘box’
    .PBSfig03: no visible global function definition for ‘data’
    .PBSfig03: no visible global function definition for ‘par’
    .PBSfig03: no visible global function definition for ‘lines’
    .PBSfig03: no visible global function definition for ‘text’
    .PBSfig03: no visible global function definition for ‘box’
    .PBSfig04: no visible global function definition for ‘data’
    .PBSfig04: no visible global function definition for ‘par’
    .PBSfig04: no visible global function definition for ‘text’
    .PBSfig04: no visible global function definition for ‘box’
    .PBSfig05: no visible global function definition for ‘par’
    .PBSfig05: no visible global function definition for ‘text’
    .PBSfig05: no visible global function definition for ‘box’
    .PBSfig06: no visible global function definition for ‘data’
    .PBSfig06: no visible global function definition for ‘contourLines’
    .PBSfig06: no visible global function definition for ‘par’
    .PBSfig06: no visible global function definition for ‘box’
    .PBSfig07: no visible global function definition for ‘data’
    .PBSfig07: no visible global function definition for ‘par’
    .PBSfig07: no visible global function definition for ‘legend’
    .PBSfig07: no visible global function definition for ‘strwidth’
    .PBSfig07: no visible global function definition for ‘text’
    .PBSfig07: no visible global function definition for ‘box’
    .PBSfig08: no visible global function definition for ‘data’
    .PBSfig08: no visible global function definition for ‘par’
    .PBSfig08: no visible global function definition for ‘text’
    .PBSfig09: no visible global function definition for ‘data’
    .PBSfig09: no visible global function definition for ‘na.omit’
    .PBSfig09: no visible global function definition for ‘par’
    .PBSfig09: no visible global function definition for ‘points’
    .PBSfig09: no visible global function definition for ‘text’
    .PBSfig09: no visible global function definition for ‘legend’
    .PBSfig09: no visible global function definition for ‘strwidth’
    .PBSfig10: no visible global function definition for ‘data’
    .PBSfig10: no visible global function definition for ‘par’
    .PBSfig10: no visible global function definition for ‘text’
    .addAxis: no visible global function definition for ‘par’
    .addAxis: no visible global function definition for ‘axis’
    .addAxis2: no visible global function definition for ‘par’
    .addAxis2: no visible global function definition for ‘axis’
    .addBubblesLegend: no visible global function definition for ‘par’
    .addBubblesLegend: no visible global function definition for ‘strwidth’
    .addBubblesLegend: no visible global function definition for ‘symbols’
    .addBubblesLegend: no visible global function definition for ‘lines’
    .addBubblesLegend: no visible global function definition for ‘text’
    .addBubblesLegend: no visible global function definition for ‘legend’
    .addFeature: no visible global function definition for ‘par’
    .addFeature: no visible global function definition for ‘text’
    .addFeature: no visible global function definition for ‘points’
    .addLabels: no visible global function definition for ‘title’
    .initPlotRegion: no visible global function definition for ‘par’
    .initPlotRegion: no visible global function definition for ‘frame’
    .plotMaps: no visible global function definition for ‘par’
    .plotMaps: no visible global function definition for ‘polygon’
    .plotMaps: no visible global function definition for ‘box’
    addBubbles: no visible global function definition for ‘rgb’
    addBubbles: no visible global function definition for ‘par’
    addBubbles: no visible global function definition for ‘colorRamp’
    addBubbles : getColour: no visible global function definition for
     ‘col2rgb’
    addBubbles: no visible global function definition for ‘symbols’
    addBubbles: no visible global function definition for ‘points’
    addLabels: no visible global function definition for ‘na.omit’
    addLines: no visible global function definition for ‘par’
    addPolys: no visible global function definition for ‘par’
    addPolys: no visible global function definition for ‘polygon’
    addStipples: no visible global function definition for ‘runif’
    importEvents: no visible global function definition for ‘read.table’
    importGSHHS: no visible global function definition for ‘median’
    importLocs: no visible global function definition for ‘read.table’
    importPolys: no visible global function definition for ‘read.table’
    locateEvents: no visible global function definition for ‘locator’
    locatePolys: no visible global function definition for ‘locator’
    locatePolys: no visible global function definition for ‘lines’
    Undefined global functions or variables:
     abline axis box col2rgb colorRamp contourLines data frame legend
     lines locator median na.omit par points polygon read.table rgb runif
     strwidth symbols text title
    Consider adding
     importFrom("grDevices", "col2rgb", "colorRamp", "contourLines", "rgb")
     importFrom("graphics", "abline", "axis", "box", "frame", "legend",
     "lines", "locator", "par", "points", "polygon", "strwidth",
     "symbols", "text", "title")
     importFrom("stats", "median", "na.omit", "runif")
     importFrom("utils", "data", "read.table")
    to your NAMESPACE file.
Flavors: r-devel-linux-x86_64-fedora-clang, r-devel-linux-x86_64-fedora-gcc, r-devel-macos-x86_64-clang

Version: 2.69.76
Flags: --no-stop-on-test-error
Check: compiled code
Result: NOTE
    File ‘PBSmapping/libs/PBSmapping.so’:
     Found no calls to: ‘R_registerRoutines’, ‘R_useDynamicSymbols’
    
    It is good practice to register native routines and to disable symbol
    search.
    
    See ‘Writing portable packages’ in the ‘Writing R Extensions’ manual.
Flavors: r-devel-linux-x86_64-fedora-clang, r-devel-linux-x86_64-fedora-gcc, r-devel-macos-x86_64-clang

Version: 2.69.76
Check: installed package size
Result: NOTE
     installed size is 6.4Mb
     sub-directories of 1Mb or more:
     data 2.7Mb
     doc 1.1Mb
     libs 1.4Mb
Flavors: r-devel-windows-ix86+x86_64, r-patched-solaris-sparc, r-patched-solaris-x86, r-release-osx-x86_64-mavericks, r-release-windows-ix86+x86_64, r-oldrel-windows-ix86+x86_64