CRAN Package Check Results for Package PBSmapping

Last updated on 2017-11-23 00:47:33 CET.

Flavor Version Tinstall Tcheck Ttotal Status Flags
r-devel-linux-x86_64-debian-clang 2.70.4 8.61 75.28 83.88 OK
r-devel-linux-x86_64-debian-gcc 2.70.4 12.59 103.97 116.57 OK
r-devel-linux-x86_64-fedora-clang 2.70.4 96.56 NOTE
r-devel-linux-x86_64-fedora-gcc 2.70.4 96.22 NOTE
r-devel-windows-ix86+x86_64 2.70.4 37.00 108.00 145.00 NOTE
r-patched-linux-x86_64 2.70.4 8.88 48.27 57.15 OK
r-patched-solaris-x86 2.70.4 112.10 NOTE
r-release-linux-x86_64 2.70.4 8.64 46.70 55.34 OK
r-release-windows-ix86+x86_64 2.70.4 36.00 100.00 136.00 NOTE
r-release-osx-x86_64 2.70.4 NOTE
r-oldrel-windows-ix86+x86_64 2.70.4 35.00 106.00 141.00 NOTE
r-oldrel-osx-x86_64 2.70.4 NOTE

Additional issues

rchk

Check Details

Version: 2.70.4
Check: installed package size
Result: NOTE
     installed size is 6.2Mb
     sub-directories of 1Mb or more:
     data 2.7Mb
     doc 1.1Mb
     libs 1.2Mb
Flavors: r-devel-linux-x86_64-fedora-clang, r-devel-linux-x86_64-fedora-gcc, r-devel-windows-ix86+x86_64, r-patched-solaris-x86, r-release-windows-ix86+x86_64, r-release-osx-x86_64, r-oldrel-windows-ix86+x86_64, r-oldrel-osx-x86_64