CRAN Package Check Results for Package PBSmapping

Last updated on 2014-07-28 11:49:03.

Flavor Version Tinstall Tcheck Ttotal Status Flags
r-devel-linux-x86_64-debian-clang 2.67.60 5.26 36.25 41.50 NOTE
r-devel-linux-x86_64-debian-gcc 2.67.60 7.65 35.24 42.89 NOTE
r-devel-linux-x86_64-fedora-clang 2.67.60 95.09 NOTE
r-devel-linux-x86_64-fedora-gcc 2.67.60 92.94 NOTE
r-devel-osx-x86_64-clang 2.67.60 73.53 NOTE
r-devel-windows-ix86+x86_64 2.67.60 27.00 73.00 100.00 NOTE
r-patched-linux-x86_64 2.67.60 7.70 34.98 42.68 NOTE
r-patched-solaris-sparc 2.67.60 454.80 NOTE
r-patched-solaris-x86 2.67.60 115.00 NOTE
r-release-linux-ix86 2.67.60 10.66 47.66 58.32 NOTE
r-release-linux-x86_64 2.67.60 7.86 35.51 43.37 NOTE
r-release-osx-x86_64-mavericks 2.67.60 NOTE
r-release-osx-x86_64-snowleopard 2.67.60 NOTE
r-release-windows-ix86+x86_64 2.67.60 26.00 77.00 103.00 NOTE
r-oldrel-windows-ix86+x86_64 2.67.60 29.00 76.00 105.00 NOTE

Check Details

Version: 2.67.60
Check: installed package size
Result: NOTE
     installed size is 6.4Mb
     sub-directories of 1Mb or more:
     data 2.7Mb
     doc 1.5Mb
Flavors: r-devel-linux-x86_64-debian-clang, r-devel-linux-x86_64-debian-gcc, r-devel-linux-x86_64-fedora-clang, r-devel-linux-x86_64-fedora-gcc, r-devel-osx-x86_64-clang, r-devel-windows-ix86+x86_64, r-patched-linux-x86_64, r-patched-solaris-sparc, r-patched-solaris-x86, r-release-linux-ix86, r-release-linux-x86_64, r-release-osx-x86_64-mavericks, r-release-osx-x86_64-snowleopard, r-release-windows-ix86+x86_64, r-oldrel-windows-ix86+x86_64

Version: 2.67.60
Check: package dependencies
Result: NOTE
    Package suggested but not available for checking: maptools
Flavor: r-release-osx-x86_64-mavericks