CRAN Package Check Results for Package PBSmapping

Last updated on 2015-07-04 23:47:25.

Flavor Version Tinstall Tcheck Ttotal Status Flags
r-devel-linux-x86_64-debian-clang 2.69.76 6.78 42.37 49.15 NOTE
r-devel-linux-x86_64-debian-gcc 2.69.76 8.53 41.79 50.32 NOTE
r-devel-linux-x86_64-fedora-clang 2.69.76 91.14 NOTE
r-devel-linux-x86_64-fedora-gcc 2.69.76 89.71 NOTE
r-devel-osx-x86_64-clang 2.69.76 78.08 NOTE
r-devel-windows-ix86+x86_64 2.69.76 47.00 118.00 165.00 NOTE
r-patched-linux-x86_64 2.69.76 8.48 41.61 50.09 NOTE
r-patched-solaris-sparc 2.69.76 557.60 NOTE
r-patched-solaris-x86 2.69.76 110.20 NOTE
r-release-linux-x86_64 2.69.76 8.40 43.88 52.28 NOTE
r-release-osx-x86_64-mavericks 2.69.76 NOTE
r-release-windows-ix86+x86_64 2.69.76 38.00 77.00 115.00 NOTE
r-oldrel-windows-ix86+x86_64 2.69.76 40.00 85.00 125.00 NOTE

Check Details

Version: 2.69.76
Check: installed package size
Result: NOTE
     installed size is 6.2Mb
     sub-directories of 1Mb or more:
     data 2.7Mb
     doc 1.1Mb
     libs 1.2Mb
Flavors: r-devel-linux-x86_64-debian-clang, r-devel-linux-x86_64-debian-gcc, r-devel-linux-x86_64-fedora-clang, r-devel-linux-x86_64-fedora-gcc, r-devel-osx-x86_64-clang, r-devel-windows-ix86+x86_64, r-patched-linux-x86_64, r-patched-solaris-sparc, r-patched-solaris-x86, r-release-linux-x86_64, r-release-osx-x86_64-mavericks, r-release-windows-ix86+x86_64, r-oldrel-windows-ix86+x86_64

Version: 2.69.76
Check: R code for possible problems
Result: NOTE
    .PBSclr : <anonymous>: no visible global function definition for ‘rgb’
    .PBSfig01: Error while checking: invalid ‘envir’ argument
    .PBSfig02: Error while checking: invalid ‘envir’ argument
    .PBSfig03: Error while checking: invalid ‘envir’ argument
    .PBSfig04: Error while checking: invalid ‘envir’ argument
    .PBSfig05: no visible global function definition for ‘par’
    .PBSfig05: no visible global function definition for ‘text’
    .PBSfig05: no visible global function definition for ‘box’
    .PBSfig06: Error while checking: invalid ‘envir’ argument
    .PBSfig07: Error while checking: invalid ‘envir’ argument
    .PBSfig08: Error while checking: invalid ‘envir’ argument
    .PBSfig09: Error while checking: invalid ‘envir’ argument
    .PBSfig10: Error while checking: invalid ‘envir’ argument
    .addAxis: no visible global function definition for ‘par’
    .addAxis: no visible global function definition for ‘axis’
    .addAxis2: no visible global function definition for ‘par’
    .addAxis2: no visible global function definition for ‘axis’
    .addBubblesLegend: no visible global function definition for ‘par’
    .addBubblesLegend: no visible global function definition for ‘strwidth’
    .addBubblesLegend: no visible global function definition for ‘symbols’
    .addBubblesLegend: no visible global function definition for ‘lines’
    .addBubblesLegend: no visible global function definition for ‘text’
    .addBubblesLegend: no visible global function definition for ‘legend’
    .addFeature: no visible global function definition for ‘par’
    .addFeature: no visible global function definition for ‘text’
    .addFeature: no visible global function definition for ‘points’
    .addLabels: no visible global function definition for ‘title’
    .initPlotRegion: no visible global function definition for ‘par’
    .initPlotRegion: no visible global function definition for ‘frame’
    .plotMaps: no visible global function definition for ‘par’
    .plotMaps: no visible global function definition for ‘polygon’
    .plotMaps: no visible global function definition for ‘box’
    addBubbles: no visible global function definition for ‘rgb’
    addBubbles: no visible global function definition for ‘par’
    addBubbles: no visible global function definition for ‘colorRamp’
    addBubbles : getColour: no visible global function definition for
     ‘col2rgb’
    addBubbles: no visible global function definition for ‘symbols’
    addBubbles: no visible global function definition for ‘points’
    addLabels: no visible global function definition for ‘na.omit’
    addLines: no visible global function definition for ‘par’
    addPolys: no visible global function definition for ‘par’
    addPolys: no visible global function definition for ‘polygon’
    addStipples: no visible global function definition for ‘runif’
    importEvents: no visible global function definition for ‘read.table’
    importGSHHS: no visible global function definition for ‘median’
    importLocs: no visible global function definition for ‘read.table’
    importPolys: no visible global function definition for ‘read.table’
    locateEvents: no visible global function definition for ‘locator’
    locatePolys: no visible global function definition for ‘locator’
    locatePolys: no visible global function definition for ‘lines’
    Undefined global functions or variables:
     axis box col2rgb colorRamp frame legend lines locator median na.omit
     par points polygon read.table rgb runif strwidth symbols text title
Flavors: r-devel-linux-x86_64-debian-clang, r-devel-linux-x86_64-debian-gcc, r-devel-linux-x86_64-fedora-clang, r-devel-linux-x86_64-fedora-gcc

Version: 2.69.76
Check: R code for possible problems
Result: NOTE
    .PBSclr : <anonymous>: no visible global function definition for 'rgb'
    .PBSfig01: no visible global function definition for 'data'
    .PBSfig01: no visible global function definition for 'par'
    .PBSfig01: no visible global function definition for 'abline'
    .PBSfig01: no visible global function definition for 'text'
    .PBSfig01: no visible global function definition for 'box'
    .PBSfig02: no visible global function definition for 'data'
    .PBSfig02: no visible global function definition for 'par'
    .PBSfig02: no visible global function definition for 'abline'
    .PBSfig02: no visible global function definition for 'text'
    .PBSfig02: no visible global function definition for 'box'
    .PBSfig03: no visible global function definition for 'data'
    .PBSfig03: no visible global function definition for 'par'
    .PBSfig03: no visible global function definition for 'lines'
    .PBSfig03: no visible global function definition for 'text'
    .PBSfig03: no visible global function definition for 'box'
    .PBSfig04: no visible global function definition for 'data'
    .PBSfig04: no visible global function definition for 'par'
    .PBSfig04: no visible global function definition for 'text'
    .PBSfig04: no visible global function definition for 'box'
    .PBSfig05: no visible global function definition for 'par'
    .PBSfig05: no visible global function definition for 'text'
    .PBSfig05: no visible global function definition for 'box'
    .PBSfig06: no visible global function definition for 'data'
    .PBSfig06: no visible global function definition for 'contourLines'
    .PBSfig06: no visible global function definition for 'par'
    .PBSfig06: no visible global function definition for 'box'
    .PBSfig07: no visible global function definition for 'data'
    .PBSfig07: no visible global function definition for 'par'
    .PBSfig07: no visible global function definition for 'legend'
    .PBSfig07: no visible global function definition for 'strwidth'
    .PBSfig07: no visible global function definition for 'text'
    .PBSfig07: no visible global function definition for 'box'
    .PBSfig08: no visible global function definition for 'data'
    .PBSfig08: no visible global function definition for 'par'
    .PBSfig08: no visible global function definition for 'text'
    .PBSfig09: no visible global function definition for 'data'
    .PBSfig09: no visible global function definition for 'na.omit'
    .PBSfig09: no visible global function definition for 'par'
    .PBSfig09: no visible global function definition for 'points'
    .PBSfig09: no visible global function definition for 'text'
    .PBSfig09: no visible global function definition for 'legend'
    .PBSfig09: no visible global function definition for 'strwidth'
    .PBSfig10: no visible global function definition for 'data'
    .PBSfig10: no visible global function definition for 'par'
    .PBSfig10: no visible global function definition for 'text'
    .addAxis: no visible global function definition for 'par'
    .addAxis: no visible global function definition for 'axis'
    .addAxis2: no visible global function definition for 'par'
    .addAxis2: no visible global function definition for 'axis'
    .addBubblesLegend: no visible global function definition for 'par'
    .addBubblesLegend: no visible global function definition for 'strwidth'
    .addBubblesLegend: no visible global function definition for 'symbols'
    .addBubblesLegend: no visible global function definition for 'lines'
    .addBubblesLegend: no visible global function definition for 'text'
    .addBubblesLegend: no visible global function definition for 'legend'
    .addFeature: no visible global function definition for 'par'
    .addFeature: no visible global function definition for 'text'
    .addFeature: no visible global function definition for 'points'
    .addLabels: no visible global function definition for 'title'
    .initPlotRegion: no visible global function definition for 'par'
    .initPlotRegion: no visible global function definition for 'frame'
    .plotMaps: no visible global function definition for 'par'
    .plotMaps: no visible global function definition for 'polygon'
    .plotMaps: no visible global function definition for 'box'
    addBubbles: no visible global function definition for 'rgb'
    addBubbles: no visible global function definition for 'par'
    addBubbles: no visible global function definition for 'colorRamp'
    addBubbles : getColour: no visible global function definition for
     'col2rgb'
    addBubbles: no visible global function definition for 'symbols'
    addBubbles: no visible global function definition for 'points'
    addLabels: no visible global function definition for 'na.omit'
    addLines: no visible global function definition for 'par'
    addPolys: no visible global function definition for 'par'
    addPolys: no visible global function definition for 'polygon'
    addStipples: no visible global function definition for 'runif'
    importEvents: no visible global function definition for 'read.table'
    importGSHHS: no visible global function definition for 'median'
    importLocs: no visible global function definition for 'read.table'
    importPolys: no visible global function definition for 'read.table'
    locateEvents: no visible global function definition for 'locator'
    locatePolys: no visible global function definition for 'locator'
    locatePolys: no visible global function definition for 'lines'
    Undefined global functions or variables:
     abline axis box col2rgb colorRamp contourLines data frame legend
     lines locator median na.omit par points polygon read.table rgb runif
     strwidth symbols text title
Flavor: r-devel-windows-ix86+x86_64