CRAN Package Check Results for Package PBSmapping

Last updated on 2015-01-30 01:48:11.

Flavor Version Tinstall Tcheck Ttotal Status Flags
r-devel-linux-x86_64-debian-clang 2.68.68 5.99 44.20 50.19 NOTE
r-devel-linux-x86_64-debian-gcc 2.68.68 8.35 43.43 51.78 NOTE
r-devel-linux-x86_64-fedora-clang 2.68.68 100.76 NOTE
r-devel-linux-x86_64-fedora-gcc 2.68.68 92.68 NOTE
r-devel-osx-x86_64-clang 2.68.68 79.25 NOTE
r-devel-windows-ix86+x86_64 2.68.68 36.00 77.00 113.00 NOTE
r-patched-linux-x86_64 2.68.68 8.48 45.92 54.40 NOTE
r-patched-solaris-sparc 2.68.68 499.00 NOTE
r-patched-solaris-x86 2.68.68 110.60 NOTE
r-release-linux-ix86 2.68.68 11.18 2.70 13.88 OK
r-release-linux-x86_64 2.68.68 8.89 44.48 53.36 NOTE
r-release-osx-x86_64-mavericks 2.68.68 NOTE
r-release-osx-x86_64-snowleopard 2.68.68 ERROR
r-release-windows-ix86+x86_64 2.68.68 29.00 85.00 114.00 NOTE
r-oldrel-windows-ix86+x86_64 2.68.68 31.00 95.00 126.00 NOTE

Memtest notes: UBSAN-clang-trunk UBSAN-gcc UBSAN

Check Details

Version: 2.68.68
Check: installed package size
Result: NOTE
     installed size is 6.5Mb
     sub-directories of 1Mb or more:
     data 2.7Mb
     doc 1.5Mb
     libs 1.1Mb
Flavors: r-devel-linux-x86_64-debian-clang, r-devel-linux-x86_64-debian-gcc, r-devel-linux-x86_64-fedora-clang, r-devel-linux-x86_64-fedora-gcc, r-devel-osx-x86_64-clang, r-devel-windows-ix86+x86_64, r-patched-linux-x86_64, r-patched-solaris-sparc, r-patched-solaris-x86, r-release-linux-x86_64, r-release-osx-x86_64-mavericks, r-release-windows-ix86+x86_64, r-oldrel-windows-ix86+x86_64

Version: 2.68.68
Check: S3 generic/method consistency
Result: NOTE
    Found the following apparent S3 methods exported but not registered:
     print.EventData print.LocationSet print.PolyData print.PolySet
     print.summary.PBS summary.EventData summary.LocationSet
     summary.PolyData summary.PolySet
    See section ‘Registering S3 methods’ in the ‘Writing R Extensions’
    manual.
Flavors: r-devel-linux-x86_64-debian-clang, r-devel-linux-x86_64-debian-gcc, r-devel-linux-x86_64-fedora-clang, r-devel-linux-x86_64-fedora-gcc, r-devel-osx-x86_64-clang

Version: 2.68.68
Check: whether package can be installed
Result: ERROR
    Installation failed.
Flavor: r-release-osx-x86_64-snowleopard