CRAN Package Check Results for Package PBSmapping

Last updated on 2017-09-21 17:48:16.

Flavor Version Tinstall Tcheck Ttotal Status Flags
r-devel-linux-x86_64-debian-clang 2.70.4 8.85 47.73 56.59 OK
r-devel-linux-x86_64-debian-gcc 2.70.4 9.34 46.05 55.39 OK
r-devel-linux-x86_64-fedora-clang 2.70.4 101.28 NOTE
r-devel-linux-x86_64-fedora-gcc 2.70.4 94.33 NOTE
r-devel-windows-ix86+x86_64 2.70.4 31.00 116.00 147.00 NOTE
r-patched-linux-x86_64 2.70.4 8.90 47.12 56.02 OK
r-patched-solaris-x86 2.70.4 116.70 NOTE
r-release-linux-x86_64 2.70.4 8.85 46.91 55.76 OK
r-release-windows-ix86+x86_64 2.70.4 36.00 111.00 147.00 NOTE
r-release-osx-x86_64 2.70.4 NOTE
r-oldrel-windows-ix86+x86_64 2.70.4 32.00 102.00 134.00 NOTE
r-oldrel-osx-x86_64 2.70.4 NOTE

Additional issues

rchk

Check Details

Version: 2.70.4
Check: installed package size
Result: NOTE
     installed size is 6.2Mb
     sub-directories of 1Mb or more:
     data 2.7Mb
     doc 1.1Mb
     libs 1.2Mb
Flavors: r-devel-linux-x86_64-fedora-clang, r-devel-linux-x86_64-fedora-gcc, r-devel-windows-ix86+x86_64, r-patched-solaris-x86, r-release-windows-ix86+x86_64, r-release-osx-x86_64, r-oldrel-windows-ix86+x86_64, r-oldrel-osx-x86_64