CRAN Package Check Results for Package PBSmapping

Last updated on 2014-04-24 07:52:33.

Flavor Version Tinstall Tcheck Ttotal Status Flags
r-devel-linux-x86_64-debian-clang 2.67.60 5.38 36.76 42.14 NOTE
r-devel-linux-x86_64-debian-gcc 2.67.60 7.67 36.84 44.50 NOTE
r-devel-linux-x86_64-fedora-clang 2.67.60 95.09 NOTE
r-devel-linux-x86_64-fedora-gcc 2.67.60 95.68 NOTE
r-devel-osx-x86_64-clang 2.67.60 72.98 NOTE
r-devel-osx-x86_64-gcc 2.67.60 NOTE
r-devel-windows-ix86+x86_64 2.67.60 26.00 74.00 100.00 NOTE
r-patched-linux-x86_64 2.67.60 7.81 36.38 44.19 NOTE
r-patched-solaris-sparc 2.67.60 454.80 NOTE
r-patched-solaris-x86 2.67.60 118.50 NOTE
r-release-linux-ix86 2.67.60 12.00 63.00 75.00 NOTE
r-release-linux-x86_64 2.67.60 7.59 36.96 44.55 NOTE
r-release-osx-x86_64-mavericks 2.67.60 WARN
r-release-osx-x86_64-snowleopard 2.67.60 NOTE
r-release-windows-ix86+x86_64 2.67.60 23.00 70.00 93.00 NOTE
r-oldrel-windows-ix86+x86_64 2.67.60 26.00 76.00 102.00 NOTE

Check Details

Version: 2.67.60
Check: installed package size
Result: NOTE
     installed size is 6.3Mb
     sub-directories of 1Mb or more:
     data 2.7Mb
     doc 1.5Mb
Flavors: r-devel-linux-x86_64-debian-clang, r-devel-linux-x86_64-debian-gcc, r-devel-linux-x86_64-fedora-clang, r-devel-linux-x86_64-fedora-gcc, r-devel-osx-x86_64-clang, r-devel-osx-x86_64-gcc, r-devel-windows-ix86+x86_64, r-patched-linux-x86_64, r-patched-solaris-sparc, r-patched-solaris-x86, r-release-linux-ix86, r-release-linux-x86_64, r-release-osx-x86_64-mavericks, r-release-osx-x86_64-snowleopard, r-release-windows-ix86+x86_64, r-oldrel-windows-ix86+x86_64

Version: 2.67.60
Check: package dependencies
Result: NOTE
    Package suggested but not available for checking: ‘maptools’
Flavors: r-devel-osx-x86_64-gcc, r-release-osx-x86_64-mavericks

Version: 2.67.60
Check: PDF version of manual
Result: WARNING
    LaTeX errors when creating PDF version.
    This typically indicates Rd problems.
    LaTeX errors found:
    ! LaTeX Error: File `upquote.sty' not found.
    
    Type X to quit or <RETURN> to proceed,
    or enter new name. (Default extension: sty)
    
    /private/tmp/RtmpKAeLt1/Rd2pdfe0c471dff6cb/Rd2.tex:8: ==> Fatal error occurred
    , no output PDF file produced!
Flavor: r-release-osx-x86_64-mavericks