CRAN Package Check Results for Package PBSmodelling

Last updated on 2014-04-23 20:47:17.

Flavor Version Tinstall Tcheck Ttotal Status Flags
r-devel-linux-x86_64-debian-clang 2.66.264 3.48 48.84 52.32 NOTE
r-devel-linux-x86_64-debian-gcc 2.66.264 3.54 49.71 53.25 NOTE
r-devel-linux-x86_64-fedora-clang 2.66.264 118.60 NOTE
r-devel-linux-x86_64-fedora-gcc 2.66.264 115.53 NOTE
r-devel-osx-x86_64-clang 2.66.264 91.80 OK
r-devel-osx-x86_64-gcc 2.66.264 ERROR
r-devel-windows-ix86+x86_64 2.66.264 13.00 65.00 78.00 OK
r-patched-linux-x86_64 2.66.264 3.44 48.01 51.45 NOTE
r-patched-solaris-sparc 2.66.264 518.60 NOTE
r-patched-solaris-x86 2.66.264 160.40 NOTE
r-release-linux-ix86 2.66.264 5.00 82.00 87.00 NOTE
r-release-linux-x86_64 2.66.264 3.32 49.32 52.64 NOTE
r-release-osx-x86_64-mavericks 2.66.264 OK
r-release-osx-x86_64-snowleopard 2.66.264 OK
r-release-windows-ix86+x86_64 2.66.264 13.00 70.00 83.00 OK
r-oldrel-windows-ix86+x86_64 2.66.264 12.00 69.00 81.00 OK

Check Details

Version: 2.66.264
Check: installed package size
Result: NOTE
     installed size is 5.0Mb
     sub-directories of 1Mb or more:
     doc 1.5Mb
     examples 1.7Mb
Flavors: r-devel-linux-x86_64-debian-clang, r-devel-linux-x86_64-debian-gcc, r-devel-linux-x86_64-fedora-clang, r-devel-linux-x86_64-fedora-gcc, r-patched-linux-x86_64, r-patched-solaris-sparc, r-patched-solaris-x86, r-release-linux-ix86, r-release-linux-x86_64

Version: 2.66.264
Check: package dependencies
Result: NOTE
    Package suggested but not available for checking: ‘XML’
Flavor: r-devel-osx-x86_64-gcc

Version: 2.66.264
Check: R code for possible problems
Result: NOTE
    .parseTalkFile : .processSection: no visible global function definition
     for ‘xmlGetAttr’
    .parseTalkFile : .processSection: no visible global function definition
     for ‘xmlChildren’
    .parseTalkFile : .processSection: no visible global function definition
     for ‘xmlName’
    .parseTalkFile : .processText: no visible global function definition
     for ‘xmlValue’
    .parseTalkFile : .processText: no visible global function definition
     for ‘xmlGetAttr’
    .parseTalkFile : .processFile: no visible global function definition
     for ‘xmlGetAttr’
    .parseTalkFile : .processFile: no visible global function definition
     for ‘xmlValue’
    .parseTalkFile : .processCode: no visible global function definition
     for ‘xmlGetAttr’
    .parseTalkFile : .processCode: no visible global function definition
     for ‘xmlValue’
    .parseTalkFile: no visible global function definition for
     ‘xmlTreeParse’
    .parseTalkFile: no visible global function definition for ‘xmlGetAttr’
    .parseTalkFile: no visible global function definition for ‘xmlChildren’
    .parseTalkFile: no visible global function definition for ‘xmlName’
Flavor: r-devel-osx-x86_64-gcc

Version: 2.66.264
Check: Rd cross-references
Result: NOTE
    Package unavailable to check Rd xrefs: ‘XML’
Flavor: r-devel-osx-x86_64-gcc

Version: 2.66.264
Check: examples
Result: ERROR
    Running examples in ‘PBSmodelling-Ex.R’ failed
    The error most likely occurred in:
    
    > ### Name: presentTalk
    > ### Title: Run a Presentation in R
    > ### Aliases: presentTalk
    >
    > ### ** Examples
    >
    > local(envir=.PBSmodEnv,expr={
    + cwd = getwd()
    + talk_dir <- system.file("examples", package = "PBSmodelling" )
    + setwd(talk_dir)
    + presentTalk( "swisstalk.xml" ) # closing the GUI should restore cwd
    + })
    Loading required package: XML
    Warning in library(package, lib.loc = lib.loc, character.only = TRUE, logical.return = TRUE, :
     there is no package called ‘XML’
    Error in presentTalk("swisstalk.xml") :
     the XML R package is required to use presentTalk - please install it first. Linux users might have to install libxml-dev (via apt) before installing the R XML package.
    Calls: local ... eval.parent -> eval -> eval -> eval -> eval -> presentTalk
    Execution halted
Flavor: r-devel-osx-x86_64-gcc