CRAN Package Check Results for Package PBSmodelling

Last updated on 2015-01-27 21:48:02.

Flavor Version Tinstall Tcheck Ttotal Status Flags
r-devel-linux-x86_64-debian-clang 2.67.266 3.57 56.03 59.60 NOTE
r-devel-linux-x86_64-debian-gcc 2.67.266 3.42 57.34 60.76 NOTE
r-devel-linux-x86_64-fedora-clang 2.67.266 92.02 NOTE
r-devel-linux-x86_64-fedora-gcc 2.67.266 90.59 NOTE
r-devel-osx-x86_64-clang 2.67.266 102.24 OK
r-devel-windows-ix86+x86_64 2.67.266 17.00 70.00 87.00 OK
r-patched-linux-x86_64 2.67.266 3.59 60.82 64.42 NOTE
r-patched-solaris-sparc 2.67.266 567.80 NOTE
r-patched-solaris-x86 2.67.266 112.20 NOTE
r-release-linux-ix86 2.66.264 4.09 2.52 6.61 OK
r-release-linux-x86_64 2.67.266 3.62 59.22 62.84 NOTE
r-release-osx-x86_64-mavericks 2.67.266 OK
r-release-osx-x86_64-snowleopard 2.67.266 OK
r-release-windows-ix86+x86_64 2.67.266 16.00 75.00 91.00 OK
r-oldrel-windows-ix86+x86_64 2.67.266 17.00 77.00 94.00 OK

Check Details

Version: 2.67.266
Check: installed package size
Result: NOTE
     installed size is 5.1Mb
     sub-directories of 1Mb or more:
     doc 1.5Mb
     examples 1.7Mb
Flavors: r-devel-linux-x86_64-debian-clang, r-devel-linux-x86_64-debian-gcc, r-devel-linux-x86_64-fedora-clang, r-devel-linux-x86_64-fedora-gcc, r-patched-linux-x86_64, r-patched-solaris-sparc, r-patched-solaris-x86, r-release-linux-x86_64