CRAN Package Check Results for Package PBSmodelling

Last updated on 2015-04-21 06:47:33.

Flavor Version Tinstall Tcheck Ttotal Status Flags
r-devel-linux-x86_64-debian-clang 2.67.266 3.34 55.25 58.60 NOTE
r-devel-linux-x86_64-debian-gcc 2.67.266 3.25 54.34 57.59 NOTE
r-devel-linux-x86_64-fedora-clang 2.67.266 113.59 NOTE
r-devel-linux-x86_64-fedora-gcc 2.67.266 107.31 NOTE
r-devel-osx-x86_64-clang 2.67.266 99.90 OK
r-devel-windows-ix86+x86_64 2.67.266 30.00 101.00 131.00 OK
r-patched-linux-x86_64 2.67.266 3.48 55.01 58.49 NOTE
r-patched-solaris-sparc 2.67.266 597.80 NOTE
r-patched-solaris-x86 2.67.266 128.30 NOTE
r-release-linux-x86_64 2.67.266 3.24 55.69 58.93 NOTE
r-release-osx-x86_64-mavericks 2.67.266 OK
r-release-osx-x86_64-snowleopard 2.67.266 ERROR
r-release-windows-ix86+x86_64 2.67.266 10.00 66.00 76.00 OK
r-oldrel-windows-ix86+x86_64 2.67.266 11.00 73.00 84.00 OK

Check Details

Version: 2.67.266
Check: installed package size
Result: NOTE
     installed size is 5.0Mb
     sub-directories of 1Mb or more:
     doc 1.5Mb
     examples 1.7Mb
Flavors: r-devel-linux-x86_64-debian-clang, r-devel-linux-x86_64-debian-gcc, r-devel-linux-x86_64-fedora-clang, r-devel-linux-x86_64-fedora-gcc, r-patched-linux-x86_64, r-patched-solaris-sparc, r-patched-solaris-x86, r-release-linux-x86_64

Version: 2.67.266
Check: package dependencies
Result: ERROR
    Package required but not available: ‘XML’
    
    See section ‘The DESCRIPTION file’ in the ‘Writing R Extensions’
    manual.
Flavor: r-release-osx-x86_64-snowleopard