CRAN Package Check Results for Package PBSmodelling

Last updated on 2015-02-27 11:48:50.

Flavor Version Tinstall Tcheck Ttotal Status Flags
r-devel-linux-x86_64-debian-clang 2.67.266 3.54 55.82 59.36 NOTE
r-devel-linux-x86_64-debian-gcc 2.67.266 3.48 55.80 59.28 NOTE
r-devel-linux-x86_64-fedora-clang 2.67.266 110.67 NOTE
r-devel-linux-x86_64-fedora-gcc 2.67.266 108.93 NOTE
r-devel-osx-x86_64-clang 2.67.266 100.73 OK
r-devel-windows-ix86+x86_64 2.67.266 25.00 79.00 104.00 OK
r-patched-linux-x86_64 2.67.266 3.50 59.58 63.08 NOTE
r-patched-solaris-sparc 2.67.266 567.80 NOTE
r-patched-solaris-x86 2.67.266 142.90 NOTE
r-release-linux-ix86 2.67.266 4.70 75.98 80.68 NOTE
r-release-linux-x86_64 2.67.266 3.48 59.38 62.86 NOTE
r-release-osx-x86_64-mavericks 2.67.266 OK
r-release-osx-x86_64-snowleopard 2.67.266 OK
r-release-windows-ix86+x86_64 2.67.266 15.00 80.00 95.00 OK
r-oldrel-windows-ix86+x86_64 2.67.266 15.00 114.00 129.00 OK

Check Details

Version: 2.67.266
Check: installed package size
Result: NOTE
     installed size is 5.0Mb
     sub-directories of 1Mb or more:
     doc 1.5Mb
     examples 1.7Mb
Flavors: r-devel-linux-x86_64-debian-clang, r-devel-linux-x86_64-debian-gcc, r-devel-linux-x86_64-fedora-clang, r-devel-linux-x86_64-fedora-gcc, r-patched-linux-x86_64, r-patched-solaris-sparc, r-patched-solaris-x86, r-release-linux-ix86, r-release-linux-x86_64