CRAN Package Check Results for Package PBSmodelling

Last updated on 2014-07-31 11:51:13.

Flavor Version Tinstall Tcheck Ttotal Status Flags
r-devel-linux-x86_64-debian-clang 2.66.264 3.16 46.16 49.32 NOTE
r-devel-linux-x86_64-debian-gcc 2.66.264 3.28 46.00 49.28 NOTE
r-devel-linux-x86_64-fedora-clang 2.66.264 117.50 NOTE
r-devel-linux-x86_64-fedora-gcc 2.66.264 112.37 NOTE
r-devel-osx-x86_64-clang 2.66.264 93.34 OK
r-devel-windows-ix86+x86_64 2.66.264 14.00 69.00 83.00 OK
r-patched-linux-x86_64 2.66.264 3.28 46.44 49.72 NOTE
r-patched-solaris-sparc 2.66.264 571.90 NOTE
r-patched-solaris-x86 2.66.264 152.10 NOTE
r-release-linux-ix86 2.66.264 4.24 60.65 64.89 NOTE
r-release-linux-x86_64 2.66.264 3.40 46.44 49.84 NOTE
r-release-osx-x86_64-mavericks 2.66.264 OK
r-release-osx-x86_64-snowleopard 2.66.264 OK
r-release-windows-ix86+x86_64 2.66.264 13.00 94.00 107.00 OK
r-oldrel-windows-ix86+x86_64 2.66.264 21.00 97.00 118.00 OK

Check Details

Version: 2.66.264
Check: installed package size
Result: NOTE
     installed size is 5.0Mb
     sub-directories of 1Mb or more:
     doc 1.5Mb
     examples 1.7Mb
Flavors: r-devel-linux-x86_64-debian-clang, r-devel-linux-x86_64-debian-gcc, r-devel-linux-x86_64-fedora-clang, r-devel-linux-x86_64-fedora-gcc, r-patched-linux-x86_64, r-patched-solaris-sparc, r-patched-solaris-x86, r-release-linux-ix86, r-release-linux-x86_64