CRAN Package Check Results for Package PBSmodelling

Last updated on 2015-03-29 00:48:22.

Flavor Version Tinstall Tcheck Ttotal Status Flags
r-devel-linux-x86_64-debian-clang 2.67.266 3.48 55.50 58.98 NOTE
r-devel-linux-x86_64-debian-gcc 2.67.266 3.41 54.26 57.66 NOTE
r-devel-linux-x86_64-fedora-clang 2.67.266 113.93 NOTE
r-devel-linux-x86_64-fedora-gcc 2.67.266 106.79 NOTE
r-devel-osx-x86_64-clang 2.67.266 101.08 OK
r-prerel-windows-ix86+x86_64 2.67.266 28.00 73.00 101.00 OK
r-prerel-linux-x86_64 2.67.266 3.29 53.84 57.13 NOTE
r-prerel-solaris-sparc 2.67.266 597.80 NOTE
r-prerel-solaris-x86 2.67.266 130.80 NOTE
r-release-linux-x86_64 2.67.266 3.47 58.54 62.00 NOTE
r-release-osx-x86_64-mavericks 2.67.266 OK
r-release-osx-x86_64-snowleopard 2.67.266 OK
r-release-windows-ix86+x86_64 2.67.266 16.00 87.00 103.00 OK
r-oldrel-windows-ix86+x86_64 2.67.266 19.00 77.00 96.00 OK

Check Details

Version: 2.67.266
Check: installed package size
Result: NOTE
     installed size is 5.0Mb
     sub-directories of 1Mb or more:
     doc 1.5Mb
     examples 1.7Mb
Flavors: r-devel-linux-x86_64-debian-clang, r-devel-linux-x86_64-debian-gcc, r-devel-linux-x86_64-fedora-clang, r-devel-linux-x86_64-fedora-gcc, r-prerel-linux-x86_64, r-prerel-solaris-sparc, r-prerel-solaris-x86, r-release-linux-x86_64