CRAN Package Check Results for Package PBSmodelling

Last updated on 2014-12-20 14:48:00.

Flavor Version Tinstall Tcheck Ttotal Status Flags
r-devel-linux-x86_64-debian-clang 2.66.264 3.26 54.40 57.65 NOTE
r-devel-linux-x86_64-debian-gcc 2.66.264 3.09 54.36 57.45 NOTE
r-devel-linux-x86_64-fedora-clang 2.66.264 109.34 NOTE
r-devel-linux-x86_64-fedora-gcc 2.66.264 97.80 NOTE
r-devel-osx-x86_64-clang 2.66.264 93.15 NOTE
r-devel-windows-ix86+x86_64 2.66.264 15.00 69.00 84.00 NOTE
r-patched-linux-x86_64 2.66.264 3.17 56.69 59.86 NOTE
r-patched-solaris-sparc 2.66.264 548.10 NOTE
r-patched-solaris-x86 2.66.264 128.80 NOTE
r-release-linux-ix86 2.66.264 4.10 58.65 62.75 NOTE
r-release-linux-x86_64 2.66.264 3.06 53.70 56.76 NOTE
r-release-osx-x86_64-mavericks 2.66.264 OK
r-release-osx-x86_64-snowleopard 2.66.264 OK
r-release-windows-ix86+x86_64 2.66.264 17.00 75.00 92.00 NOTE
r-oldrel-windows-ix86+x86_64 2.66.264 17.00 73.00 90.00 OK

Check Details

Version: 2.66.264
Check: installed package size
Result: NOTE
     installed size is 5.0Mb
     sub-directories of 1Mb or more:
     doc 1.5Mb
     examples 1.7Mb
Flavors: r-devel-linux-x86_64-debian-clang, r-devel-linux-x86_64-debian-gcc, r-devel-linux-x86_64-fedora-clang, r-devel-linux-x86_64-fedora-gcc, r-patched-linux-x86_64, r-patched-solaris-sparc, r-patched-solaris-x86, r-release-linux-ix86, r-release-linux-x86_64

Version: 2.66.264
Check: R code for possible problems
Result: NOTE
    .parseTalkFile : .processSection: no visible global function definition
     for ‘xmlGetAttr’
    .parseTalkFile : .processSection: no visible global function definition
     for ‘xmlChildren’
    .parseTalkFile : .processSection: no visible global function definition
     for ‘xmlName’
    .parseTalkFile : .processText: no visible global function definition
     for ‘xmlValue’
    .parseTalkFile : .processText: no visible global function definition
     for ‘xmlGetAttr’
    .parseTalkFile : .processFile: no visible global function definition
     for ‘xmlGetAttr’
    .parseTalkFile : .processFile: no visible global function definition
     for ‘xmlValue’
    .parseTalkFile : .processCode: no visible global function definition
     for ‘xmlGetAttr’
    .parseTalkFile : .processCode: no visible global function definition
     for ‘xmlValue’
    .parseTalkFile: no visible global function definition for
     ‘xmlTreeParse’
    .parseTalkFile: no visible global function definition for ‘xmlGetAttr’
    .parseTalkFile: no visible global function definition for ‘xmlChildren’
    .parseTalkFile: no visible global function definition for ‘xmlName’
    plotFriedEggs : fried.eggs: no visible global function definition for
     ‘bkde2D’
    plotFriedEggs : smoke.rings: no visible global function definition for
     ‘bkde2D’
Flavors: r-devel-linux-x86_64-debian-clang, r-devel-linux-x86_64-debian-gcc, r-devel-linux-x86_64-fedora-clang, r-devel-linux-x86_64-fedora-gcc, r-devel-osx-x86_64-clang, r-devel-windows-ix86+x86_64, r-patched-linux-x86_64, r-patched-solaris-sparc, r-patched-solaris-x86, r-release-linux-ix86, r-release-linux-x86_64, r-release-windows-ix86+x86_64