CRAN Package Check Results for Package PBSmodelling

Last updated on 2014-10-25 15:48:32.

Flavor Version Tinstall Tcheck Ttotal Status Flags
r-devel-linux-x86_64-debian-clang 2.66.264 3.15 54.60 57.75 NOTE
r-devel-linux-x86_64-debian-gcc 2.66.264 3.00 53.09 56.09 NOTE
r-devel-linux-x86_64-fedora-clang 2.66.264 111.08 NOTE
r-devel-linux-x86_64-fedora-gcc 2.66.264 107.52 NOTE
r-devel-osx-x86_64-clang 2.66.264 92.56 NOTE
r-devel-windows-ix86+x86_64 2.66.264 14.00 65.00 79.00 NOTE
r-patched-linux-x86_64 2.66.264 3.26 54.34 57.60 NOTE
r-patched-solaris-sparc 2.66.264 548.10 NOTE
r-patched-solaris-x86 2.66.264 127.30 NOTE
r-release-linux-ix86 2.66.264 4.28 62.37 66.65 NOTE
r-release-linux-x86_64 2.66.264 3.14 56.62 59.76 NOTE
r-release-osx-x86_64-mavericks 2.66.264 OK
r-release-osx-x86_64-snowleopard 2.66.264 OK
r-release-windows-ix86+x86_64 2.66.264 14.00 69.00 83.00 OK
r-oldrel-windows-ix86+x86_64 2.66.264 15.00 73.00 88.00 OK

Check Details

Version: 2.66.264
Check: installed package size
Result: NOTE
     installed size is 5.0Mb
     sub-directories of 1Mb or more:
     doc 1.5Mb
     examples 1.7Mb
Flavors: r-devel-linux-x86_64-debian-clang, r-devel-linux-x86_64-debian-gcc, r-devel-linux-x86_64-fedora-clang, r-devel-linux-x86_64-fedora-gcc, r-patched-linux-x86_64, r-patched-solaris-sparc, r-patched-solaris-x86, r-release-linux-ix86, r-release-linux-x86_64

Version: 2.66.264
Check: R code for possible problems
Result: NOTE
    .parseTalkFile : .processSection: no visible global function definition
     for ‘xmlGetAttr’
    .parseTalkFile : .processSection: no visible global function definition
     for ‘xmlChildren’
    .parseTalkFile : .processSection: no visible global function definition
     for ‘xmlName’
    .parseTalkFile : .processText: no visible global function definition
     for ‘xmlValue’
    .parseTalkFile : .processText: no visible global function definition
     for ‘xmlGetAttr’
    .parseTalkFile : .processFile: no visible global function definition
     for ‘xmlGetAttr’
    .parseTalkFile : .processFile: no visible global function definition
     for ‘xmlValue’
    .parseTalkFile : .processCode: no visible global function definition
     for ‘xmlGetAttr’
    .parseTalkFile : .processCode: no visible global function definition
     for ‘xmlValue’
    .parseTalkFile: no visible global function definition for
     ‘xmlTreeParse’
    .parseTalkFile: no visible global function definition for ‘xmlGetAttr’
    .parseTalkFile: no visible global function definition for ‘xmlChildren’
    .parseTalkFile: no visible global function definition for ‘xmlName’
    plotFriedEggs : fried.eggs: no visible global function definition for
     ‘bkde2D’
    plotFriedEggs : smoke.rings: no visible global function definition for
     ‘bkde2D’
Flavors: r-devel-linux-x86_64-debian-clang, r-devel-linux-x86_64-debian-gcc, r-devel-linux-x86_64-fedora-clang, r-devel-linux-x86_64-fedora-gcc, r-devel-osx-x86_64-clang, r-devel-windows-ix86+x86_64, r-patched-linux-x86_64, r-patched-solaris-sparc, r-patched-solaris-x86