CRAN Package Check Results for Package PBSmodelling

Last updated on 2015-05-30 21:46:47.

Flavor Version Tinstall Tcheck Ttotal Status Flags
r-devel-linux-x86_64-debian-clang 2.67.266 3.34 54.48 57.82 NOTE
r-devel-linux-x86_64-debian-gcc 2.67.266 3.32 54.06 57.38 NOTE
r-devel-linux-x86_64-fedora-clang 2.67.266 111.10 NOTE
r-devel-linux-x86_64-fedora-gcc 2.67.266 107.96 NOTE
r-devel-osx-x86_64-clang 2.67.266 115.65 OK
r-devel-windows-ix86+x86_64 2.67.266 16.00 78.00 94.00 OK
r-patched-linux-x86_64 2.67.266 3.31 53.84 57.16 NOTE
r-patched-solaris-sparc 2.67.266 606.30 NOTE
r-patched-solaris-x86 2.67.266 131.10 NOTE
r-release-linux-x86_64 2.67.266 5.44 55.32 60.76 NOTE
r-release-osx-x86_64-mavericks 2.67.266 OK
r-release-osx-x86_64-snowleopard 2.67.266 ERROR
r-release-windows-ix86+x86_64 2.67.266 18.00 75.00 93.00 OK
r-oldrel-windows-ix86+x86_64 2.67.266 17.00 117.00 134.00 OK

Check Details

Version: 2.67.266
Check: installed package size
Result: NOTE
     installed size is 5.0Mb
     sub-directories of 1Mb or more:
     doc 1.5Mb
     examples 1.7Mb
Flavors: r-devel-linux-x86_64-debian-clang, r-devel-linux-x86_64-debian-gcc, r-devel-linux-x86_64-fedora-clang, r-devel-linux-x86_64-fedora-gcc, r-patched-linux-x86_64, r-patched-solaris-sparc, r-patched-solaris-x86, r-release-linux-x86_64

Version: 2.67.266
Check: package dependencies
Result: ERROR
    Package required but not available: ‘XML’
    
    See section ‘The DESCRIPTION file’ in the ‘Writing R Extensions’
    manual.
Flavor: r-release-osx-x86_64-snowleopard