CRAN Package Check Results for Package PBSmodelling

Last updated on 2018-04-25 01:47:04 CEST.

Flavor Version Tinstall Tcheck Ttotal Status Flags
r-devel-linux-x86_64-debian-clang 2.68.6 13.73 80.27 94.00 OK
r-devel-linux-x86_64-debian-gcc 2.68.6 11.58 62.68 74.26 OK
r-devel-linux-x86_64-fedora-clang 2.68.6 115.43 NOTE
r-devel-linux-x86_64-fedora-gcc 2.68.6 112.31 NOTE
r-devel-windows-ix86+x86_64 2.68.6 34.00 96.00 130.00 OK
r-patched-linux-x86_64 2.68.6 13.60 79.72 93.32 OK
r-patched-solaris-x86 2.68.6 160.10 NOTE
r-release-linux-x86_64 2.68.6 13.64 79.28 92.92 OK
r-release-windows-ix86+x86_64 2.68.6 34.00 96.00 130.00 OK
r-release-osx-x86_64 2.68.6 NOTE
r-oldrel-windows-ix86+x86_64 2.68.6 25.00 126.00 151.00 OK
r-oldrel-osx-x86_64 2.68.6 OK

Additional issues

rchk

Check Details

Version: 2.68.6
Check: installed package size
Result: NOTE
     installed size is 5.2Mb
     sub-directories of 1Mb or more:
     doc 1.3Mb
     examples 1.7Mb
Flavors: r-devel-linux-x86_64-fedora-clang, r-devel-linux-x86_64-fedora-gcc, r-patched-solaris-x86, r-release-osx-x86_64