CRAN Package Check Results for Package PBSmodelling

Last updated on 2018-02-24 23:49:10 CET.

Flavor Version Tinstall Tcheck Ttotal Status Flags
r-devel-linux-x86_64-debian-clang 2.68.6 16.04 79.65 95.69 OK
r-devel-linux-x86_64-debian-gcc 2.68.6 11.77 62.04 73.81 OK
r-devel-linux-x86_64-fedora-clang 2.68.6 115.33 NOTE
r-devel-linux-x86_64-fedora-gcc 2.68.6 114.15 NOTE
r-devel-windows-ix86+x86_64 2.68.6 39.00 124.00 163.00 OK
r-patched-linux-x86_64 2.68.6 5.13 84.05 89.18 OK
r-patched-solaris-x86 2.68.6 125.70 OK
r-release-linux-x86_64 2.68.6 4.80 84.83 89.63 OK
r-release-windows-ix86+x86_64 2.68.6 19.00 125.00 144.00 OK
r-release-osx-x86_64 2.68.6 OK
r-oldrel-windows-ix86+x86_64 2.68.6 17.00 99.00 116.00 OK
r-oldrel-osx-x86_64 2.68.6 OK

Additional issues

rchk

Check Details

Version: 2.68.6
Check: installed package size
Result: NOTE
     installed size is 5.2Mb
     sub-directories of 1Mb or more:
     doc 1.3Mb
     examples 1.7Mb
Flavors: r-devel-linux-x86_64-fedora-clang, r-devel-linux-x86_64-fedora-gcc