CRAN Package Check Results for Package PCADSC

Last updated on 2023-06-07 22:02:50 CEST.

Flavor Version Tinstall Tcheck Ttotal Status Flags
r-devel-linux-x86_64-debian-clang 0.8.0 5.38 60.23 65.61 NOTE
r-devel-linux-x86_64-debian-gcc 0.8.0 3.68 46.02 49.70 NOTE
r-devel-linux-x86_64-fedora-clang 0.8.0 80.41 NOTE
r-devel-linux-x86_64-fedora-gcc 0.8.0 76.66 NOTE
r-devel-windows-x86_64 0.8.0 7.00 63.00 70.00 NOTE
r-patched-linux-x86_64 0.8.0 6.57 54.67 61.24 NOTE
r-release-linux-x86_64 0.8.0 6.14 55.89 62.03 NOTE
r-release-macos-arm64 0.8.0 28.00 NOTE
r-release-macos-x86_64 0.8.0 41.00 NOTE
r-release-windows-x86_64 0.8.0 8.00 70.00 78.00 NOTE
r-oldrel-macos-arm64 0.8.0 27.00 NOTE
r-oldrel-macos-x86_64 0.8.0 48.00 NOTE
r-oldrel-windows-x86_64 0.8.0 8.00 77.00 85.00 NOTE

Check Details

Version: 0.8.0
Check: LazyData
Result: NOTE
     'LazyData' is specified without a 'data' directory
Flavors: r-devel-linux-x86_64-debian-clang, r-devel-linux-x86_64-debian-gcc, r-devel-linux-x86_64-fedora-clang, r-devel-linux-x86_64-fedora-gcc, r-devel-windows-x86_64, r-patched-linux-x86_64, r-release-linux-x86_64, r-release-macos-arm64, r-release-macos-x86_64, r-release-windows-x86_64, r-oldrel-macos-arm64, r-oldrel-macos-x86_64, r-oldrel-windows-x86_64

Version: 0.8.0
Check: dependencies in R code
Result: NOTE
    Namespaces in Imports field not imported from:
     ‘Matrix’ ‘pander’
     All declared Imports should be used.
Flavors: r-devel-linux-x86_64-fedora-clang, r-devel-linux-x86_64-fedora-gcc, r-oldrel-macos-arm64, r-oldrel-macos-x86_64

Version: 0.8.0
Check: Rd cross-references
Result: NOTE
    Undeclared packages ‘tibble’, ‘data.table’ in Rd xrefs
Flavor: r-devel-linux-x86_64-fedora-clang