CRAN Package Check Results for Package PCICt

Last updated on 2014-04-24 23:48:08.

Flavor Version Tinstall Tcheck Ttotal Status Flags
r-devel-linux-x86_64-debian-clang 0.5-4 1.18 13.66 14.84 NOTE
r-devel-linux-x86_64-debian-gcc 0.5-4 1.67 13.86 15.53 NOTE
r-devel-linux-x86_64-fedora-clang 0.5-4 29.09 NOTE
r-devel-linux-x86_64-fedora-gcc 0.5-4 27.86 NOTE
r-devel-osx-x86_64-clang 0.5-4 30.39 NOTE
r-devel-osx-x86_64-gcc 0.5-4 NOTE
r-devel-windows-ix86+x86_64 0.5-4 6.00 25.00 31.00 NOTE
r-patched-linux-x86_64 0.5-4 1.52 13.52 15.04 NOTE
r-patched-solaris-sparc 0.5-4 170.80 NOTE
r-patched-solaris-x86 0.5-4 44.30 NOTE
r-release-linux-ix86 0.5-4 3.00 28.00 31.00 NOTE
r-release-linux-x86_64 0.5-4 1.48 13.78 15.26 NOTE
r-release-osx-x86_64-mavericks 0.5-4 WARN
r-release-windows-ix86+x86_64 0.5-4 11.00 34.00 45.00 NOTE
r-oldrel-windows-ix86+x86_64 0.5-4 6.00 28.00 34.00 NOTE

Check Details

Version: 0.5-4
Check: dependencies in R code
Result: NOTE
    Package in Depends field not imported from: ‘methods’
     These packages need to be imported from (in the NAMESPACE file)
     for when this namespace is loaded but not attached.
    See the information on DESCRIPTION files in the chapter ‘Creating R
    packages’ of the ‘Writing R Extensions’ manual.
Flavors: r-devel-linux-x86_64-debian-clang, r-devel-linux-x86_64-debian-gcc, r-devel-linux-x86_64-fedora-clang, r-devel-linux-x86_64-fedora-gcc, r-devel-osx-x86_64-clang, r-devel-osx-x86_64-gcc, r-devel-windows-ix86+x86_64, r-patched-linux-x86_64, r-patched-solaris-sparc, r-patched-solaris-x86, r-release-linux-ix86, r-release-linux-x86_64, r-release-osx-x86_64-mavericks, r-release-windows-ix86+x86_64, r-oldrel-windows-ix86+x86_64

Version: 0.5-4
Check: PDF version of manual
Result: WARNING
    LaTeX errors when creating PDF version.
    This typically indicates Rd problems.
    LaTeX errors found:
    ! LaTeX Error: File `upquote.sty' not found.
    
    Type X to quit or <RETURN> to proceed,
    or enter new name. (Default extension: sty)
    
    47f022f2/Rd2.tex:8: ==> Fatal error occurred, no output PDF file produced!
Flavor: r-release-osx-x86_64-mavericks