CRAN Package Check Results for Package PCICt

Last updated on 2015-09-02 03:48:35.

Flavor Version Tinstall Tcheck Ttotal Status Flags
r-devel-linux-x86_64-debian-clang 0.5-4 1.21 12.42 13.64 NOTE
r-devel-linux-x86_64-debian-gcc 0.5-4 1.35 12.30 13.65 NOTE
r-devel-linux-x86_64-fedora-clang 0.5-4 25.33 NOTE
r-devel-linux-x86_64-fedora-gcc 0.5-4 24.48 NOTE
r-devel-osx-x86_64-clang 0.5-4 25.88 NOTE
r-devel-windows-ix86+x86_64 0.5-4 6.00 31.00 37.00 NOTE
r-patched-linux-x86_64 0.5-4 1.51 13.00 14.50 NOTE
r-patched-solaris-sparc 0.5-4 178.60 NOTE
r-patched-solaris-x86 0.5-4 41.80 NOTE
r-release-linux-x86_64 0.5-4 1.45 13.52 14.97 NOTE
r-release-osx-x86_64-mavericks 0.5-4 NOTE
r-release-windows-ix86+x86_64 0.5-4 7.00 40.00 47.00 NOTE
r-oldrel-windows-ix86+x86_64 0.5-4 12.00 31.00 43.00 NOTE

Check Details

Version: 0.5-4
Check: DESCRIPTION meta-information
Result: NOTE
    Malformed Title field: should not end in a period.
Flavors: r-devel-linux-x86_64-debian-clang, r-devel-linux-x86_64-debian-gcc, r-devel-linux-x86_64-fedora-clang, r-devel-linux-x86_64-fedora-gcc, r-devel-osx-x86_64-clang, r-devel-windows-ix86+x86_64, r-patched-linux-x86_64, r-patched-solaris-sparc, r-patched-solaris-x86, r-release-linux-x86_64, r-release-osx-x86_64-mavericks, r-release-windows-ix86+x86_64

Version: 0.5-4
Check: dependencies in R code
Result: NOTE
    Package in Depends field not imported from: ‘methods’
     These packages need to be imported from (in the NAMESPACE file)
     for when this namespace is loaded but not attached.
Flavors: r-devel-linux-x86_64-debian-clang, r-devel-linux-x86_64-debian-gcc, r-devel-linux-x86_64-fedora-clang, r-devel-linux-x86_64-fedora-gcc, r-devel-osx-x86_64-clang, r-devel-windows-ix86+x86_64, r-patched-linux-x86_64, r-patched-solaris-sparc, r-patched-solaris-x86, r-release-linux-x86_64, r-release-osx-x86_64-mavericks, r-release-windows-ix86+x86_64, r-oldrel-windows-ix86+x86_64

Version: 0.5-4
Check: S3 generic/method consistency
Result: NOTE
    Found the following apparent S3 methods exported but not registered:
     +.PCICt -.PCICt Ops.PCICt as.PCICt.POSIXct as.PCICt.POSIXlt
     as.PCICt.default as.PCICt.numeric as.POSIXct.PCICt as.POSIXlt.PCICt
     as.character.PCICt round.PCICt
    See section ‘Registering S3 methods’ in the ‘Writing R Extensions’
    manual.
Flavors: r-devel-linux-x86_64-debian-clang, r-devel-linux-x86_64-debian-gcc, r-devel-linux-x86_64-fedora-clang, r-devel-linux-x86_64-fedora-gcc, r-devel-osx-x86_64-clang, r-patched-linux-x86_64, r-patched-solaris-sparc, r-patched-solaris-x86, r-release-linux-x86_64