CRAN Package Check Results for Package PCICt

Last updated on 2014-09-01 11:49:01.

Flavor Version Tinstall Tcheck Ttotal Status Flags
r-devel-linux-x86_64-debian-clang 0.5-4 1.08 12.42 13.50 NOTE
r-devel-linux-x86_64-debian-gcc 0.5-4 1.70 12.60 14.30 NOTE
r-devel-linux-x86_64-fedora-clang 0.5-4 28.06 NOTE
r-devel-linux-x86_64-fedora-gcc 0.5-4 26.98 NOTE
r-devel-osx-x86_64-clang 0.5-4 27.95 NOTE
r-devel-windows-ix86+x86_64 0.5-4 6.00 25.00 31.00 NOTE
r-patched-linux-x86_64 0.5-4 1.48 12.78 14.26 NOTE
r-patched-solaris-sparc 0.5-4 175.00 NOTE
r-patched-solaris-x86 0.5-4 42.70 NOTE
r-release-linux-ix86 0.5-4 2.09 19.52 21.60 NOTE
r-release-linux-x86_64 0.5-4 1.47 13.24 14.71 NOTE
r-release-osx-x86_64-mavericks 0.5-4 NOTE
r-release-windows-ix86+x86_64 0.5-4 9.00 26.00 35.00 NOTE
r-oldrel-windows-ix86+x86_64 0.5-4 6.00 28.00 34.00 NOTE

Check Details

Version: 0.5-4
Check: dependencies in R code
Result: NOTE
    Package in Depends field not imported from: ‘methods’
     These packages need to be imported from (in the NAMESPACE file)
     for when this namespace is loaded but not attached.
    See the information on DESCRIPTION files in the chapter ‘Creating R
    packages’ of the ‘Writing R Extensions’ manual.
Flavors: r-devel-linux-x86_64-debian-clang, r-devel-linux-x86_64-debian-gcc, r-devel-linux-x86_64-fedora-clang, r-devel-linux-x86_64-fedora-gcc, r-devel-osx-x86_64-clang, r-devel-windows-ix86+x86_64, r-patched-linux-x86_64, r-patched-solaris-sparc, r-patched-solaris-x86, r-release-linux-ix86, r-release-linux-x86_64, r-release-osx-x86_64-mavericks, r-release-windows-ix86+x86_64, r-oldrel-windows-ix86+x86_64