CRAN Package Check Results for Package PCICt

Last updated on 2014-10-31 05:47:25.

Flavor Version Tinstall Tcheck Ttotal Status Flags
r-devel-linux-x86_64-debian-clang 0.5-4 1.21 14.74 15.95 NOTE
r-devel-linux-x86_64-debian-gcc 0.5-4 1.49 13.57 15.06 NOTE
r-devel-linux-x86_64-fedora-clang 0.5-4 29.83 NOTE
r-devel-linux-x86_64-fedora-gcc 0.5-4 28.54 NOTE
r-devel-osx-x86_64-clang 0.5-4 32.39 NOTE
r-devel-windows-ix86+x86_64 0.5-4 5.00 25.00 30.00 NOTE
r-patched-linux-x86_64 0.5-4 1.46 13.27 14.73 NOTE
r-patched-solaris-sparc 0.5-4 175.00 NOTE
r-patched-solaris-x86 0.5-4 45.90 NOTE
r-release-linux-ix86 0.5-4 2.09 19.35 21.44 NOTE
r-release-linux-x86_64 0.5-4 1.49 13.42 14.91 NOTE
r-release-osx-x86_64-mavericks 0.5-4 NOTE
r-release-windows-ix86+x86_64 0.5-4 7.00 26.00 33.00 NOTE
r-oldrel-windows-ix86+x86_64 0.5-4 8.00 27.00 35.00 NOTE

Check Details

Version: 0.5-4
Check: dependencies in R code
Result: NOTE
    Package in Depends field not imported from: ‘methods’
     These packages need to be imported from (in the NAMESPACE file)
     for when this namespace is loaded but not attached.
    See the information on DESCRIPTION files in the chapter ‘Creating R
    packages’ of the ‘Writing R Extensions’ manual.
Flavors: r-devel-linux-x86_64-debian-clang, r-devel-linux-x86_64-debian-gcc, r-devel-linux-x86_64-fedora-clang, r-devel-linux-x86_64-fedora-gcc, r-devel-osx-x86_64-clang, r-devel-windows-ix86+x86_64, r-patched-linux-x86_64, r-patched-solaris-sparc, r-patched-solaris-x86, r-release-linux-ix86, r-release-linux-x86_64, r-release-osx-x86_64-mavericks, r-release-windows-ix86+x86_64, r-oldrel-windows-ix86+x86_64