CRAN Package Check Results for Package PCICt

Last updated on 2017-11-24 14:49:52 CET.

Flavor Version Tinstall Tcheck Ttotal Status Flags
r-devel-linux-x86_64-debian-clang 0.5-4 2.08 41.15 43.23 NOTE
r-devel-linux-x86_64-debian-gcc 0.5-4 1.92 41.69 43.62 NOTE
r-devel-linux-x86_64-fedora-clang 0.5-4 27.09 NOTE
r-devel-linux-x86_64-fedora-gcc 0.5-4 26.60 NOTE
r-devel-windows-ix86+x86_64 0.5-4 11.00 38.00 49.00 NOTE
r-patched-linux-x86_64 0.5-4 2.10 41.95 44.05 NOTE
r-patched-solaris-x86 0.5-4 46.70 NOTE
r-release-linux-x86_64 0.5-4 2.02 42.23 44.25 NOTE
r-release-windows-ix86+x86_64 0.5-4 7.00 37.00 44.00 NOTE
r-release-osx-x86_64 0.5-4 NOTE
r-oldrel-windows-ix86+x86_64 0.5-4 14.00 44.00 58.00 NOTE
r-oldrel-osx-x86_64 0.5-4 NOTE

Additional issues

rchk

Check Details

Version: 0.5-4
Check: DESCRIPTION meta-information
Result: NOTE
    Malformed Title field: should not end in a period.
Flavors: r-devel-linux-x86_64-debian-clang, r-devel-linux-x86_64-debian-gcc, r-devel-linux-x86_64-fedora-clang, r-devel-linux-x86_64-fedora-gcc, r-devel-windows-ix86+x86_64, r-patched-linux-x86_64, r-patched-solaris-x86, r-release-linux-x86_64, r-release-windows-ix86+x86_64, r-release-osx-x86_64, r-oldrel-windows-ix86+x86_64, r-oldrel-osx-x86_64

Version: 0.5-4
Check: dependencies in R code
Result: NOTE
    Package in Depends field not imported from: ‘methods’
     These packages need to be imported from (in the NAMESPACE file)
     for when this namespace is loaded but not attached.
Flavors: r-devel-linux-x86_64-debian-clang, r-devel-linux-x86_64-debian-gcc, r-devel-linux-x86_64-fedora-clang, r-devel-linux-x86_64-fedora-gcc, r-devel-windows-ix86+x86_64, r-patched-linux-x86_64, r-patched-solaris-x86, r-release-linux-x86_64, r-release-windows-ix86+x86_64, r-release-osx-x86_64, r-oldrel-windows-ix86+x86_64, r-oldrel-osx-x86_64

Version: 0.5-4
Check: S3 generic/method consistency
Result: NOTE
    Found the following apparent S3 methods exported but not registered:
     +.PCICt -.PCICt Ops.PCICt [.PCICt [<-.PCICt as.PCICt.POSIXct
     as.PCICt.POSIXlt as.PCICt.default as.PCICt.numeric as.POSIXct.PCICt
     as.POSIXlt.PCICt as.character.PCICt round.PCICt
    See section ‘Registering S3 methods’ in the ‘Writing R Extensions’
    manual.
Flavors: r-devel-linux-x86_64-debian-clang, r-devel-linux-x86_64-debian-gcc, r-devel-linux-x86_64-fedora-clang, r-devel-linux-x86_64-fedora-gcc, r-patched-linux-x86_64, r-patched-solaris-x86, r-release-linux-x86_64

Version: 0.5-4
Check: compiled code
Result: NOTE
    File ‘PCICt/libs/PCICt.so’:
     Found no call to: ‘R_useDynamicSymbols’
    
    It is good practice to register native routines and to disable symbol
    search.
    
    See ‘Writing portable packages’ in the ‘Writing R Extensions’ manual.
Flavors: r-devel-linux-x86_64-debian-clang, r-devel-linux-x86_64-debian-gcc, r-devel-linux-x86_64-fedora-clang, r-devel-linux-x86_64-fedora-gcc, r-patched-linux-x86_64, r-release-linux-x86_64