CRAN Package Check Results for Package PCICt

Last updated on 2016-09-28 21:48:22.

Flavor Version Tinstall Tcheck Ttotal Status Flags
r-devel-linux-x86_64-debian-clang 0.5-4 1.63 13.05 14.68 NOTE
r-devel-linux-x86_64-debian-gcc 0.5-4 1.60 13.45 15.05 NOTE
r-devel-linux-x86_64-fedora-clang 0.5-4 24.16 NOTE
r-devel-linux-x86_64-fedora-gcc 0.5-4 23.71 NOTE
r-devel-macos-x86_64-clang 0.5-4 21.39 NOTE
r-devel-windows-ix86+x86_64 0.5-4 10.00 34.00 44.00 NOTE
r-patched-linux-x86_64 0.5-4 1.47 13.44 14.91 NOTE
r-patched-solaris-sparc 0.5-4 142.90 NOTE
r-patched-solaris-x86 0.5-4 33.20 NOTE
r-release-linux-x86_64 0.5-4 1.51 13.48 14.99 NOTE
r-release-osx-x86_64-mavericks 0.5-4 NOTE
r-release-windows-ix86+x86_64 0.5-4 6.00 32.00 38.00 NOTE
r-oldrel-windows-ix86+x86_64 0.5-4 8.00 34.00 42.00 NOTE

Check Details

Version: 0.5-4
Check: DESCRIPTION meta-information
Result: NOTE
    Malformed Title field: should not end in a period.
Flavors: r-devel-linux-x86_64-debian-clang, r-devel-linux-x86_64-debian-gcc, r-devel-linux-x86_64-fedora-clang, r-devel-linux-x86_64-fedora-gcc, r-devel-macos-x86_64-clang, r-devel-windows-ix86+x86_64, r-patched-linux-x86_64, r-patched-solaris-sparc, r-patched-solaris-x86, r-release-linux-x86_64, r-release-osx-x86_64-mavericks, r-release-windows-ix86+x86_64, r-oldrel-windows-ix86+x86_64

Version: 0.5-4
Check: dependencies in R code
Result: NOTE
    Package in Depends field not imported from: ‘methods’
     These packages need to be imported from (in the NAMESPACE file)
     for when this namespace is loaded but not attached.
Flavors: r-devel-linux-x86_64-debian-clang, r-devel-linux-x86_64-debian-gcc, r-devel-linux-x86_64-fedora-clang, r-devel-linux-x86_64-fedora-gcc, r-devel-macos-x86_64-clang, r-devel-windows-ix86+x86_64, r-patched-linux-x86_64, r-patched-solaris-sparc, r-patched-solaris-x86, r-release-linux-x86_64, r-release-osx-x86_64-mavericks, r-release-windows-ix86+x86_64, r-oldrel-windows-ix86+x86_64

Version: 0.5-4
Check: S3 generic/method consistency
Result: NOTE
    Found the following apparent S3 methods exported but not registered:
     +.PCICt -.PCICt Ops.PCICt as.PCICt.POSIXct as.PCICt.POSIXlt
     as.PCICt.default as.PCICt.numeric as.POSIXct.PCICt as.POSIXlt.PCICt
     as.character.PCICt round.PCICt
    See section ‘Registering S3 methods’ in the ‘Writing R Extensions’
    manual.
Flavors: r-devel-linux-x86_64-debian-clang, r-devel-linux-x86_64-debian-gcc, r-devel-linux-x86_64-fedora-clang, r-devel-linux-x86_64-fedora-gcc, r-devel-macos-x86_64-clang, r-patched-linux-x86_64, r-patched-solaris-sparc, r-patched-solaris-x86, r-release-linux-x86_64