CRAN Package Check Results for Package PCICt

Last updated on 2015-01-29 23:48:22.

Flavor Version Tinstall Tcheck Ttotal Status Flags
r-devel-linux-x86_64-debian-clang 0.5-4 1.21 13.90 15.12 NOTE
r-devel-linux-x86_64-debian-gcc 0.5-4 1.42 12.86 14.28 NOTE
r-devel-linux-x86_64-fedora-clang 0.5-4 31.86 NOTE
r-devel-linux-x86_64-fedora-gcc 0.5-4 29.64 NOTE
r-devel-osx-x86_64-clang 0.5-4 32.90 NOTE
r-devel-windows-ix86+x86_64 0.5-4 7.00 26.00 33.00 NOTE
r-patched-linux-x86_64 0.5-4 1.50 14.24 15.74 NOTE
r-patched-solaris-sparc 0.5-4 203.30 NOTE
r-patched-solaris-x86 0.5-4 46.80 NOTE
r-release-linux-ix86 0.5-4 2.04 19.84 21.88 NOTE
r-release-linux-x86_64 0.5-4 1.48 14.24 15.73 NOTE
r-release-osx-x86_64-mavericks 0.5-4 NOTE
r-release-windows-ix86+x86_64 0.5-4 7.00 29.00 36.00 NOTE
r-oldrel-windows-ix86+x86_64 0.5-4 8.00 28.00 36.00 NOTE

Check Details

Version: 0.5-4
Check: dependencies in R code
Result: NOTE
    Package in Depends field not imported from: ‘methods’
     These packages need to be imported from (in the NAMESPACE file)
     for when this namespace is loaded but not attached.
Flavors: r-devel-linux-x86_64-debian-clang, r-devel-linux-x86_64-debian-gcc, r-devel-linux-x86_64-fedora-clang, r-devel-linux-x86_64-fedora-gcc, r-devel-osx-x86_64-clang, r-devel-windows-ix86+x86_64

Version: 0.5-4
Check: S3 generic/method consistency
Result: NOTE
    Found the following apparent S3 methods exported but not registered:
     as.PCICt.POSIXct as.PCICt.POSIXlt as.PCICt.default as.PCICt.numeric
     as.POSIXct.PCICt as.POSIXlt.PCICt Ops.PCICt as.character.PCICt
     round.PCICt +.PCICt -.PCICt
    See section ‘Registering S3 methods’ in the ‘Writing R Extensions’
    manual.
Flavors: r-devel-linux-x86_64-debian-clang, r-devel-linux-x86_64-debian-gcc, r-devel-linux-x86_64-fedora-clang, r-devel-linux-x86_64-fedora-gcc, r-devel-osx-x86_64-clang

Version: 0.5-4
Check: dependencies in R code
Result: NOTE
    Package in Depends field not imported from: ‘methods’
     These packages need to be imported from (in the NAMESPACE file)
     for when this namespace is loaded but not attached.
    See the information on DESCRIPTION files in the chapter ‘Creating R
    packages’ of the ‘Writing R Extensions’ manual.
Flavors: r-patched-linux-x86_64, r-patched-solaris-sparc, r-patched-solaris-x86, r-release-linux-ix86, r-release-linux-x86_64, r-release-osx-x86_64-mavericks, r-release-windows-ix86+x86_64, r-oldrel-windows-ix86+x86_64