CRAN Package Check Results for Package PCICt

Last updated on 2016-12-06 18:49:37.

Flavor Version Tinstall Tcheck Ttotal Status Flags
r-devel-linux-x86_64-debian-clang 0.5-4 1.54 15.25 16.78 NOTE
r-devel-linux-x86_64-debian-gcc 0.5-4 1.57 15.08 16.65 NOTE
r-devel-linux-x86_64-fedora-clang 0.5-4 29.93 NOTE --no-stop-on-test-error
r-devel-linux-x86_64-fedora-gcc 0.5-4 28.66 NOTE --no-stop-on-test-error
r-devel-macos-x86_64-clang 0.5-4 25.51 NOTE --no-stop-on-test-error
r-devel-windows-ix86+x86_64 0.5-4 13.00 47.00 60.00 NOTE
r-patched-linux-x86_64 0.5-4 1.42 12.85 14.27 NOTE
r-patched-solaris-sparc 0.5-4 142.90 NOTE
r-patched-solaris-x86 0.5-4 33.90 NOTE
r-release-linux-x86_64 0.5-4 1.52 12.92 14.45 NOTE
r-release-osx-x86_64-mavericks 0.5-4 NOTE
r-release-windows-ix86+x86_64 0.5-4 14.00 69.00 83.00 NOTE
r-oldrel-windows-ix86+x86_64 0.5-4 16.00 42.00 58.00 NOTE

Check Details

Version: 0.5-4
Check: DESCRIPTION meta-information
Result: NOTE
    Malformed Title field: should not end in a period.
Flavors: r-devel-linux-x86_64-debian-clang, r-devel-linux-x86_64-debian-gcc, r-devel-windows-ix86+x86_64, r-patched-linux-x86_64, r-patched-solaris-sparc, r-patched-solaris-x86, r-release-linux-x86_64, r-release-osx-x86_64-mavericks, r-release-windows-ix86+x86_64, r-oldrel-windows-ix86+x86_64

Version: 0.5-4
Check: dependencies in R code
Result: NOTE
    Package in Depends field not imported from: ‘methods’
     These packages need to be imported from (in the NAMESPACE file)
     for when this namespace is loaded but not attached.
Flavors: r-devel-linux-x86_64-debian-clang, r-devel-linux-x86_64-debian-gcc, r-devel-windows-ix86+x86_64, r-patched-linux-x86_64, r-patched-solaris-sparc, r-patched-solaris-x86, r-release-linux-x86_64, r-release-osx-x86_64-mavericks, r-release-windows-ix86+x86_64, r-oldrel-windows-ix86+x86_64

Version: 0.5-4
Check: S3 generic/method consistency
Result: NOTE
    Found the following apparent S3 methods exported but not registered:
     +.PCICt -.PCICt Ops.PCICt as.PCICt.POSIXct as.PCICt.POSIXlt
     as.PCICt.default as.PCICt.numeric as.POSIXct.PCICt as.POSIXlt.PCICt
     as.character.PCICt round.PCICt
    See section ‘Registering S3 methods’ in the ‘Writing R Extensions’
    manual.
Flavors: r-devel-linux-x86_64-debian-clang, r-devel-linux-x86_64-debian-gcc, r-patched-linux-x86_64, r-patched-solaris-sparc, r-patched-solaris-x86, r-release-linux-x86_64

Version: 0.5-4
Flags: --no-stop-on-test-error
Check: DESCRIPTION meta-information
Result: NOTE
    Malformed Title field: should not end in a period.
Flavors: r-devel-linux-x86_64-fedora-clang, r-devel-linux-x86_64-fedora-gcc, r-devel-macos-x86_64-clang

Version: 0.5-4
Flags: --no-stop-on-test-error
Check: dependencies in R code
Result: NOTE
    Package in Depends field not imported from: ‘methods’
     These packages need to be imported from (in the NAMESPACE file)
     for when this namespace is loaded but not attached.
Flavors: r-devel-linux-x86_64-fedora-clang, r-devel-linux-x86_64-fedora-gcc, r-devel-macos-x86_64-clang

Version: 0.5-4
Flags: --no-stop-on-test-error
Check: S3 generic/method consistency
Result: NOTE
    Found the following apparent S3 methods exported but not registered:
     +.PCICt -.PCICt Ops.PCICt as.PCICt.POSIXct as.PCICt.POSIXlt
     as.PCICt.default as.PCICt.numeric as.POSIXct.PCICt as.POSIXlt.PCICt
     as.character.PCICt round.PCICt
    See section ‘Registering S3 methods’ in the ‘Writing R Extensions’
    manual.
Flavors: r-devel-linux-x86_64-fedora-clang, r-devel-linux-x86_64-fedora-gcc, r-devel-macos-x86_64-clang