CRAN Package Check Results for Package PCICt

Last updated on 2018-04-21 16:46:59 CEST.

Flavor Version Tinstall Tcheck Ttotal Status Flags
r-devel-linux-x86_64-debian-clang 0.5-4.1 3.16 22.28 25.44 NOTE
r-devel-linux-x86_64-debian-gcc 0.5-4.1 2.47 18.24 20.71 NOTE
r-devel-linux-x86_64-fedora-clang 0.5-4.1 30.03 NOTE
r-devel-linux-x86_64-fedora-gcc 0.5-4.1 29.26 NOTE
r-devel-windows-ix86+x86_64 0.5-4.1 10.00 56.00 66.00 OK
r-devel-osx-x86_64 0.5-4.1 OK
r-patched-linux-x86_64 0.5-4.1 3.77 22.01 25.78 NOTE
r-patched-solaris-x86 0.5-4.1 50.20 OK
r-release-linux-x86_64 0.5-4.1 2.56 22.25 24.81 NOTE
r-release-windows-ix86+x86_64 0.5-4.1 10.00 50.00 60.00 OK
r-release-osx-x86_64 0.5-4.1 OK
r-oldrel-windows-ix86+x86_64 0.5-4.1 11.00 48.00 59.00 OK

Additional issues

rchk

Check Details

Version: 0.5-4.1
Check: compiled code
Result: NOTE
    File ‘PCICt/libs/PCICt.so’:
     Found no call to: ‘R_useDynamicSymbols’
    
    It is good practice to register native routines and to disable symbol
    search.
    
    See ‘Writing portable packages’ in the ‘Writing R Extensions’ manual.
Flavors: r-devel-linux-x86_64-debian-clang, r-devel-linux-x86_64-debian-gcc, r-devel-linux-x86_64-fedora-clang, r-devel-linux-x86_64-fedora-gcc, r-patched-linux-x86_64, r-release-linux-x86_64