CRAN Package Check Results for Package PCICt

Last updated on 2014-12-20 21:46:56.

Flavor Version Tinstall Tcheck Ttotal Status Flags
r-devel-linux-x86_64-debian-clang 0.5-4 1.22 13.66 14.88 NOTE
r-devel-linux-x86_64-debian-gcc 0.5-4 1.45 14.20 15.66 NOTE
r-devel-linux-x86_64-fedora-clang 0.5-4 31.10 NOTE
r-devel-linux-x86_64-fedora-gcc 0.5-4 28.84 NOTE
r-devel-osx-x86_64-clang 0.5-4 31.93 NOTE
r-devel-windows-ix86+x86_64 0.5-4 11.00 34.00 45.00 NOTE
r-patched-linux-x86_64 0.5-4 1.51 14.15 15.66 NOTE
r-patched-solaris-sparc 0.5-4 175.00 NOTE
r-patched-solaris-x86 0.5-4 45.60 NOTE
r-release-linux-ix86 0.5-4 2.00 19.48 21.48 NOTE
r-release-linux-x86_64 0.5-4 1.48 13.92 15.40 NOTE
r-release-osx-x86_64-mavericks 0.5-4 NOTE
r-release-windows-ix86+x86_64 0.5-4 6.00 26.00 32.00 NOTE
r-oldrel-windows-ix86+x86_64 0.5-4 8.00 27.00 35.00 NOTE

Check Details

Version: 0.5-4
Check: dependencies in R code
Result: NOTE
    Package in Depends field not imported from: ‘methods’
     These packages need to be imported from (in the NAMESPACE file)
     for when this namespace is loaded but not attached.
    See the information on DESCRIPTION files in the chapter ‘Creating R
    packages’ of the ‘Writing R Extensions’ manual.
Flavors: r-devel-linux-x86_64-debian-clang, r-devel-linux-x86_64-debian-gcc, r-devel-linux-x86_64-fedora-clang, r-devel-linux-x86_64-fedora-gcc, r-devel-osx-x86_64-clang, r-devel-windows-ix86+x86_64, r-patched-linux-x86_64, r-patched-solaris-sparc, r-patched-solaris-x86, r-release-linux-ix86, r-release-linux-x86_64, r-release-osx-x86_64-mavericks, r-release-windows-ix86+x86_64, r-oldrel-windows-ix86+x86_64