CRAN Package Check Results for Package PCICt

Last updated on 2018-06-22 03:49:37 CEST.

Flavor Version Tinstall Tcheck Ttotal Status Flags
r-devel-linux-x86_64-debian-clang 0.5-4.1 2.76 21.62 24.38 NOTE
r-devel-linux-x86_64-debian-gcc 0.5-4.1 2.60 18.40 21.00 NOTE
r-devel-linux-x86_64-fedora-clang 0.5-4.1 31.61 NOTE
r-devel-linux-x86_64-fedora-gcc 0.5-4.1 29.08 NOTE
r-devel-windows-ix86+x86_64 0.5-4.1 13.00 56.00 69.00 OK
r-patched-linux-x86_64 0.5-4.1 3.18 21.90 25.08 NOTE
r-patched-solaris-x86 0.5-4.1 48.20 OK
r-release-linux-x86_64 0.5-4.1 3.54 21.63 25.17 NOTE
r-release-windows-ix86+x86_64 0.5-4.1 12.00 42.00 54.00 OK
r-release-osx-x86_64 0.5-4.1 OK
r-oldrel-windows-ix86+x86_64 0.5-4.1 10.00 56.00 66.00 OK
r-oldrel-osx-x86_64 0.5-4.1 OK

Additional issues

rchk

Check Details

Version: 0.5-4.1
Check: compiled code
Result: NOTE
    File ‘PCICt/libs/PCICt.so’:
     Found no call to: ‘R_useDynamicSymbols’
    
    It is good practice to register native routines and to disable symbol
    search.
    
    See ‘Writing portable packages’ in the ‘Writing R Extensions’ manual.
Flavors: r-devel-linux-x86_64-debian-clang, r-devel-linux-x86_64-debian-gcc, r-devel-linux-x86_64-fedora-clang, r-devel-linux-x86_64-fedora-gcc, r-patched-linux-x86_64, r-release-linux-x86_64