CRAN Package Check Results for Package PCIT

Last updated on 2014-07-30 11:49:53.

Flavor Version Tinstall Tcheck Ttotal Status Flags
r-devel-linux-x86_64-debian-clang 1.04-5 1.07 14.96 16.03 OK
r-devel-linux-x86_64-debian-gcc 1.04-5 1.04 14.68 15.72 OK
r-devel-linux-x86_64-fedora-clang 1.04-5 33.21 OK
r-devel-linux-x86_64-fedora-gcc 1.04-5 30.93 OK
r-devel-osx-x86_64-clang 1.04-5 31.85 OK
r-devel-windows-ix86+x86_64 1.04-5 6.00 34.00 40.00 OK
r-patched-linux-x86_64 1.04-5 1.10 14.20 15.30 OK
r-patched-solaris-sparc 1.04-5 174.80 OK
r-patched-solaris-x86 1.04-5 46.10 OK
r-release-linux-ix86 1.04-5 1.66 21.17 22.82 OK
r-release-linux-x86_64 1.04-5 1.07 14.26 15.34 OK
r-release-osx-x86_64-mavericks 1.04-5 NOTE
r-release-osx-x86_64-snowleopard 1.04-5 OK
r-release-windows-ix86+x86_64 1.04-5 9.00 35.00 44.00 OK
r-oldrel-windows-ix86+x86_64 1.04-5 8.00 34.00 42.00 OK

Check Details

Version: 1.04-5
Check: package dependencies
Result: NOTE
    Package suggested but not available for checking: Rmpi
Flavor: r-release-osx-x86_64-mavericks

Version: 1.04-5
Check: R code for possible problems
Result: NOTE
    .freeSlaves: no visible global function definition for mpi.comm.size
    .freeSlaves: no visible global function definition for
     mpi.close.Rslaves
    .setup_mpi: no visible global function definition for mpi.comm.size
    .setup_mpi: no visible global function definition for
     mpi.spawn.Rslaves
    .setup_mpi: no visible global function definition for mpi.comm.rank
    pcit: no visible global function definition for mpi.comm.size
    pcit : slavefunction: no visible global function definition for
     mpi.send.Robj
    pcit : slavefunction: no visible global function definition for
     mpi.recv.Robj
    pcit : slavefunction: no visible global function definition for
     mpi.any.source
    pcit : slavefunction: no visible global function definition for
     mpi.any.tag
    pcit : slavefunction: no visible global function definition for
     mpi.get.sourcetag
    pcit : slavefunction: no visible global function definition for
     mpi.comm.rank
    pcit: no visible global function definition for mpi.bcast.Robj2slave
    pcit: no visible global function definition for mpi.bcast.cmd
    pcit: no visible global function definition for mpi.recv.Robj
    pcit: no visible global function definition for mpi.any.source
    pcit: no visible global function definition for mpi.any.tag
    pcit: no visible global function definition for mpi.get.sourcetag
    pcit: no visible global function definition for mpi.send.Robj
Flavor: r-release-osx-x86_64-mavericks