CRAN Package Check Results for Package PCIT

Last updated on 2015-04-20 02:48:40.

Flavor Version Tinstall Tcheck Ttotal Status Flags
r-devel-linux-x86_64-debian-clang 1.5-3 1.14 15.14 16.28 OK
r-devel-linux-x86_64-debian-gcc 1.5-3 1.04 15.68 16.72 OK
r-devel-linux-x86_64-fedora-clang 1.5-3 32.27 OK
r-devel-linux-x86_64-fedora-gcc 1.5-3 31.55 OK
r-devel-osx-x86_64-clang 1.5-3 37.22 OK
r-devel-windows-ix86+x86_64 1.5-3 8.00 35.00 43.00 OK
r-patched-linux-x86_64 1.5-3 1.10 14.58 15.68 OK
r-patched-solaris-sparc 1.5-3 187.00 OK
r-patched-solaris-x86 1.5-3 47.00 OK
r-release-linux-x86_64 1.5-3 1.13 14.36 15.49 OK
r-release-osx-x86_64-mavericks 1.5-3 NOTE
r-release-osx-x86_64-snowleopard 1.5-3 NOTE
r-release-windows-ix86+x86_64 1.5-3 6.00 43.00 49.00 OK
r-oldrel-windows-ix86+x86_64 1.5-3 10.00 36.00 46.00 OK

Check Details

Version: 1.5-3
Check: package dependencies
Result: NOTE
    Package suggested but not available for checking: ‘Rmpi’
Flavors: r-release-osx-x86_64-mavericks, r-release-osx-x86_64-snowleopard