CRAN Package Check Results for Package PCIT

Last updated on 2014-04-23 20:47:17.

Flavor Version Tinstall Tcheck Ttotal Status Flags
r-devel-linux-x86_64-debian-clang 1.04-5 1.12 15.54 16.67 OK
r-devel-linux-x86_64-debian-gcc 1.04-5 1.12 14.58 15.69 OK
r-devel-linux-x86_64-fedora-clang 1.04-5 32.33 OK
r-devel-linux-x86_64-fedora-gcc 1.04-5 32.22 OK
r-devel-osx-x86_64-clang 1.04-5 33.00 OK
r-devel-osx-x86_64-gcc 1.04-5 NOTE
r-devel-windows-ix86+x86_64 1.04-5 6.00 35.00 41.00 NOTE
r-patched-linux-x86_64 1.04-5 1.13 14.84 15.97 OK
r-patched-solaris-sparc 1.04-5 174.80 OK
r-patched-solaris-x86 1.04-5 48.50 OK
r-release-linux-ix86 1.04-5 2.00 32.00 34.00 OK
r-release-linux-x86_64 1.04-5 1.12 14.48 15.60 OK
r-release-osx-x86_64-mavericks 1.04-5 NOTE
r-release-osx-x86_64-snowleopard 1.04-5 OK
r-release-windows-ix86+x86_64 1.04-5 13.00 45.00 58.00 NOTE
r-oldrel-windows-ix86+x86_64 1.04-5 7.00 33.00 40.00 NOTE

Check Details

Version: 1.04-5
Check: package dependencies
Result: NOTE
    Package suggested but not available for checking: ‘Rmpi’
Flavors: r-devel-osx-x86_64-gcc, r-release-osx-x86_64-mavericks

Version: 1.04-5
Check: R code for possible problems
Result: NOTE
    .freeSlaves: no visible global function definition for ‘mpi.comm.size’
    .freeSlaves: no visible global function definition for
     ‘mpi.close.Rslaves’
    .setup_mpi: no visible global function definition for ‘mpi.comm.size’
    .setup_mpi: no visible global function definition for
     ‘mpi.spawn.Rslaves’
    .setup_mpi: no visible global function definition for ‘mpi.comm.rank’
    pcit: no visible global function definition for ‘mpi.comm.size’
    pcit : slavefunction: no visible global function definition for
     ‘mpi.send.Robj’
    pcit : slavefunction: no visible global function definition for
     ‘mpi.recv.Robj’
    pcit : slavefunction: no visible global function definition for
     ‘mpi.any.source’
    pcit : slavefunction: no visible global function definition for
     ‘mpi.any.tag’
    pcit : slavefunction: no visible global function definition for
     ‘mpi.get.sourcetag’
    pcit : slavefunction: no visible global function definition for
     ‘mpi.comm.rank’
    pcit: no visible global function definition for ‘mpi.bcast.Robj2slave’
    pcit: no visible global function definition for ‘mpi.bcast.cmd’
    pcit: no visible global function definition for ‘mpi.recv.Robj’
    pcit: no visible global function definition for ‘mpi.any.source’
    pcit: no visible global function definition for ‘mpi.any.tag’
    pcit: no visible global function definition for ‘mpi.get.sourcetag’
    pcit: no visible global function definition for ‘mpi.send.Robj’
Flavors: r-devel-osx-x86_64-gcc, r-release-osx-x86_64-mavericks

Version: 1.04-5
Check: R code for possible problems
Result: NOTE
    Error : .onLoad failed in loadNamespace() for 'Rmpi', details:
     call: inDL(x, as.logical(local), as.logical(now), ...)
     error: unable to load shared object 'd:/RCompile/CRANpkg/lib/3.2/Rmpi/libs/x64/Rmpi.dll':
     LoadLibrary failure: Das angegebene Modul wurde nicht gefunden.
    
    .freeSlaves: no visible global function definition for 'mpi.comm.size'
    .freeSlaves: no visible global function definition for
     'mpi.close.Rslaves'
    .setup_mpi: no visible global function definition for 'mpi.comm.size'
    .setup_mpi: no visible global function definition for
     'mpi.spawn.Rslaves'
    .setup_mpi: no visible global function definition for 'mpi.comm.rank'
    pcit: no visible global function definition for 'mpi.comm.size'
    pcit : slavefunction: no visible global function definition for
     'mpi.send.Robj'
    pcit : slavefunction: no visible global function definition for
     'mpi.recv.Robj'
    pcit : slavefunction: no visible global function definition for
     'mpi.any.source'
    pcit : slavefunction: no visible global function definition for
     'mpi.any.tag'
    pcit : slavefunction: no visible global function definition for
     'mpi.get.sourcetag'
    pcit : slavefunction: no visible global function definition for
     'mpi.comm.rank'
    pcit: no visible global function definition for 'mpi.bcast.Robj2slave'
    pcit: no visible global function definition for 'mpi.bcast.cmd'
    pcit: no visible global function definition for 'mpi.recv.Robj'
    pcit: no visible global function definition for 'mpi.any.source'
    pcit: no visible global function definition for 'mpi.any.tag'
    pcit: no visible global function definition for 'mpi.get.sourcetag'
    pcit: no visible global function definition for 'mpi.send.Robj'
Flavor: r-devel-windows-ix86+x86_64

Version: 1.04-5
Check: R code for possible problems
Result: NOTE
    Error : .onLoad failed in loadNamespace() for 'Rmpi', details:
     call: inDL(x, as.logical(local), as.logical(now), ...)
     error: unable to load shared object 'd:/RCompile/CRANpkg/lib/3.1/Rmpi/libs/x64/Rmpi.dll':
     LoadLibrary failure: Das angegebene Modul wurde nicht gefunden.
    
    .freeSlaves: no visible global function definition for 'mpi.comm.size'
    .freeSlaves: no visible global function definition for
     'mpi.close.Rslaves'
    .setup_mpi: no visible global function definition for 'mpi.comm.size'
    .setup_mpi: no visible global function definition for
     'mpi.spawn.Rslaves'
    .setup_mpi: no visible global function definition for 'mpi.comm.rank'
    pcit: no visible global function definition for 'mpi.comm.size'
    pcit : slavefunction: no visible global function definition for
     'mpi.send.Robj'
    pcit : slavefunction: no visible global function definition for
     'mpi.recv.Robj'
    pcit : slavefunction: no visible global function definition for
     'mpi.any.source'
    pcit : slavefunction: no visible global function definition for
     'mpi.any.tag'
    pcit : slavefunction: no visible global function definition for
     'mpi.get.sourcetag'
    pcit : slavefunction: no visible global function definition for
     'mpi.comm.rank'
    pcit: no visible global function definition for 'mpi.bcast.Robj2slave'
    pcit: no visible global function definition for 'mpi.bcast.cmd'
    pcit: no visible global function definition for 'mpi.recv.Robj'
    pcit: no visible global function definition for 'mpi.any.source'
    pcit: no visible global function definition for 'mpi.any.tag'
    pcit: no visible global function definition for 'mpi.get.sourcetag'
    pcit: no visible global function definition for 'mpi.send.Robj'
Flavor: r-release-windows-ix86+x86_64

Version: 1.04-5
Check: R code for possible problems
Result: NOTE
    Error : .onLoad failed in loadNamespace() for 'Rmpi', details:
     call: inDL(x, as.logical(local), as.logical(now), ...)
     error: unable to load shared object 'd:/RCompile/CRANpkg/lib/3.0/Rmpi/libs/x64/Rmpi.dll':
     LoadLibrary failure: Das angegebene Modul wurde nicht gefunden.
    
    .freeSlaves: no visible global function definition for 'mpi.comm.size'
    .freeSlaves: no visible global function definition for
     'mpi.close.Rslaves'
    .setup_mpi: no visible global function definition for 'mpi.comm.size'
    .setup_mpi: no visible global function definition for
     'mpi.spawn.Rslaves'
    .setup_mpi: no visible global function definition for 'mpi.comm.rank'
    pcit: no visible global function definition for 'mpi.comm.size'
    pcit : slavefunction: no visible global function definition for
     'mpi.send.Robj'
    pcit : slavefunction: no visible global function definition for
     'mpi.recv.Robj'
    pcit : slavefunction: no visible global function definition for
     'mpi.any.source'
    pcit : slavefunction: no visible global function definition for
     'mpi.any.tag'
    pcit : slavefunction: no visible global function definition for
     'mpi.get.sourcetag'
    pcit : slavefunction: no visible global function definition for
     'mpi.comm.rank'
    pcit: no visible global function definition for 'mpi.bcast.Robj2slave'
    pcit: no visible global function definition for 'mpi.bcast.cmd'
    pcit: no visible global function definition for 'mpi.recv.Robj'
    pcit: no visible global function definition for 'mpi.any.source'
    pcit: no visible global function definition for 'mpi.any.tag'
    pcit: no visible global function definition for 'mpi.get.sourcetag'
    pcit: no visible global function definition for 'mpi.send.Robj'
Flavor: r-oldrel-windows-ix86+x86_64