CRAN Package Check Results for Package PCIT

Last updated on 2015-01-30 03:49:09.

Flavor Version Tinstall Tcheck Ttotal Status Flags
r-devel-linux-x86_64-debian-clang 1.04-5 1.12 15.39 16.50 NOTE
r-devel-linux-x86_64-debian-gcc 1.04-5 1.11 14.31 15.42 NOTE
r-devel-linux-x86_64-fedora-clang 1.04-5 36.28 NOTE
r-devel-linux-x86_64-fedora-gcc 1.04-5 33.51 NOTE
r-devel-osx-x86_64-clang 1.04-5 36.12 NOTE
r-devel-windows-ix86+x86_64 1.04-5 7.00 34.00 41.00 NOTE
r-patched-linux-x86_64 1.04-5 1.11 15.74 16.84 NOTE
r-patched-solaris-sparc 1.04-5 201.30 NOTE
r-patched-solaris-x86 1.04-5 51.60 NOTE
r-release-linux-ix86 1.04-5 1.68 21.38 23.06 NOTE
r-release-linux-x86_64 1.04-5 1.12 14.30 15.42 NOTE
r-release-osx-x86_64-mavericks 1.04-5 NOTE
r-release-osx-x86_64-snowleopard 1.04-5 OK
r-release-windows-ix86+x86_64 1.04-5 7.00 33.00 40.00 NOTE
r-oldrel-windows-ix86+x86_64 1.04-5 8.00 34.00 42.00 OK

Check Details

Version: 1.04-5
Check: dependencies in R code
Result: NOTE
    'library' or 'require' call to ‘Rmpi’ in package code.
     Please use :: or requireNamespace() instead.
     See section 'Suggested packages' in the 'Writing R Extensions' manual.
Flavors: r-devel-linux-x86_64-debian-clang, r-devel-linux-x86_64-debian-gcc, r-devel-linux-x86_64-fedora-clang, r-devel-linux-x86_64-fedora-gcc, r-devel-osx-x86_64-clang, r-devel-windows-ix86+x86_64

Version: 1.04-5
Check: R code for possible problems
Result: NOTE
    .freeSlaves: no visible global function definition for ‘mpi.comm.size’
    .freeSlaves: no visible global function definition for
     ‘mpi.close.Rslaves’
    .setup_mpi: no visible global function definition for ‘mpi.comm.size’
    .setup_mpi: no visible global function definition for
     ‘mpi.spawn.Rslaves’
    .setup_mpi: no visible global function definition for ‘mpi.comm.rank’
    pcit: no visible global function definition for ‘mpi.comm.size’
    pcit : slavefunction: no visible global function definition for
     ‘mpi.send.Robj’
    pcit : slavefunction: no visible global function definition for
     ‘mpi.recv.Robj’
    pcit : slavefunction: no visible global function definition for
     ‘mpi.any.source’
    pcit : slavefunction: no visible global function definition for
     ‘mpi.any.tag’
    pcit : slavefunction: no visible global function definition for
     ‘mpi.get.sourcetag’
    pcit : slavefunction: no visible global function definition for
     ‘mpi.comm.rank’
    pcit: no visible global function definition for ‘mpi.bcast.Robj2slave’
    pcit: no visible global function definition for ‘mpi.bcast.cmd’
    pcit: no visible global function definition for ‘mpi.recv.Robj’
    pcit: no visible global function definition for ‘mpi.any.source’
    pcit: no visible global function definition for ‘mpi.any.tag’
    pcit: no visible global function definition for ‘mpi.get.sourcetag’
    pcit: no visible global function definition for ‘mpi.send.Robj’
Flavors: r-devel-linux-x86_64-debian-clang, r-devel-linux-x86_64-debian-gcc, r-devel-linux-x86_64-fedora-clang, r-devel-linux-x86_64-fedora-gcc, r-devel-osx-x86_64-clang, r-devel-windows-ix86+x86_64, r-patched-linux-x86_64, r-patched-solaris-sparc, r-patched-solaris-x86, r-release-linux-ix86, r-release-linux-x86_64, r-release-osx-x86_64-mavericks, r-release-windows-ix86+x86_64

Version: 1.04-5
Check: package dependencies
Result: NOTE
    Package suggested but not available for checking: ‘Rmpi’
Flavor: r-release-osx-x86_64-mavericks