CRAN Package Check Results for Package PCIT

Last updated on 2015-03-28 16:47:17.

Flavor Version Tinstall Tcheck Ttotal Status Flags
r-devel-linux-x86_64-debian-clang 1.5-3 1.20 14.07 15.27 OK
r-devel-linux-x86_64-debian-gcc 1.5-3 1.15 15.00 16.15 OK
r-devel-linux-x86_64-fedora-clang 1.5-3 30.58 OK
r-devel-linux-x86_64-fedora-gcc 1.5-3 29.35 OK
r-devel-osx-x86_64-clang 1.5-3 37.18 OK
r-prerel-windows-ix86+x86_64 1.5-3 8.00 35.00 43.00 OK
r-prerel-linux-x86_64 1.5-3 1.11 14.25 15.36 OK
r-prerel-solaris-sparc 1.5-3 187.00 OK
r-prerel-solaris-x86 1.5-3 46.80 OK
r-release-linux-x86_64 1.5-3 1.15 14.43 15.58 OK
r-release-osx-x86_64-mavericks 1.5-3 NOTE
r-release-osx-x86_64-snowleopard 1.5-3 OK
r-release-windows-ix86+x86_64 1.5-3 10.00 36.00 46.00 OK
r-oldrel-windows-ix86+x86_64 1.5-3 9.00 43.00 52.00 OK

Check Details

Version: 1.5-3
Check: package dependencies
Result: NOTE
    Package suggested but not available for checking: ‘Rmpi’
Flavor: r-release-osx-x86_64-mavericks