CRAN Package Check Results for Package PCIT

Last updated on 2015-02-27 23:47:56.

Flavor Version Tinstall Tcheck Ttotal Status Flags
r-devel-linux-x86_64-debian-clang 1.5-3 1.05 14.22 15.27 OK
r-devel-linux-x86_64-debian-gcc 1.5-3 1.02 14.61 15.63 OK
r-devel-linux-x86_64-fedora-clang 1.5-3 34.00 OK
r-devel-linux-x86_64-fedora-gcc 1.5-3 29.78 OK
r-devel-osx-x86_64-clang 1.5-3 35.95 OK
r-devel-windows-ix86+x86_64 1.5-3 8.00 36.00 44.00 OK
r-patched-linux-x86_64 1.5-3 1.16 15.10 16.26 OK
r-patched-solaris-sparc 1.5-3 201.40 OK
r-patched-solaris-x86 OK
r-release-linux-ix86 1.5-3 1.65 22.36 24.00 OK
r-release-linux-x86_64 1.5-3 1.37 15.00 16.37 OK
r-release-osx-x86_64-mavericks 1.5-3 NOTE
r-release-osx-x86_64-snowleopard 1.5-3 OK
r-release-windows-ix86+x86_64 1.5-3 8.00 35.00 43.00 OK
r-oldrel-windows-ix86+x86_64 1.5-3 9.00 43.00 52.00 OK

Check Details

Version: 1.5-3
Check: package dependencies
Result: NOTE
    Package suggested but not available for checking: ‘Rmpi’
Flavor: r-release-osx-x86_64-mavericks