CRAN Package Check Results for Package PCIT

Last updated on 2016-02-14 17:50:26.

Flavor Version Tinstall Tcheck Ttotal Status Flags
r-devel-linux-x86_64-debian-gcc 1.5-3 1.16 14.89 16.05 NOTE
r-devel-linux-x86_64-fedora-clang 1.5-3 27.58 NOTE
r-devel-linux-x86_64-fedora-gcc 1.5-3 26.87 NOTE
r-devel-osx-x86_64-clang 1.5-3 32.98 NOTE
r-devel-windows-ix86+x86_64 1.5-3 10.00 51.00 61.00 NOTE
r-patched-linux-x86_64 1.5-3 1.16 15.02 16.18 OK
r-patched-solaris-sparc 1.5-3 152.40 OK
r-patched-solaris-x86 1.5-3 42.30 OK
r-release-linux-x86_64 1.5-3 1.22 15.21 16.43 OK
r-release-osx-x86_64-mavericks 1.5-3 NOTE
r-release-windows-ix86+x86_64 1.5-3 7.00 37.00 44.00 OK
r-oldrel-windows-ix86+x86_64 1.5-3 10.00 36.00 46.00 OK

Check Details

Version: 1.5-3
Check: R code for possible problems
Result: NOTE
    defineTasks: no visible global function definition for ‘par’
    defineTasks: no visible global function definition for ‘abline’
    plotCorCoeff: no visible global function definition for ‘hist’
    plotCorCoeff: no visible global function definition for ‘plot.new’
    plotCorCoeff: no visible global function definition for ‘plot.window’
    plotCorCoeff: no visible global function definition for ‘rect’
    plotCorCoeff: no visible global function definition for ‘axis’
    plotCorCoeff: no visible global function definition for ‘title’
    plotCorCoeff: no visible global function definition for ‘legend’
    Undefined global functions or variables:
     abline axis hist legend par plot.new plot.window rect title
    Consider adding
     importFrom("graphics", "abline", "axis", "hist", "legend", "par",
     "plot.new", "plot.window", "rect", "title")
    to your NAMESPACE file.
Flavors: r-devel-linux-x86_64-debian-gcc, r-devel-linux-x86_64-fedora-clang, r-devel-linux-x86_64-fedora-gcc, r-devel-osx-x86_64-clang, r-devel-windows-ix86+x86_64

Version: 1.5-3
Check: package dependencies
Result: NOTE
    Package suggested but not available for checking: ‘Rmpi’
Flavor: r-release-osx-x86_64-mavericks