CRAN Package Check Results for Package PCIT

Last updated on 2014-12-18 11:50:11.

Flavor Version Tinstall Tcheck Ttotal Status Flags
r-devel-linux-x86_64-debian-clang 1.04-5 1.10 16.34 17.44 NOTE
r-devel-linux-x86_64-debian-gcc 1.04-5 1.11 16.00 17.10 NOTE
r-devel-linux-x86_64-fedora-clang 1.04-5 35.24 NOTE
r-devel-linux-x86_64-fedora-gcc 1.04-5 31.85 NOTE
r-devel-osx-x86_64-clang 1.04-5 35.12 NOTE
r-devel-windows-ix86+x86_64 1.04-5 12.00 47.00 59.00 NOTE
r-patched-linux-x86_64 1.04-5 1.17 15.18 16.35 NOTE
r-patched-solaris-sparc 1.04-5 166.00 NOTE
r-patched-solaris-x86 1.04-5 50.20 NOTE
r-release-linux-ix86 1.04-5 1.66 21.00 22.66 NOTE
r-release-linux-x86_64 1.04-5 1.19 15.46 16.66 NOTE
r-release-osx-x86_64-mavericks 1.04-5 NOTE
r-release-osx-x86_64-snowleopard 1.04-5 OK
r-release-windows-ix86+x86_64 1.04-5 7.00 33.00 40.00 NOTE
r-oldrel-windows-ix86+x86_64 1.04-5 8.00 34.00 42.00 OK

Check Details

Version: 1.04-5
Check: R code for possible problems
Result: NOTE
    .freeSlaves: no visible global function definition for ‘mpi.comm.size’
    .freeSlaves: no visible global function definition for
     ‘mpi.close.Rslaves’
    .setup_mpi: no visible global function definition for ‘mpi.comm.size’
    .setup_mpi: no visible global function definition for
     ‘mpi.spawn.Rslaves’
    .setup_mpi: no visible global function definition for ‘mpi.comm.rank’
    pcit: no visible global function definition for ‘mpi.comm.size’
    pcit : slavefunction: no visible global function definition for
     ‘mpi.send.Robj’
    pcit : slavefunction: no visible global function definition for
     ‘mpi.recv.Robj’
    pcit : slavefunction: no visible global function definition for
     ‘mpi.any.source’
    pcit : slavefunction: no visible global function definition for
     ‘mpi.any.tag’
    pcit : slavefunction: no visible global function definition for
     ‘mpi.get.sourcetag’
    pcit : slavefunction: no visible global function definition for
     ‘mpi.comm.rank’
    pcit: no visible global function definition for ‘mpi.bcast.Robj2slave’
    pcit: no visible global function definition for ‘mpi.bcast.cmd’
    pcit: no visible global function definition for ‘mpi.recv.Robj’
    pcit: no visible global function definition for ‘mpi.any.source’
    pcit: no visible global function definition for ‘mpi.any.tag’
    pcit: no visible global function definition for ‘mpi.get.sourcetag’
    pcit: no visible global function definition for ‘mpi.send.Robj’
Flavors: r-devel-linux-x86_64-debian-clang, r-devel-linux-x86_64-debian-gcc, r-devel-linux-x86_64-fedora-clang, r-devel-linux-x86_64-fedora-gcc, r-devel-osx-x86_64-clang, r-devel-windows-ix86+x86_64, r-patched-linux-x86_64, r-patched-solaris-sparc, r-patched-solaris-x86, r-release-linux-ix86, r-release-linux-x86_64, r-release-osx-x86_64-mavericks, r-release-windows-ix86+x86_64

Version: 1.04-5
Check: package dependencies
Result: NOTE
    Package suggested but not available for checking: ‘Rmpi’
Flavor: r-release-osx-x86_64-mavericks