CRAN Package Check Results for Package PCIT

Last updated on 2015-07-07 14:48:21.

Flavor Version Tinstall Tcheck Ttotal Status Flags
r-devel-linux-x86_64-debian-clang 1.5-3 0.98 14.66 15.64 NOTE
r-devel-linux-x86_64-debian-gcc 1.5-3 0.98 13.90 14.88 NOTE
r-devel-linux-x86_64-fedora-clang 1.5-3 28.94 NOTE
r-devel-linux-x86_64-fedora-gcc 1.5-3 29.03 NOTE
r-devel-osx-x86_64-clang 1.5-3 30.93 OK
r-devel-windows-ix86+x86_64 1.5-3 7.00 31.00 38.00 NOTE
r-patched-linux-x86_64 1.5-3 1.05 14.30 15.35 OK
r-patched-solaris-sparc 1.5-3 177.20 OK
r-patched-solaris-x86 1.5-3 48.00 OK
r-release-linux-x86_64 1.5-3 1.06 15.69 16.74 OK
r-release-osx-x86_64-mavericks 1.5-3 NOTE
r-release-windows-ix86+x86_64 1.5-3 7.00 35.00 42.00 OK
r-oldrel-windows-ix86+x86_64 1.5-3 10.00 36.00 46.00 OK

Check Details

Version: 1.5-3
Check: R code for possible problems
Result: NOTE
    defineTasks: no visible global function definition for ‘par’
    defineTasks: no visible global function definition for ‘abline’
    plotCorCoeff: no visible global function definition for ‘hist’
    plotCorCoeff: no visible global function definition for ‘plot.new’
    plotCorCoeff: no visible global function definition for ‘plot.window’
    plotCorCoeff: no visible global function definition for ‘rect’
    plotCorCoeff: no visible global function definition for ‘axis’
    plotCorCoeff: no visible global function definition for ‘title’
    plotCorCoeff: no visible global function definition for ‘legend’
    Undefined global functions or variables:
     abline axis hist legend par plot.new plot.window rect title
Flavors: r-devel-linux-x86_64-debian-clang, r-devel-linux-x86_64-debian-gcc, r-devel-linux-x86_64-fedora-clang, r-devel-linux-x86_64-fedora-gcc, r-devel-windows-ix86+x86_64

Version: 1.5-3
Check: package dependencies
Result: NOTE
    Package suggested but not available for checking: ‘Rmpi’
Flavor: r-release-osx-x86_64-mavericks