CRAN Package Check Results for Package PCIT

Last updated on 2017-02-25 07:49:20.

Flavor Version Tinstall Tcheck Ttotal Status Flags
r-devel-linux-x86_64-debian-clang 1.5-3 1.15 17.67 18.82 NOTE
r-devel-linux-x86_64-debian-gcc 1.5-3 1.21 18.65 19.87 NOTE
r-devel-linux-x86_64-fedora-clang 1.5-3 30.78 NOTE --no-stop-on-test-error
r-devel-linux-x86_64-fedora-gcc 1.5-3 31.26 NOTE --no-stop-on-test-error
r-devel-macos-x86_64-clang 1.5-3 28.53 NOTE --no-stop-on-test-error
r-devel-windows-ix86+x86_64 1.5-3 6.00 60.00 66.00 NOTE
r-patched-linux-x86_64 1.5-3 1.38 15.58 16.96 NOTE
r-patched-solaris-sparc 1.5-3 161.30 NOTE
r-patched-solaris-x86 1.5-3 43.00 NOTE
r-release-linux-x86_64 1.5-3 1.03 15.22 16.25 NOTE
r-release-osx-x86_64-mavericks 1.5-3 NOTE
r-release-windows-ix86+x86_64 1.5-3 6.00 41.00 47.00 NOTE
r-oldrel-windows-ix86+x86_64 1.5-3 7.00 39.00 46.00 OK

Check Details

Version: 1.5-3
Check: R code for possible problems
Result: NOTE
    defineTasks: no visible global function definition for ‘par’
    defineTasks: no visible global function definition for ‘abline’
    plotCorCoeff: no visible global function definition for ‘hist’
    plotCorCoeff: no visible global function definition for ‘plot.new’
    plotCorCoeff: no visible global function definition for ‘plot.window’
    plotCorCoeff: no visible global function definition for ‘rect’
    plotCorCoeff: no visible global function definition for ‘axis’
    plotCorCoeff: no visible global function definition for ‘title’
    plotCorCoeff: no visible global function definition for ‘legend’
    Undefined global functions or variables:
     abline axis hist legend par plot.new plot.window rect title
    Consider adding
     importFrom("graphics", "abline", "axis", "hist", "legend", "par",
     "plot.new", "plot.window", "rect", "title")
    to your NAMESPACE file.
Flavors: r-devel-linux-x86_64-debian-clang, r-devel-linux-x86_64-debian-gcc, r-devel-windows-ix86+x86_64, r-patched-linux-x86_64, r-patched-solaris-sparc, r-patched-solaris-x86, r-release-linux-x86_64, r-release-osx-x86_64-mavericks, r-release-windows-ix86+x86_64

Version: 1.5-3
Check: compiled code
Result: NOTE
    File ‘PCIT/libs/PCIT.so’:
     Found no calls to: ‘R_registerRoutines’, ‘R_useDynamicSymbols’
    
    It is good practice to register native routines and to disable symbol
    search.
    
    See ‘Writing portable packages’ in the ‘Writing R Extensions’ manual.
Flavors: r-devel-linux-x86_64-debian-clang, r-devel-linux-x86_64-debian-gcc

Version: 1.5-3
Flags: --no-stop-on-test-error
Check: R code for possible problems
Result: NOTE
    defineTasks: no visible global function definition for ‘par’
    defineTasks: no visible global function definition for ‘abline’
    plotCorCoeff: no visible global function definition for ‘hist’
    plotCorCoeff: no visible global function definition for ‘plot.new’
    plotCorCoeff: no visible global function definition for ‘plot.window’
    plotCorCoeff: no visible global function definition for ‘rect’
    plotCorCoeff: no visible global function definition for ‘axis’
    plotCorCoeff: no visible global function definition for ‘title’
    plotCorCoeff: no visible global function definition for ‘legend’
    Undefined global functions or variables:
     abline axis hist legend par plot.new plot.window rect title
    Consider adding
     importFrom("graphics", "abline", "axis", "hist", "legend", "par",
     "plot.new", "plot.window", "rect", "title")
    to your NAMESPACE file.
Flavors: r-devel-linux-x86_64-fedora-clang, r-devel-linux-x86_64-fedora-gcc, r-devel-macos-x86_64-clang

Version: 1.5-3
Flags: --no-stop-on-test-error
Check: compiled code
Result: NOTE
    File ‘PCIT/libs/PCIT.so’:
     Found no calls to: ‘R_registerRoutines’, ‘R_useDynamicSymbols’
    
    It is good practice to register native routines and to disable symbol
    search.
    
    See ‘Writing portable packages’ in the ‘Writing R Extensions’ manual.
Flavors: r-devel-linux-x86_64-fedora-clang, r-devel-linux-x86_64-fedora-gcc, r-devel-macos-x86_64-clang

Version: 1.5-3
Check: package dependencies
Result: NOTE
    Package suggested but not available for checking: ‘Rmpi’
Flavor: r-release-osx-x86_64-mavericks