CRAN Package Check Results for Package PCIT

Last updated on 2016-07-28 23:47:19.

Flavor Version Tinstall Tcheck Ttotal Status Flags
r-devel-linux-x86_64-debian-clang 1.5-3 1.24 18.27 19.51 NOTE
r-devel-linux-x86_64-debian-gcc 1.5-3 1.62 17.72 19.34 NOTE
r-devel-linux-x86_64-fedora-clang 1.5-3 29.65 NOTE
r-devel-linux-x86_64-fedora-gcc 1.5-3 26.32 NOTE
r-devel-osx-x86_64-clang 1.5-3 25.49 NOTE
r-devel-windows-ix86+x86_64 1.5-3 6.00 42.00 48.00 NOTE
r-patched-linux-x86_64 1.5-3 1.35 18.75 20.10 NOTE
r-patched-solaris-sparc 1.5-3 155.90 NOTE
r-patched-solaris-x86 1.5-3 44.10 NOTE
r-release-linux-x86_64 1.5-3 1.45 17.25 18.70 NOTE
r-release-osx-x86_64-mavericks 1.5-3 NOTE
r-release-windows-ix86+x86_64 1.5-3 8.00 38.00 46.00 NOTE
r-oldrel-windows-ix86+x86_64 1.5-3 7.00 37.00 44.00 OK

Check Details

Version: 1.5-3
Check: R code for possible problems
Result: NOTE
    defineTasks: no visible global function definition for ‘par’
    defineTasks: no visible global function definition for ‘abline’
    plotCorCoeff: no visible global function definition for ‘hist’
    plotCorCoeff: no visible global function definition for ‘plot.new’
    plotCorCoeff: no visible global function definition for ‘plot.window’
    plotCorCoeff: no visible global function definition for ‘rect’
    plotCorCoeff: no visible global function definition for ‘axis’
    plotCorCoeff: no visible global function definition for ‘title’
    plotCorCoeff: no visible global function definition for ‘legend’
    Undefined global functions or variables:
     abline axis hist legend par plot.new plot.window rect title
    Consider adding
     importFrom("graphics", "abline", "axis", "hist", "legend", "par",
     "plot.new", "plot.window", "rect", "title")
    to your NAMESPACE file.
Flavors: r-devel-linux-x86_64-debian-clang, r-devel-linux-x86_64-debian-gcc, r-devel-linux-x86_64-fedora-clang, r-devel-linux-x86_64-fedora-gcc, r-devel-osx-x86_64-clang, r-devel-windows-ix86+x86_64, r-patched-linux-x86_64, r-patched-solaris-sparc, r-patched-solaris-x86, r-release-linux-x86_64, r-release-osx-x86_64-mavericks, r-release-windows-ix86+x86_64

Version: 1.5-3
Check: package dependencies
Result: NOTE
    Package suggested but not available for checking: ‘Rmpi’
Flavor: r-release-osx-x86_64-mavericks