CRAN Package Check Results for Package PCIT

Last updated on 2015-09-04 16:48:41.

Flavor Version Tinstall Tcheck Ttotal Status Flags
r-devel-linux-x86_64-debian-clang 1.5-3 1.04 15.97 17.01 NOTE
r-devel-linux-x86_64-debian-gcc 1.5-3 1.03 14.16 15.18 NOTE
r-devel-linux-x86_64-fedora-clang 1.5-3 29.14 NOTE
r-devel-linux-x86_64-fedora-gcc 1.5-3 28.53 NOTE
r-devel-osx-x86_64-clang 1.5-3 29.22 OK
r-devel-windows-ix86+x86_64 1.5-3 7.00 39.00 46.00 NOTE
r-patched-linux-x86_64 1.5-3 1.12 14.57 15.69 OK
r-patched-solaris-sparc 1.5-3 167.20 OK
r-patched-solaris-x86 1.5-3 48.20 OK
r-release-linux-x86_64 1.5-3 1.12 14.79 15.91 OK
r-release-osx-x86_64-mavericks 1.5-3 NOTE
r-release-windows-ix86+x86_64 1.5-3 7.00 54.00 61.00 OK
r-oldrel-windows-ix86+x86_64 1.5-3 10.00 36.00 46.00 OK

Check Details

Version: 1.5-3
Check: R code for possible problems
Result: NOTE
    defineTasks: no visible global function definition for ‘par’
    defineTasks: no visible global function definition for ‘abline’
    plotCorCoeff: no visible global function definition for ‘hist’
    plotCorCoeff: no visible global function definition for ‘plot.new’
    plotCorCoeff: no visible global function definition for ‘plot.window’
    plotCorCoeff: no visible global function definition for ‘rect’
    plotCorCoeff: no visible global function definition for ‘axis’
    plotCorCoeff: no visible global function definition for ‘title’
    plotCorCoeff: no visible global function definition for ‘legend’
    Undefined global functions or variables:
     abline axis hist legend par plot.new plot.window rect title
    Consider adding
     importFrom("graphics", "abline", "axis", "hist", "legend", "par",
     "plot.new", "plot.window", "rect", "title")
    to your NAMESPACE.
Flavors: r-devel-linux-x86_64-debian-clang, r-devel-linux-x86_64-debian-gcc, r-devel-linux-x86_64-fedora-clang, r-devel-linux-x86_64-fedora-gcc, r-devel-windows-ix86+x86_64

Version: 1.5-3
Check: package dependencies
Result: NOTE
    Package suggested but not available for checking: ‘Rmpi’
Flavor: r-release-osx-x86_64-mavericks