CRAN Package Check Results for Package PCIT

Last updated on 2017-09-23 17:48:02.

Flavor Version Tinstall Tcheck Ttotal Status Flags
r-devel-linux-x86_64-debian-clang 1.5-3 1.14 19.87 21.02 NOTE
r-devel-linux-x86_64-debian-gcc 1.5-3 1.19 17.95 19.13 NOTE
r-devel-linux-x86_64-fedora-clang 1.5-3 33.35 NOTE
r-devel-linux-x86_64-fedora-gcc 1.5-3 32.11 NOTE
r-devel-windows-ix86+x86_64 1.5-3 7.00 43.00 50.00 NOTE
r-patched-linux-x86_64 1.5-3 1.16 17.28 18.45 NOTE
r-patched-solaris-x86 1.5-3 50.20 NOTE
r-release-linux-x86_64 1.5-3 1.22 18.13 19.35 NOTE
r-release-windows-ix86+x86_64 1.5-3 7.00 45.00 52.00 NOTE
r-release-osx-x86_64 1.5-3 NOTE
r-oldrel-windows-ix86+x86_64 1.5-3 6.00 41.00 47.00 NOTE
r-oldrel-osx-x86_64 1.5-3 NOTE

Check Details

Version: 1.5-3
Check: R code for possible problems
Result: NOTE
    defineTasks: no visible global function definition for ‘par’
    defineTasks: no visible global function definition for ‘abline’
    plotCorCoeff: no visible global function definition for ‘hist’
    plotCorCoeff: no visible global function definition for ‘plot.new’
    plotCorCoeff: no visible global function definition for ‘plot.window’
    plotCorCoeff: no visible global function definition for ‘rect’
    plotCorCoeff: no visible global function definition for ‘axis’
    plotCorCoeff: no visible global function definition for ‘title’
    plotCorCoeff: no visible global function definition for ‘legend’
    Undefined global functions or variables:
     abline axis hist legend par plot.new plot.window rect title
    Consider adding
     importFrom("graphics", "abline", "axis", "hist", "legend", "par",
     "plot.new", "plot.window", "rect", "title")
    to your NAMESPACE file.
Flavors: r-devel-linux-x86_64-debian-clang, r-devel-linux-x86_64-debian-gcc, r-devel-linux-x86_64-fedora-clang, r-devel-linux-x86_64-fedora-gcc, r-devel-windows-ix86+x86_64, r-patched-linux-x86_64, r-patched-solaris-x86, r-release-linux-x86_64, r-release-windows-ix86+x86_64, r-release-osx-x86_64, r-oldrel-windows-ix86+x86_64, r-oldrel-osx-x86_64

Version: 1.5-3
Check: compiled code
Result: NOTE
    File ‘PCIT/libs/PCIT.so’:
     Found no calls to: ‘R_registerRoutines’, ‘R_useDynamicSymbols’
    
    It is good practice to register native routines and to disable symbol
    search.
    
    See ‘Writing portable packages’ in the ‘Writing R Extensions’ manual.
Flavors: r-devel-linux-x86_64-debian-clang, r-devel-linux-x86_64-debian-gcc, r-devel-linux-x86_64-fedora-clang, r-devel-linux-x86_64-fedora-gcc, r-patched-linux-x86_64, r-release-linux-x86_64

Version: 1.5-3
Check: package dependencies
Result: NOTE
    Package suggested but not available for checking: ‘Rmpi’
Flavors: r-release-osx-x86_64, r-oldrel-osx-x86_64