CRAN Package Check Results for Package PCIT

Last updated on 2017-01-17 03:51:11.

Flavor Version Tinstall Tcheck Ttotal Status Flags
r-devel-linux-x86_64-debian-clang 1.5-3 1.17 16.53 17.69 NOTE
r-devel-linux-x86_64-debian-gcc 1.5-3 1.21 17.06 18.27 NOTE
r-devel-linux-x86_64-fedora-clang 1.5-3 30.47 NOTE --no-stop-on-test-error
r-devel-linux-x86_64-fedora-gcc 1.5-3 30.23 NOTE --no-stop-on-test-error
r-devel-macos-x86_64-clang 1.5-3 28.08 NOTE --no-stop-on-test-error
r-devel-windows-ix86+x86_64 1.5-3 11.00 44.00 55.00 NOTE
r-patched-linux-x86_64 1.5-3 1.10 14.81 15.91 NOTE
r-patched-solaris-sparc 1.5-3 161.30 NOTE
r-patched-solaris-x86 1.5-3 43.50 NOTE
r-release-linux-x86_64 1.5-3 1.19 14.34 15.53 NOTE
r-release-osx-x86_64-mavericks 1.5-3 NOTE
r-release-windows-ix86+x86_64 1.5-3 6.00 41.00 47.00 NOTE
r-oldrel-windows-ix86+x86_64 1.5-3 7.00 39.00 46.00 OK

Check Details

Version: 1.5-3
Check: R code for possible problems
Result: NOTE
    defineTasks: no visible global function definition for ‘par’
    defineTasks: no visible global function definition for ‘abline’
    plotCorCoeff: no visible global function definition for ‘hist’
    plotCorCoeff: no visible global function definition for ‘plot.new’
    plotCorCoeff: no visible global function definition for ‘plot.window’
    plotCorCoeff: no visible global function definition for ‘rect’
    plotCorCoeff: no visible global function definition for ‘axis’
    plotCorCoeff: no visible global function definition for ‘title’
    plotCorCoeff: no visible global function definition for ‘legend’
    Undefined global functions or variables:
     abline axis hist legend par plot.new plot.window rect title
    Consider adding
     importFrom("graphics", "abline", "axis", "hist", "legend", "par",
     "plot.new", "plot.window", "rect", "title")
    to your NAMESPACE file.
Flavors: r-devel-linux-x86_64-debian-clang, r-devel-linux-x86_64-debian-gcc, r-devel-windows-ix86+x86_64, r-patched-linux-x86_64, r-patched-solaris-sparc, r-patched-solaris-x86, r-release-linux-x86_64, r-release-osx-x86_64-mavericks, r-release-windows-ix86+x86_64

Version: 1.5-3
Flags: --no-stop-on-test-error
Check: R code for possible problems
Result: NOTE
    defineTasks: no visible global function definition for ‘par’
    defineTasks: no visible global function definition for ‘abline’
    plotCorCoeff: no visible global function definition for ‘hist’
    plotCorCoeff: no visible global function definition for ‘plot.new’
    plotCorCoeff: no visible global function definition for ‘plot.window’
    plotCorCoeff: no visible global function definition for ‘rect’
    plotCorCoeff: no visible global function definition for ‘axis’
    plotCorCoeff: no visible global function definition for ‘title’
    plotCorCoeff: no visible global function definition for ‘legend’
    Undefined global functions or variables:
     abline axis hist legend par plot.new plot.window rect title
    Consider adding
     importFrom("graphics", "abline", "axis", "hist", "legend", "par",
     "plot.new", "plot.window", "rect", "title")
    to your NAMESPACE file.
Flavors: r-devel-linux-x86_64-fedora-clang, r-devel-linux-x86_64-fedora-gcc, r-devel-macos-x86_64-clang

Version: 1.5-3
Flags: --no-stop-on-test-error
Check: compiled code
Result: NOTE
    File ‘PCIT/libs/PCIT.so’:
     Found no calls to: ‘R_registerRoutines’, ‘R_useDynamicSymbols’
    
    It is good practice to use registered native symbols and disable symbol
    search.
    
    See ‘Writing portable packages’ in the ‘Writing R Extensions’ manual.
Flavor: r-devel-linux-x86_64-fedora-gcc

Version: 1.5-3
Check: package dependencies
Result: NOTE
    Package suggested but not available for checking: ‘Rmpi’
Flavor: r-release-osx-x86_64-mavericks