CRAN Package Check Results for Package PCMBase

Last updated on 2022-01-25 16:50:28 CET.

Flavor Version Tinstall Tcheck Ttotal Status Flags
r-devel-linux-x86_64-debian-clang 1.2.12 24.95 237.60 262.55 OK
r-devel-linux-x86_64-debian-gcc 1.2.12 25.66 188.68 214.34 OK
r-devel-linux-x86_64-fedora-clang 1.2.12 311.53 OK
r-devel-linux-x86_64-fedora-gcc 1.2.12 309.13 OK
r-devel-windows-x86_64-new-UL 1.2.12 303.00 268.00 571.00 OK
r-devel-windows-x86_64-new-TK 1.2.12 OK
r-patched-linux-x86_64 1.2.12 31.49 230.82 262.31 OK
r-release-linux-x86_64 1.2.12 21.75 233.28 255.03 OK
r-release-macos-arm64 1.2.12 OK
r-release-macos-x86_64 1.2.12 WARN
r-release-windows-ix86+x86_64 1.2.12 51.00 260.00 311.00 OK
r-oldrel-macos-x86_64 1.2.12 WARN
r-oldrel-windows-ix86+x86_64 1.2.12 50.00 257.00 307.00 WARN

Check Details

Version: 1.2.12
Check: package dependencies
Result: NOTE
    Package suggested but not available for checking: ‘ggtree’
Flavors: r-release-macos-x86_64, r-oldrel-macos-x86_64

Version: 1.2.12
Check: re-building of vignette outputs
Result: WARN
    Error(s) in re-building vignettes:
    --- re-building ‘PCMBase.Rmd’ using rmarkdown
    Warning in engine$weave(file, quiet = quiet, encoding = enc) :
     Pandoc (>= 1.12.3) not available. Falling back to R Markdown v1.
    Failed with error: 'there is no package called 'ggtree''
    Quitting from lines 37-53 (PCMBase.Rmd)
    Error: processing vignette 'PCMBase.Rmd' failed with diagnostics:
    The ggtree installation did not succeed. The vignette cannot be built.
    --- failed re-building ‘PCMBase.Rmd’
    
    --- re-building ‘PCMCreateModel.Rmd’ using rmarkdown
    Warning in engine$weave(file, quiet = quiet, encoding = enc) :
     Pandoc (>= 1.12.3) not available. Falling back to R Markdown v1.
    Failed with error: 'there is no package called 'ggtree''
    Quitting from lines 37-54 (PCMCreateModel.Rmd)
    Error: processing vignette 'PCMCreateModel.Rmd' failed with diagnostics:
    The ggtree installation did not succeed. The vignette cannot be built.
    --- failed re-building ‘PCMCreateModel.Rmd’
    
    --- re-building ‘PCMParam.Rmd’ using rmarkdown
    Warning in engine$weave(file, quiet = quiet, encoding = enc) :
     Pandoc (>= 1.12.3) not available. Falling back to R Markdown v1.
    --- finished re-building ‘PCMParam.Rmd’
    
    --- re-building ‘PCMTracePruning.Rmd’ using rmarkdown
    Warning in engine$weave(file, quiet = quiet, encoding = enc) :
     Pandoc (>= 1.12.3) not available. Falling back to R Markdown v1.
    Failed with error: 'there is no package called 'ggtree''
    Quitting from lines 37-59 (PCMTracePruning.Rmd)
    Error: processing vignette 'PCMTracePruning.Rmd' failed with diagnostics:
    The ggtree installation did not succeed. The vignette cannot be built.
    --- failed re-building ‘PCMTracePruning.Rmd’
    
    SUMMARY: processing the following files failed:
     ‘PCMBase.Rmd’ ‘PCMCreateModel.Rmd’ ‘PCMTracePruning.Rmd’
    
    Error: Vignette re-building failed.
    Execution halted
Flavors: r-release-macos-x86_64, r-oldrel-macos-x86_64

Version: 1.2.12
Check: re-building of vignette outputs
Result: WARN
    Error(s) in re-building vignettes:
    --- re-building 'PCMBase.Rmd' using rmarkdown
    Failed with error: 'object 'get_aes_var' is not exported by 'namespace:rvcheck''
    Quitting from lines 37-53 (PCMBase.Rmd)
    Error: processing vignette 'PCMBase.Rmd' failed with diagnostics:
    The ggtree installation did not succeed. The vignette cannot be built.
    --- failed re-building 'PCMBase.Rmd'
    
    --- re-building 'PCMCreateModel.Rmd' using rmarkdown
    Failed with error: 'object 'get_aes_var' is not exported by 'namespace:rvcheck''
    Quitting from lines 37-54 (PCMCreateModel.Rmd)
    Error: processing vignette 'PCMCreateModel.Rmd' failed with diagnostics:
    The ggtree installation did not succeed. The vignette cannot be built.
    --- failed re-building 'PCMCreateModel.Rmd'
    
    --- re-building 'PCMParam.Rmd' using rmarkdown
    --- finished re-building 'PCMParam.Rmd'
    
    --- re-building 'PCMTracePruning.Rmd' using rmarkdown
    Failed with error: 'object 'get_aes_var' is not exported by 'namespace:rvcheck''
    Quitting from lines 37-59 (PCMTracePruning.Rmd)
    Error: processing vignette 'PCMTracePruning.Rmd' failed with diagnostics:
    The ggtree installation did not succeed. The vignette cannot be built.
    --- failed re-building 'PCMTracePruning.Rmd'
    
    SUMMARY: processing the following files failed:
     'PCMBase.Rmd' 'PCMCreateModel.Rmd' 'PCMTracePruning.Rmd'
    
    Error: Vignette re-building failed.
    Execution halted
Flavor: r-oldrel-windows-ix86+x86_64