CRAN Package Check Results for Package PCSinR

Last updated on 2018-09-22 08:52:14 CEST.

Flavor Version Tinstall Tcheck Ttotal Status Flags
r-devel-linux-x86_64-debian-clang 0.1.0 1.02 17.97 18.99 OK
r-devel-linux-x86_64-debian-gcc 0.1.0 0.81 14.50 15.31 OK
r-devel-linux-x86_64-fedora-clang 0.1.0 22.56 OK
r-devel-linux-x86_64-fedora-gcc 0.1.0 21.16 OK
r-devel-windows-ix86+x86_64 0.1.0 4.00 28.00 32.00 OK
r-patched-linux-x86_64 0.1.0 0.71 16.40 17.11 NOTE
r-patched-solaris-x86 0.1.0 33.00 OK
r-release-linux-x86_64 0.1.0 0.89 16.60 17.49 NOTE
r-release-windows-ix86+x86_64 0.1.0 2.00 39.00 41.00 OK
r-release-osx-x86_64 0.1.0 OK
r-oldrel-windows-ix86+x86_64 0.1.0 2.00 38.00 40.00 OK
r-oldrel-osx-x86_64 0.1.0 OK

Check Details

Version: 0.1.0
Check: DESCRIPTION meta-information
Result: NOTE
    Dependence on R version ‘3.3.1’ not with patchlevel 0
Flavors: r-patched-linux-x86_64, r-release-linux-x86_64