CRAN Package Check Results for Package PCSinR

Last updated on 2019-02-22 21:57:52 CET.

Flavor Version Tinstall Tcheck Ttotal Status Flags
r-devel-linux-x86_64-debian-clang 0.1.0 1.39 17.64 19.03 OK
r-devel-linux-x86_64-debian-gcc 0.1.0 1.01 14.29 15.30 OK
r-devel-linux-x86_64-fedora-clang 0.1.0 23.36 OK
r-devel-linux-x86_64-fedora-gcc 0.1.0 22.03 OK
r-devel-windows-ix86+x86_64 0.1.0 4.00 31.00 35.00 OK
r-patched-linux-x86_64 0.1.0 0.92 16.37 17.29 NOTE
r-patched-solaris-x86 0.1.0 34.20 OK
r-release-linux-x86_64 0.1.0 NOTE
r-release-windows-ix86+x86_64 0.1.0 3.00 39.00 42.00 OK
r-release-osx-x86_64 0.1.0 OK
r-oldrel-windows-ix86+x86_64 0.1.0 2.00 38.00 40.00 OK
r-oldrel-osx-x86_64 0.1.0 OK

Check Details

Version: 0.1.0
Check: DESCRIPTION meta-information
Result: NOTE
    Dependence on R version ‘3.3.1’ not with patchlevel 0
Flavors: r-patched-linux-x86_64, r-release-linux-x86_64