CRAN Package Check Results for Package PCSinR

Last updated on 2018-11-19 10:50:13 CET.

Flavor Version Tinstall Tcheck Ttotal Status Flags
r-devel-linux-x86_64-debian-clang OK
r-devel-linux-x86_64-debian-gcc 0.1.0 0.73 14.49 15.22 OK
r-devel-linux-x86_64-fedora-clang 0.1.0 21.80 OK
r-devel-linux-x86_64-fedora-gcc 0.1.0 21.18 OK
r-devel-windows-ix86+x86_64 0.1.0 2.00 38.00 40.00 OK
r-patched-linux-x86_64 0.1.0 0.92 16.41 17.33 NOTE
r-patched-solaris-x86 0.1.0 34.50 OK
r-release-linux-x86_64 0.1.0 0.96 16.50 17.46 NOTE
r-release-windows-ix86+x86_64 0.1.0 3.00 28.00 31.00 OK
r-release-osx-x86_64 0.1.0 OK
r-oldrel-windows-ix86+x86_64 0.1.0 3.00 38.00 41.00 OK
r-oldrel-osx-x86_64 0.1.0 OK

Check Details

Version: 0.1.0
Check: DESCRIPTION meta-information
Result: NOTE
    Dependence on R version ‘3.3.1’ not with patchlevel 0
Flavors: r-patched-linux-x86_64, r-release-linux-x86_64