CRAN Package Check Results for Package PCSinR

Last updated on 2018-07-22 19:48:27 CEST.

Flavor Version Tinstall Tcheck Ttotal Status Flags
r-devel-linux-x86_64-debian-clang 0.1.0 0.88 17.81 18.69 OK
r-devel-linux-x86_64-debian-gcc 0.1.0 0.75 14.16 14.91 OK
r-devel-linux-x86_64-fedora-clang 0.1.0 21.47 OK
r-devel-linux-x86_64-fedora-gcc 0.1.0 20.34 OK
r-devel-windows-ix86+x86_64 0.1.0 3.00 41.00 44.00 OK
r-patched-linux-x86_64 0.1.0 NOTE
r-patched-solaris-x86 0.1.0 34.50 OK
r-release-linux-x86_64 0.1.0 0.97 16.63 17.60 NOTE
r-release-windows-ix86+x86_64 0.1.0 2.00 36.00 38.00 OK
r-release-osx-x86_64 0.1.0 OK
r-oldrel-windows-ix86+x86_64 0.1.0 2.00 28.00 30.00 OK
r-oldrel-osx-x86_64 0.1.0 OK

Check Details

Version: 0.1.0
Check: DESCRIPTION meta-information
Result: NOTE
    Dependence on R version ‘3.3.1’ not with patchlevel 0
Flavors: r-patched-linux-x86_64, r-release-linux-x86_64