CRAN Package Check Results for Package PCovR

Last updated on 2017-03-27 05:48:05.

Flavor Version Tinstall Tcheck Ttotal Status Flags
r-devel-linux-x86_64-debian-clang 2.6 2.34 33.84 36.18 NOTE
r-devel-linux-x86_64-debian-gcc 2.6 2.34 33.45 35.79 NOTE
r-devel-linux-x86_64-fedora-clang 2.6 80.52 NOTE --no-stop-on-test-error
r-devel-linux-x86_64-fedora-gcc 2.6 80.93 NOTE --no-stop-on-test-error
r-devel-macos-x86_64-clang 2.6 62.01 NOTE --no-stop-on-test-error
r-devel-windows-ix86+x86_64 2.6 7.00 100.00 107.00 NOTE
r-patched-linux-x86_64 2.6 2.50 33.16 35.66 NOTE
r-patched-solaris-sparc 2.6 469.60 NOTE
r-patched-solaris-x86 2.6 114.40 NOTE
r-release-linux-x86_64 2.6 2.37 30.20 32.57 NOTE
r-release-osx-x86_64-mavericks 2.6 NOTE
r-release-windows-ix86+x86_64 2.6 8.00 57.00 65.00 NOTE
r-oldrel-windows-ix86+x86_64 2.6 7.00 55.00 62.00 OK

Check Details

Version: 2.6
Check: R code for possible problems
Result: NOTE
    ErrorRatio: no visible global function definition for ‘as.formula’
    ErrorRatio: no visible global function definition for ‘lm’
    plot.pcovr: no visible global function definition for ‘plot’
    plot.pcovr: no visible global function definition for ‘points’
    plot.pcovr: no visible global function definition for ‘text’
    plot.pcovr: no visible global function definition for ‘legend’
    plot.pcovr: no visible global function definition for ‘par’
    promin: no visible binding for global variable ‘sd’
    wvarim: no visible global function definition for ‘rnorm’
    Undefined global functions or variables:
     as.formula legend lm par plot points rnorm sd text
    Consider adding
     importFrom("graphics", "legend", "par", "plot", "points", "text")
     importFrom("stats", "as.formula", "lm", "rnorm", "sd")
    to your NAMESPACE file.
Flavors: r-devel-linux-x86_64-debian-clang, r-devel-linux-x86_64-debian-gcc, r-devel-windows-ix86+x86_64, r-patched-linux-x86_64, r-patched-solaris-sparc, r-patched-solaris-x86, r-release-linux-x86_64, r-release-osx-x86_64-mavericks, r-release-windows-ix86+x86_64

Version: 2.6
Flags: --no-stop-on-test-error
Check: R code for possible problems
Result: NOTE
    ErrorRatio: no visible global function definition for ‘as.formula’
    ErrorRatio: no visible global function definition for ‘lm’
    plot.pcovr: no visible global function definition for ‘plot’
    plot.pcovr: no visible global function definition for ‘points’
    plot.pcovr: no visible global function definition for ‘text’
    plot.pcovr: no visible global function definition for ‘legend’
    plot.pcovr: no visible global function definition for ‘par’
    promin: no visible binding for global variable ‘sd’
    wvarim: no visible global function definition for ‘rnorm’
    Undefined global functions or variables:
     as.formula legend lm par plot points rnorm sd text
    Consider adding
     importFrom("graphics", "legend", "par", "plot", "points", "text")
     importFrom("stats", "as.formula", "lm", "rnorm", "sd")
    to your NAMESPACE file.
Flavors: r-devel-linux-x86_64-fedora-clang, r-devel-linux-x86_64-fedora-gcc, r-devel-macos-x86_64-clang