CRAN Package Check Results for Package PCovR

Last updated on 2014-04-24 19:54:04.

Flavor Version Tinstall Tcheck Ttotal Status Flags
r-devel-linux-x86_64-debian-clang 2.4 3.68 41.62 45.30 OK
r-devel-linux-x86_64-debian-gcc 2.4 3.57 43.63 47.20 OK
r-devel-linux-x86_64-fedora-clang 2.4 109.17 OK
r-devel-linux-x86_64-fedora-gcc 2.4 106.31 OK
r-devel-osx-x86_64-clang 2.4 87.33 OK
r-devel-osx-x86_64-gcc 2.4 OK
r-devel-windows-ix86+x86_64 2.4 9.00 61.00 70.00 OK
r-patched-linux-x86_64 2.4 3.50 44.84 48.34 OK
r-patched-solaris-sparc 2.4 593.00 OK
r-patched-solaris-x86 2.4 139.20 OK
r-release-linux-ix86 2.4 6.00 70.00 76.00 OK
r-release-linux-x86_64 2.4 3.72 43.29 47.01 OK
r-release-osx-x86_64-mavericks 2.4 WARN
r-release-osx-x86_64-snowleopard 2.4 OK
r-release-windows-ix86+x86_64 2.4 9.00 58.00 67.00 OK
r-oldrel-windows-ix86+x86_64 2.4 10.00 58.00 68.00 OK

Check Details

Version: 2.4
Check: PDF version of manual
Result: WARNING
    LaTeX errors when creating PDF version.
    This typically indicates Rd problems.
    LaTeX errors found:
    ! LaTeX Error: File `upquote.sty' not found.
    
    Type X to quit or <RETURN> to proceed,
    or enter new name. (Default extension: sty)
    
    38743d7e/Rd2.tex:8: ==> Fatal error occurred, no output PDF file produced!
Flavor: r-release-osx-x86_64-mavericks