CRAN Package Check Results for Package PCovR

Last updated on 2015-01-25 09:51:34.

Flavor Version Tinstall Tcheck Ttotal Status Flags
r-devel-linux-x86_64-debian-clang 2.5 3.35 41.88 45.24 OK
r-devel-linux-x86_64-debian-gcc 2.5 3.13 40.90 44.04 OK
r-devel-linux-x86_64-fedora-clang 2.5 110.64 NOTE
r-devel-linux-x86_64-fedora-gcc 2.5 102.78 NOTE
r-devel-osx-x86_64-clang 2.5 87.32 NOTE
r-devel-windows-ix86+x86_64 2.5 10.00 56.00 66.00 OK
r-patched-linux-x86_64 2.5 3.42 42.20 45.62 OK
r-patched-solaris-sparc 2.5 589.30 OK
r-patched-solaris-x86 2.5 139.20 OK
r-release-linux-ix86 2.5 3.95 50.41 54.36 OK
r-release-linux-x86_64 2.5 3.43 44.16 47.59 OK
r-release-osx-x86_64-mavericks 2.5 OK
r-release-osx-x86_64-snowleopard 2.5 OK
r-release-windows-ix86+x86_64 2.5 10.00 63.00 73.00 OK
r-oldrel-windows-ix86+x86_64 2.5 10.00 61.00 71.00 OK

Check Details

Version: 2.5
Check: S3 generic/method consistency
Result: NOTE
    Found the following apparent S3 methods exported but not registered:
     pcovr.default
    See section ‘Registering S3 methods’ in the ‘Writing R Extensions’
    manual.
Flavors: r-devel-linux-x86_64-fedora-clang, r-devel-linux-x86_64-fedora-gcc, r-devel-osx-x86_64-clang