CRAN Package Check Results for Package PCovR

Last updated on 2017-06-23 20:48:31.

Flavor Version Tinstall Tcheck Ttotal Status Flags
r-devel-linux-x86_64-debian-clang 2.7 2.44 36.19 38.63 OK
r-devel-linux-x86_64-debian-gcc 2.7 2.36 34.27 36.62 OK
r-devel-linux-x86_64-fedora-clang 2.7 89.81 OK
r-devel-linux-x86_64-fedora-gcc 2.7 77.28 OK
r-devel-windows-ix86+x86_64 2.7 8.00 80.00 88.00 OK
r-patched-linux-x86_64 2.7 2.42 34.32 36.74 OK
r-patched-solaris-sparc 2.6 469.60 NOTE
r-patched-solaris-x86 2.7 104.80 OK
r-release-linux-x86_64 2.7 2.43 34.10 36.53 OK
r-release-windows-ix86+x86_64 2.7 7.00 62.00 69.00 OK
r-release-osx-x86_64 2.6 NOTE
r-oldrel-windows-ix86+x86_64 2.7 10.00 80.00 90.00 OK
r-oldrel-osx-x86_64 2.7 OK

Check Details

Version: 2.6
Check: R code for possible problems
Result: NOTE
    ErrorRatio: no visible global function definition for ‘as.formula’
    ErrorRatio: no visible global function definition for ‘lm’
    plot.pcovr: no visible global function definition for ‘plot’
    plot.pcovr: no visible global function definition for ‘points’
    plot.pcovr: no visible global function definition for ‘text’
    plot.pcovr: no visible global function definition for ‘legend’
    plot.pcovr: no visible global function definition for ‘par’
    promin: no visible binding for global variable ‘sd’
    wvarim: no visible global function definition for ‘rnorm’
    Undefined global functions or variables:
     as.formula legend lm par plot points rnorm sd text
    Consider adding
     importFrom("graphics", "legend", "par", "plot", "points", "text")
     importFrom("stats", "as.formula", "lm", "rnorm", "sd")
    to your NAMESPACE file.
Flavors: r-patched-solaris-sparc, r-release-osx-x86_64