CRAN Package Check Results for Package PCovR

Last updated on 2016-09-29 20:47:25.

Flavor Version Tinstall Tcheck Ttotal Status Flags
r-devel-linux-x86_64-debian-clang 2.6 2.16 30.22 32.39 NOTE
r-devel-linux-x86_64-debian-gcc 2.6 2.27 30.46 32.73 NOTE
r-devel-linux-x86_64-fedora-clang 2.6 81.81 NOTE
r-devel-linux-x86_64-fedora-gcc 2.6 65.35 NOTE
r-devel-macos-x86_64-clang 2.6 52.20 NOTE
r-devel-windows-ix86+x86_64 2.6 6.00 72.00 78.00 NOTE
r-patched-linux-x86_64 2.6 2.28 30.18 32.46 NOTE
r-patched-solaris-sparc 2.6 414.60 NOTE
r-patched-solaris-x86 2.6 94.40 NOTE
r-release-linux-x86_64 2.6 2.20 30.37 32.56 NOTE
r-release-osx-x86_64-mavericks 2.6 NOTE
r-release-windows-ix86+x86_64 2.6 6.00 57.00 63.00 NOTE
r-oldrel-windows-ix86+x86_64 2.6 11.00 75.00 86.00 OK

Check Details

Version: 2.6
Check: R code for possible problems
Result: NOTE
    ErrorRatio: no visible global function definition for ‘as.formula’
    ErrorRatio: no visible global function definition for ‘lm’
    plot.pcovr: no visible global function definition for ‘plot’
    plot.pcovr: no visible global function definition for ‘points’
    plot.pcovr: no visible global function definition for ‘text’
    plot.pcovr: no visible global function definition for ‘legend’
    plot.pcovr: no visible global function definition for ‘par’
    promin: no visible binding for global variable ‘sd’
    wvarim: no visible global function definition for ‘rnorm’
    Undefined global functions or variables:
     as.formula legend lm par plot points rnorm sd text
    Consider adding
     importFrom("graphics", "legend", "par", "plot", "points", "text")
     importFrom("stats", "as.formula", "lm", "rnorm", "sd")
    to your NAMESPACE file.
Flavors: r-devel-linux-x86_64-debian-clang, r-devel-linux-x86_64-debian-gcc, r-devel-linux-x86_64-fedora-clang, r-devel-linux-x86_64-fedora-gcc, r-devel-macos-x86_64-clang, r-devel-windows-ix86+x86_64, r-patched-linux-x86_64, r-patched-solaris-sparc, r-patched-solaris-x86, r-release-linux-x86_64, r-release-osx-x86_64-mavericks, r-release-windows-ix86+x86_64