CRAN Package Check Results for Package PCovR

Last updated on 2015-03-03 05:47:01.

Flavor Version Tinstall Tcheck Ttotal Status Flags
r-devel-linux-x86_64-debian-clang 2.5 2.82 35.96 38.78 NOTE
r-devel-linux-x86_64-debian-gcc 2.5 2.68 33.65 36.34 NOTE
r-devel-linux-x86_64-fedora-clang 2.5 78.18 NOTE
r-devel-linux-x86_64-fedora-gcc 2.5 73.24 NOTE
r-devel-osx-x86_64-clang 2.5 69.75 NOTE
r-devel-windows-ix86+x86_64 2.5 13.00 68.00 81.00 OK
r-patched-linux-x86_64 2.5 4.06 44.29 48.35 OK
r-patched-solaris-sparc 2.5 589.30 OK
r-patched-solaris-x86 2.5 141.00 OK
r-release-linux-ix86 2.5 3.93 51.14 55.06 OK
r-release-linux-x86_64 2.5 3.57 42.44 46.00 OK
r-release-osx-x86_64-mavericks 2.5 OK
r-release-osx-x86_64-snowleopard 2.5 OK
r-release-windows-ix86+x86_64 2.5 14.00 85.00 99.00 OK
r-oldrel-windows-ix86+x86_64 2.5 11.00 57.00 68.00 OK

Check Details

Version: 2.5
Check: S3 generic/method consistency
Result: NOTE
    Found the following apparent S3 methods exported but not registered:
     pcovr.default
    See section ‘Registering S3 methods’ in the ‘Writing R Extensions’
    manual.
Flavors: r-devel-linux-x86_64-debian-clang, r-devel-linux-x86_64-debian-gcc, r-devel-linux-x86_64-fedora-clang, r-devel-linux-x86_64-fedora-gcc, r-devel-osx-x86_64-clang