CRAN Package Check Results for Package PCovR

Last updated on 2015-08-04 06:47:47.

Flavor Version Tinstall Tcheck Ttotal Status Flags
r-devel-linux-x86_64-debian-clang 2.6 2.73 35.67 38.40 NOTE
r-devel-linux-x86_64-debian-gcc 2.6 2.53 34.62 37.15 NOTE
r-devel-linux-x86_64-fedora-clang 2.6 76.01 NOTE
r-devel-linux-x86_64-fedora-gcc 2.6 72.80 NOTE
r-devel-osx-x86_64-clang 2.6 64.95 OK
r-devel-windows-ix86+x86_64 2.6 11.00 57.00 68.00 NOTE
r-patched-linux-x86_64 2.6 2.81 33.33 36.14 OK
r-patched-solaris-sparc 2.6 468.20 OK
r-patched-solaris-x86 2.6 105.80 OK
r-release-linux-x86_64 2.6 2.70 35.02 37.73 OK
r-release-osx-x86_64-mavericks 2.6 OK
r-release-windows-ix86+x86_64 2.6 11.00 82.00 93.00 OK
r-oldrel-windows-ix86+x86_64 2.6 14.00 97.00 111.00 OK

Check Details

Version: 2.6
Check: R code for possible problems
Result: NOTE
    ErrorRatio: no visible global function definition for ‘as.formula’
    ErrorRatio: no visible global function definition for ‘lm’
    plot.pcovr: no visible global function definition for ‘plot’
    plot.pcovr: no visible global function definition for ‘points’
    plot.pcovr: no visible global function definition for ‘text’
    plot.pcovr: no visible global function definition for ‘legend’
    plot.pcovr: no visible global function definition for ‘par’
    promin: no visible binding for global variable ‘sd’
    wvarim: no visible global function definition for ‘rnorm’
    Undefined global functions or variables:
     as.formula legend lm par plot points rnorm sd text
    Consider adding
     importFrom("graphics", "legend", "par", "plot", "points", "text")
     importFrom("stats", "as.formula", "lm", "rnorm", "sd")
    to your NAMESPACE.
Flavors: r-devel-linux-x86_64-debian-clang, r-devel-linux-x86_64-debian-gcc, r-devel-linux-x86_64-fedora-clang, r-devel-linux-x86_64-fedora-gcc, r-devel-windows-ix86+x86_64