CRAN Package Check Results for Package PCovR

Last updated on 2015-07-06 06:46:52.

Flavor Version Tinstall Tcheck Ttotal Status Flags
r-devel-linux-x86_64-debian-clang 2.6 2.79 34.84 37.63 NOTE
r-devel-linux-x86_64-debian-gcc 2.6 2.56 33.11 35.67 NOTE
r-devel-linux-x86_64-fedora-clang 2.6 75.36 NOTE
r-devel-linux-x86_64-fedora-gcc 2.6 72.18 NOTE
r-devel-osx-x86_64-clang 2.6 66.06 OK
r-devel-windows-ix86+x86_64 2.6 11.00 59.00 70.00 NOTE
r-patched-linux-x86_64 2.6 2.56 33.30 35.86 OK
r-patched-solaris-sparc 2.6 466.20 OK
r-patched-solaris-x86 2.6 106.60 OK
r-release-linux-x86_64 2.6 3.04 33.83 36.87 OK
r-release-osx-x86_64-mavericks 2.6 OK
r-release-windows-ix86+x86_64 2.6 11.00 78.00 89.00 OK
r-oldrel-windows-ix86+x86_64 2.6 14.00 66.00 80.00 OK

Check Details

Version: 2.6
Check: R code for possible problems
Result: NOTE
    ErrorRatio: no visible global function definition for ‘as.formula’
    ErrorRatio: no visible global function definition for ‘lm’
    plot.pcovr: no visible global function definition for ‘plot’
    plot.pcovr: no visible global function definition for ‘points’
    plot.pcovr: no visible global function definition for ‘text’
    plot.pcovr: no visible global function definition for ‘legend’
    plot.pcovr: no visible global function definition for ‘par’
    promin: no visible binding for global variable ‘sd’
    wvarim: no visible global function definition for ‘rnorm’
    Undefined global functions or variables:
     as.formula legend lm par plot points rnorm sd text
Flavors: r-devel-linux-x86_64-debian-clang, r-devel-linux-x86_64-debian-gcc, r-devel-linux-x86_64-fedora-clang, r-devel-linux-x86_64-fedora-gcc, r-devel-windows-ix86+x86_64