CRAN Package Check Results for Package PCovR

Last updated on 2016-06-24 23:47:39.

Flavor Version Tinstall Tcheck Ttotal Status Flags
r-devel-linux-x86_64-debian-gcc 2.6 2.51 33.43 35.93 NOTE
r-devel-linux-x86_64-fedora-clang 2.6 69.76 NOTE
r-devel-linux-x86_64-fedora-gcc 2.6 65.48 NOTE
r-devel-osx-x86_64-clang 2.6 53.71 NOTE
r-devel-windows-ix86+x86_64 2.6 11.00 67.00 78.00 NOTE
r-patched-linux-x86_64 2.6 2.69 35.20 37.89 NOTE
r-patched-solaris-x86 2.6 94.90 NOTE
r-release-linux-x86_64 2.6 2.68 33.86 36.55 NOTE
r-release-osx-x86_64-mavericks 2.6 NOTE
r-release-windows-ix86+x86_64 2.6 9.00 61.00 70.00 NOTE
r-oldrel-windows-ix86+x86_64 2.6 11.00 79.00 90.00 OK

Check Details

Version: 2.6
Check: R code for possible problems
Result: NOTE
    ErrorRatio: no visible global function definition for ‘as.formula’
    ErrorRatio: no visible global function definition for ‘lm’
    plot.pcovr: no visible global function definition for ‘plot’
    plot.pcovr: no visible global function definition for ‘points’
    plot.pcovr: no visible global function definition for ‘text’
    plot.pcovr: no visible global function definition for ‘legend’
    plot.pcovr: no visible global function definition for ‘par’
    promin: no visible binding for global variable ‘sd’
    wvarim: no visible global function definition for ‘rnorm’
    Undefined global functions or variables:
     as.formula legend lm par plot points rnorm sd text
    Consider adding
     importFrom("graphics", "legend", "par", "plot", "points", "text")
     importFrom("stats", "as.formula", "lm", "rnorm", "sd")
    to your NAMESPACE file.
Flavors: r-devel-linux-x86_64-debian-gcc, r-devel-linux-x86_64-fedora-clang, r-devel-linux-x86_64-fedora-gcc, r-devel-osx-x86_64-clang, r-devel-windows-ix86+x86_64, r-patched-linux-x86_64, r-patched-solaris-sparc, r-patched-solaris-x86, r-release-linux-x86_64, r-release-osx-x86_64-mavericks, r-release-windows-ix86+x86_64