CRAN Package Check Results for Package PCovR

Last updated on 2015-04-27 11:48:46.

Flavor Version Tinstall Tcheck Ttotal Status Flags
r-devel-linux-x86_64-debian-clang 2.5 3.22 34.89 38.10 NOTE
r-devel-linux-x86_64-debian-gcc 2.5 2.60 34.93 37.52 NOTE
r-devel-linux-x86_64-fedora-clang 2.5 78.14 NOTE
r-devel-linux-x86_64-fedora-gcc 2.5 75.48 NOTE
r-devel-osx-x86_64-clang 2.5 66.87 NOTE
r-devel-windows-ix86+x86_64 2.5 7.00 88.00 95.00 OK
r-patched-linux-x86_64 2.5 2.76 34.33 37.08 NOTE
r-patched-solaris-sparc 2.5 456.10 OK
r-patched-solaris-x86 2.5 107.20 NOTE
r-release-linux-x86_64 2.5 2.60 33.79 36.39 NOTE
r-release-osx-x86_64-mavericks 2.5 OK
r-release-osx-x86_64-snowleopard 2.5 OK
r-release-windows-ix86+x86_64 2.5 11.00 69.00 80.00 OK
r-oldrel-windows-ix86+x86_64 2.5 9.00 66.00 75.00 OK

Check Details

Version: 2.5
Check: S3 generic/method consistency
Result: NOTE
    Found the following apparent S3 methods exported but not registered:
     pcovr.default
    See section ‘Registering S3 methods’ in the ‘Writing R Extensions’
    manual.
Flavors: r-devel-linux-x86_64-debian-clang, r-devel-linux-x86_64-debian-gcc, r-devel-linux-x86_64-fedora-clang, r-devel-linux-x86_64-fedora-gcc, r-devel-osx-x86_64-clang, r-patched-solaris-x86, r-release-linux-x86_64