CRAN Package Check Results for Package PCovR

Last updated on 2016-08-27 23:48:18.

Flavor Version Tinstall Tcheck Ttotal Status Flags
r-devel-linux-x86_64-debian-clang 2.6 2.46 33.75 36.21 NOTE
r-devel-linux-x86_64-debian-gcc 2.6 2.52 33.38 35.90 NOTE
r-devel-linux-x86_64-fedora-clang 2.6 72.56 NOTE
r-devel-linux-x86_64-fedora-gcc 2.6 67.42 NOTE
r-devel-osx-x86_64-clang 2.6 56.86 NOTE
r-devel-windows-ix86+x86_64 2.6 10.00 60.00 70.00 NOTE
r-patched-linux-x86_64 2.6 2.47 34.09 36.56 NOTE
r-patched-solaris-sparc 2.6 414.60 NOTE
r-patched-solaris-x86 2.6 93.40 NOTE
r-release-linux-x86_64 2.6 2.71 33.66 36.36 NOTE
r-release-osx-x86_64-mavericks 2.6 NOTE
r-release-windows-ix86+x86_64 2.6 12.00 90.00 102.00 NOTE
r-oldrel-windows-ix86+x86_64 2.6 8.00 88.00 96.00 OK

Check Details

Version: 2.6
Check: R code for possible problems
Result: NOTE
    ErrorRatio: no visible global function definition for ‘as.formula’
    ErrorRatio: no visible global function definition for ‘lm’
    plot.pcovr: no visible global function definition for ‘plot’
    plot.pcovr: no visible global function definition for ‘points’
    plot.pcovr: no visible global function definition for ‘text’
    plot.pcovr: no visible global function definition for ‘legend’
    plot.pcovr: no visible global function definition for ‘par’
    promin: no visible binding for global variable ‘sd’
    wvarim: no visible global function definition for ‘rnorm’
    Undefined global functions or variables:
     as.formula legend lm par plot points rnorm sd text
    Consider adding
     importFrom("graphics", "legend", "par", "plot", "points", "text")
     importFrom("stats", "as.formula", "lm", "rnorm", "sd")
    to your NAMESPACE file.
Flavors: r-devel-linux-x86_64-debian-clang, r-devel-linux-x86_64-debian-gcc, r-devel-linux-x86_64-fedora-clang, r-devel-linux-x86_64-fedora-gcc, r-devel-osx-x86_64-clang, r-devel-windows-ix86+x86_64, r-patched-linux-x86_64, r-patched-solaris-sparc, r-patched-solaris-x86, r-release-linux-x86_64, r-release-osx-x86_64-mavericks, r-release-windows-ix86+x86_64