CRAN Package Check Results for Package PDM

Last updated on 2023-10-04 14:03:56 CEST.

Flavor Version Tinstall Tcheck Ttotal Status Flags
r-devel-linux-x86_64-debian-clang 0.1 1.88 19.63 21.51 NOTE
r-devel-linux-x86_64-debian-gcc 0.1 1.48 15.73 17.21 NOTE
r-devel-linux-x86_64-fedora-clang 0.1 28.78 NOTE
r-devel-linux-x86_64-fedora-gcc 0.1 26.72 NOTE
r-devel-windows-x86_64 0.1 2.00 37.00 39.00 NOTE
r-patched-linux-x86_64 0.1 2.13 19.36 21.49 NOTE
r-release-linux-x86_64 0.1 1.90 19.75 21.65 NOTE
r-release-macos-arm64 0.1 15.00 NOTE
r-release-macos-x86_64 0.1 20.00 NOTE
r-release-windows-x86_64 0.1 2.00 42.00 44.00 NOTE
r-oldrel-macos-arm64 0.1 13.00 NOTE
r-oldrel-macos-x86_64 0.1 19.00 NOTE
r-oldrel-windows-x86_64 0.1 14.00 48.00 62.00 NOTE

Check Details

Version: 0.1
Check: LazyData
Result: NOTE
     'LazyData' is specified without a 'data' directory
Flavors: r-devel-linux-x86_64-debian-clang, r-devel-linux-x86_64-debian-gcc, r-devel-linux-x86_64-fedora-clang, r-devel-linux-x86_64-fedora-gcc, r-devel-windows-x86_64, r-patched-linux-x86_64, r-release-linux-x86_64, r-release-macos-arm64, r-release-macos-x86_64, r-release-windows-x86_64, r-oldrel-macos-arm64, r-oldrel-macos-x86_64, r-oldrel-windows-x86_64