CRAN Package Check Results for Package PDMIF

Last updated on 2024-02-28 02:58:12 CET.

Flavor Version Tinstall Tcheck Ttotal Status Flags
r-devel-linux-x86_64-debian-clang 0.1.0 5.92 65.87 71.79 OK
r-devel-linux-x86_64-debian-gcc 0.1.0 5.72 49.01 54.73 OK
r-devel-linux-x86_64-fedora-clang 0.1.0 87.58 NOTE
r-devel-linux-x86_64-fedora-gcc 0.1.0 84.31 NOTE
r-devel-windows-x86_64 0.1.0 8.00 68.00 76.00 OK
r-patched-linux-x86_64 0.1.0 6.03 64.93 70.96 OK
r-release-linux-x86_64 0.1.0 7.15 64.54 71.69 OK
r-release-macos-arm64 0.1.0 30.00 OK
r-release-macos-x86_64 0.1.0 47.00 OK
r-release-windows-x86_64 0.1.0 8.00 81.00 89.00 OK
r-oldrel-macos-arm64 0.1.0 32.00 NOTE
r-oldrel-windows-x86_64 0.1.0 10.00 81.00 91.00 OK

Check Details

Version: 0.1.0
Check: dependencies in R code
Result: NOTE Namespace in Imports field not imported from: ‘ncvreg’ All declared Imports should be used. Flavors: r-devel-linux-x86_64-fedora-clang, r-devel-linux-x86_64-fedora-gcc, r-oldrel-macos-arm64