CRAN Package Check Results for Package PDQutils

Last updated on 2024-06-16 22:49:21 CEST.

Flavor Version Tinstall Tcheck Ttotal Status Flags
r-devel-linux-x86_64-debian-clang 0.1.6 3.35 63.80 67.15 OK
r-devel-linux-x86_64-debian-gcc 0.1.6 2.37 47.87 50.24 OK
r-devel-linux-x86_64-fedora-clang 0.1.6 88.07 OK
r-devel-linux-x86_64-fedora-gcc 0.1.6 95.12 OK
r-devel-windows-x86_64 0.1.6 3.00 87.00 90.00 OK
r-patched-linux-x86_64 0.1.6 2.99 62.12 65.11 OK
r-release-linux-x86_64 0.1.6 2.16 62.19 64.35 OK
r-release-macos-arm64 0.1.6 33.00 OK
r-release-macos-x86_64 0.1.6 50.00 WARN
r-release-windows-x86_64 0.1.6 3.00 85.00 88.00 OK
r-oldrel-macos-arm64 0.1.6 35.00 OK
r-oldrel-macos-x86_64 0.1.6 53.00 OK
r-oldrel-windows-x86_64 0.1.6 3.00 92.00 95.00 OK

Check Details

Version: 0.1.6
Check: re-building of vignette outputs
Result: WARN Error(s) in re-building vignettes: ... --- re-building ‘PDQutils.Rnw’ using knitr Error: processing vignette 'PDQutils.Rnw' failed with diagnostics: Running 'texi2dvi' on 'PDQutils.tex' failed. LaTeX errors: ! Undefined control sequence. l.722 \hldef {rsnak} \hlkwb{<-} \hlkwa{function}\hldef{(}\hlkwc{n}\hldef{,} \... ? ! Emergency stop. l.722 End of file on the terminal! ! ==> Fatal error occurred, no output PDF file produced! --- failed re-building ‘PDQutils.Rnw’ SUMMARY: processing the following file failed: ‘PDQutils.Rnw’ Error: Vignette re-building failed. Execution halted Flavor: r-release-macos-x86_64