CRAN Package Check Results for Package PF

Last updated on 2015-04-02 05:49:43.

Flavor Version Tinstall Tcheck Ttotal Status Flags
r-devel-linux-x86_64-debian-clang 9.5 1.39 36.06 37.46 NOTE
r-devel-linux-x86_64-debian-gcc 9.5 1.46 36.03 37.49 NOTE
r-devel-linux-x86_64-fedora-clang 9.5 75.35 NOTE
r-devel-linux-x86_64-fedora-gcc 9.5 72.41 NOTE
r-devel-osx-x86_64-clang 9.5 80.76 NOTE
r-prerel-windows-ix86+x86_64 9.5 6.00 55.00 61.00 NOTE
r-prerel-linux-x86_64 9.5 1.40 36.18 37.58 NOTE
r-prerel-solaris-sparc 9.5 480.00 NOTE
r-prerel-solaris-x86 9.5 87.80 NOTE
r-release-linux-x86_64 9.5 1.71 41.56 43.26 NOTE
r-release-osx-x86_64-mavericks 9.5 NOTE
r-release-osx-x86_64-snowleopard 9.5 OK
r-release-windows-ix86+x86_64 9.5 8.00 71.00 79.00 NOTE
r-oldrel-windows-ix86+x86_64 9.5 7.00 55.00 62.00 NOTE

Check Details

Version: 9.5
Check: DESCRIPTION meta-information
Result: NOTE
    Malformed Title field: should not end in a period.
Flavors: r-devel-linux-x86_64-debian-clang, r-devel-linux-x86_64-debian-gcc, r-devel-linux-x86_64-fedora-clang, r-devel-linux-x86_64-fedora-gcc, r-devel-osx-x86_64-clang, r-prerel-windows-ix86+x86_64, r-prerel-linux-x86_64, r-prerel-solaris-sparc, r-prerel-solaris-x86

Version: 9.5
Check: dependencies in R code
Result: NOTE
    Packages in Depends field not imported from:
     ‘RColorBrewer’ ‘gdata’ ‘grid’ ‘methods’ ‘xtable’
     These packages need to be imported from (in the NAMESPACE file)
     for when this namespace is loaded but not attached.
Flavors: r-devel-linux-x86_64-debian-clang, r-devel-linux-x86_64-debian-gcc, r-devel-linux-x86_64-fedora-clang, r-devel-linux-x86_64-fedora-gcc, r-devel-osx-x86_64-clang, r-prerel-windows-ix86+x86_64, r-prerel-linux-x86_64, r-prerel-solaris-sparc, r-prerel-solaris-x86, r-release-linux-x86_64, r-release-windows-ix86+x86_64

Version: 9.5
Check: dependencies in R code
Result: NOTE
    Packages in Depends field not imported from:
     ‘RColorBrewer’ ‘gdata’ ‘grid’ ‘methods’ ‘xtable’
     These packages need to be imported from (in the NAMESPACE file)
     for when this namespace is loaded but not attached.
    See the information on DESCRIPTION files in the chapter ‘Creating R
    packages’ of the ‘Writing R Extensions’ manual.
Flavor: r-release-osx-x86_64-mavericks

Version: 9.5
Check: dependencies in R code
Result: NOTE
    Packages in Depends field not imported from:
     'RColorBrewer' 'gdata' 'methods' 'xtable'
     These packages need to be imported from (in the NAMESPACE file)
     for when this namespace is loaded but not attached.
    See the information on DESCRIPTION files in the chapter 'Creating R
    packages' of the 'Writing R Extensions' manual.
Flavor: r-oldrel-windows-ix86+x86_64