CRAN Package Check Results for Package PF

Last updated on 2015-03-02 13:47:11.

Flavor Version Tinstall Tcheck Ttotal Status Flags
r-devel-linux-x86_64-debian-clang 9.5 1.47 36.82 38.29 NOTE
r-devel-linux-x86_64-debian-gcc 9.5 1.47 36.38 37.85 NOTE
r-devel-linux-x86_64-fedora-clang 9.5 76.54 NOTE
r-devel-linux-x86_64-fedora-gcc 9.5 73.15 NOTE
r-devel-osx-x86_64-clang 9.5 76.92 NOTE
r-devel-windows-ix86+x86_64 9.5 5.00 62.00 67.00 NOTE
r-patched-linux-x86_64 9.5 1.92 41.58 43.51 NOTE
r-patched-solaris-sparc 9.5 498.40 NOTE
r-patched-solaris-x86 9.5 98.40 NOTE
r-release-linux-ix86 9.5 2.06 50.62 52.68 NOTE
r-release-linux-x86_64 9.5 1.55 42.50 44.05 NOTE
r-release-osx-x86_64-mavericks 9.5 NOTE
r-release-osx-x86_64-snowleopard 9.5 OK
r-release-windows-ix86+x86_64 9.5 6.00 62.00 68.00 NOTE
r-oldrel-windows-ix86+x86_64 9.5 7.00 55.00 62.00 NOTE

Check Details

Version: 9.5
Check: DESCRIPTION meta-information
Result: NOTE
    Malformed Title field: should not end in a period.
Flavors: r-devel-linux-x86_64-debian-clang, r-devel-linux-x86_64-debian-gcc, r-devel-linux-x86_64-fedora-clang, r-devel-linux-x86_64-fedora-gcc, r-devel-osx-x86_64-clang, r-devel-windows-ix86+x86_64

Version: 9.5
Check: dependencies in R code
Result: NOTE
    Packages in Depends field not imported from:
     ‘RColorBrewer’ ‘gdata’ ‘grid’ ‘methods’ ‘xtable’
     These packages need to be imported from (in the NAMESPACE file)
     for when this namespace is loaded but not attached.
Flavors: r-devel-linux-x86_64-debian-clang, r-devel-linux-x86_64-debian-gcc, r-devel-linux-x86_64-fedora-clang, r-devel-linux-x86_64-fedora-gcc, r-devel-osx-x86_64-clang, r-devel-windows-ix86+x86_64, r-patched-linux-x86_64, r-patched-solaris-x86

Version: 9.5
Check: dependencies in R code
Result: NOTE
    Packages in Depends field not imported from:
     ‘RColorBrewer’ ‘gdata’ ‘grid’ ‘methods’ ‘xtable’
     These packages need to be imported from (in the NAMESPACE file)
     for when this namespace is loaded but not attached.
    See the information on DESCRIPTION files in the chapter ‘Creating R
    packages’ of the ‘Writing R Extensions’ manual.
Flavors: r-patched-solaris-sparc, r-release-linux-ix86, r-release-linux-x86_64, r-release-osx-x86_64-mavericks, r-release-windows-ix86+x86_64

Version: 9.5
Check: dependencies in R code
Result: NOTE
    Packages in Depends field not imported from:
     'RColorBrewer' 'gdata' 'methods' 'xtable'
     These packages need to be imported from (in the NAMESPACE file)
     for when this namespace is loaded but not attached.
    See the information on DESCRIPTION files in the chapter 'Creating R
    packages' of the 'Writing R Extensions' manual.
Flavor: r-oldrel-windows-ix86+x86_64