CRAN Package Check Results for Package PF

Last updated on 2014-09-20 13:48:15.

Flavor Version Tinstall Tcheck Ttotal Status Flags
r-devel-linux-x86_64-debian-clang 9.5 1.52 38.58 40.10 NOTE
r-devel-linux-x86_64-debian-gcc 9.5 1.48 39.03 40.51 NOTE
r-devel-linux-x86_64-fedora-clang 9.5 84.34 NOTE
r-devel-linux-x86_64-fedora-gcc 9.5 82.89 NOTE
r-devel-osx-x86_64-clang 9.5 78.32 NOTE
r-devel-windows-ix86+x86_64 9.5 6.00 55.00 61.00 NOTE
r-patched-linux-x86_64 9.5 1.54 40.89 42.43 NOTE
r-patched-solaris-sparc 9.5 515.30 NOTE
r-patched-solaris-x86 9.5 98.00 NOTE
r-release-linux-ix86 9.5 2.17 50.80 52.97 NOTE
r-release-linux-x86_64 9.5 1.77 41.84 43.61 NOTE
r-release-osx-x86_64-mavericks 9.5 NOTE
r-release-osx-x86_64-snowleopard 9.5 OK
r-release-windows-ix86+x86_64 9.5 6.00 62.00 68.00 NOTE
r-oldrel-windows-ix86+x86_64 9.5 6.00 53.00 59.00 NOTE

Check Details

Version: 9.5
Check: dependencies in R code
Result: NOTE
    Packages in Depends field not imported from:
     ‘RColorBrewer’ ‘gdata’ ‘grid’ ‘methods’ ‘xtable’
     These packages need to be imported from (in the NAMESPACE file)
     for when this namespace is loaded but not attached.
    See the information on DESCRIPTION files in the chapter ‘Creating R
    packages’ of the ‘Writing R Extensions’ manual.
Flavors: r-devel-linux-x86_64-debian-clang, r-devel-linux-x86_64-debian-gcc, r-devel-linux-x86_64-fedora-clang, r-devel-linux-x86_64-fedora-gcc, r-devel-osx-x86_64-clang, r-devel-windows-ix86+x86_64, r-patched-linux-x86_64, r-patched-solaris-sparc, r-patched-solaris-x86

Version: 9.5
Check: dependencies in R code
Result: NOTE
    Packages in Depends field not imported from:
     ‘RColorBrewer’ ‘gdata’ ‘methods’ ‘xtable’
     These packages need to be imported from (in the NAMESPACE file)
     for when this namespace is loaded but not attached.
    See the information on DESCRIPTION files in the chapter ‘Creating R
    packages’ of the ‘Writing R Extensions’ manual.
Flavors: r-release-linux-ix86, r-release-linux-x86_64, r-release-osx-x86_64-mavericks, r-release-windows-ix86+x86_64, r-oldrel-windows-ix86+x86_64