CRAN Package Check Results for Package PF

Last updated on 2015-05-29 03:48:38.

Flavor Version Tinstall Tcheck Ttotal Status Flags
r-devel-linux-x86_64-debian-clang 9.5 1.59 37.66 39.26 ERROR
r-devel-linux-x86_64-debian-gcc 9.5 1.58 37.22 38.80 ERROR
r-devel-linux-x86_64-fedora-clang 9.5 82.94 ERROR
r-devel-linux-x86_64-fedora-gcc 9.5 75.74 ERROR
r-devel-osx-x86_64-clang 9.5 76.73 ERROR
r-devel-windows-ix86+x86_64 9.5 5.00 61.00 66.00 ERROR
r-patched-linux-x86_64 9.5 1.62 38.22 39.83 NOTE
r-patched-solaris-sparc 9.5 474.40 NOTE
r-patched-solaris-x86 9.5 88.50 NOTE
r-release-linux-x86_64 9.5 1.80 37.34 39.14 NOTE
r-release-osx-x86_64-mavericks 9.5 NOTE
r-release-osx-x86_64-snowleopard 9.5 NOTE
r-release-windows-ix86+x86_64 9.5 5.00 63.00 68.00 NOTE
r-oldrel-windows-ix86+x86_64 9.5 8.00 72.00 80.00 NOTE

Check Details

Version: 9.5
Check: DESCRIPTION meta-information
Result: NOTE
    Malformed Title field: should not end in a period.
Flavors: r-devel-linux-x86_64-debian-clang, r-devel-linux-x86_64-debian-gcc, r-devel-linux-x86_64-fedora-clang, r-devel-linux-x86_64-fedora-gcc, r-devel-osx-x86_64-clang, r-devel-windows-ix86+x86_64, r-patched-linux-x86_64, r-patched-solaris-sparc, r-patched-solaris-x86, r-release-linux-x86_64, r-release-osx-x86_64-mavericks, r-release-osx-x86_64-snowleopard, r-release-windows-ix86+x86_64

Version: 9.5
Check: dependencies in R code
Result: NOTE
    Packages in Depends field not imported from:
     ‘RColorBrewer’ ‘gdata’ ‘grid’ ‘methods’ ‘xtable’
     These packages need to be imported from (in the NAMESPACE file)
     for when this namespace is loaded but not attached.
Flavors: r-devel-linux-x86_64-debian-clang, r-devel-linux-x86_64-debian-gcc, r-devel-linux-x86_64-fedora-clang, r-devel-linux-x86_64-fedora-gcc, r-devel-osx-x86_64-clang, r-devel-windows-ix86+x86_64, r-patched-linux-x86_64, r-patched-solaris-sparc, r-patched-solaris-x86, r-release-linux-x86_64, r-release-osx-x86_64-mavericks, r-release-osx-x86_64-snowleopard, r-release-windows-ix86+x86_64, r-oldrel-windows-ix86+x86_64

Version: 9.5
Check: examples
Result: ERROR
    Running examples in ‘PF-Ex.R’ failed
    The error most likely occurred in:
    
    > ### Name: RRmpWald
    > ### Title: Wald confidence intervals for RR from matched pairs
    > ### Aliases: RRmpWald
    >
    > ### ** Examples
    >
    > RRmpWald(pos ~ tx + cluster(cage), New, compare = c('con', 'vac'))
    Error in `[.data.frame`(tbl, , compare[2]) : undefined columns selected
    Calls: RRmpWald -> .twoby -> table -> [ -> [.data.frame
    Execution halted
Flavors: r-devel-linux-x86_64-debian-clang, r-devel-linux-x86_64-debian-gcc, r-devel-linux-x86_64-fedora-clang, r-devel-linux-x86_64-fedora-gcc, r-devel-osx-x86_64-clang, r-devel-windows-ix86+x86_64