CRAN Package Check Results for Package PF

Last updated on 2014-12-20 17:51:12.

Flavor Version Tinstall Tcheck Ttotal Status Flags
r-devel-linux-x86_64-debian-clang 9.5 1.60 39.42 41.02 NOTE
r-devel-linux-x86_64-debian-gcc 9.5 1.48 39.08 40.56 NOTE
r-devel-linux-x86_64-fedora-clang 9.5 83.83 NOTE
r-devel-linux-x86_64-fedora-gcc 9.5 79.85 NOTE
r-devel-osx-x86_64-clang 9.5 77.38 NOTE
r-devel-windows-ix86+x86_64 9.5 6.00 77.00 83.00 NOTE
r-patched-linux-x86_64 9.5 1.54 41.13 42.67 NOTE
r-patched-solaris-sparc 9.5 515.30 NOTE
r-patched-solaris-x86 9.5 98.10 NOTE
r-release-linux-ix86 9.5 2.14 47.92 50.06 NOTE
r-release-linux-x86_64 9.5 1.63 42.44 44.07 NOTE
r-release-osx-x86_64-mavericks 9.5 NOTE
r-release-osx-x86_64-snowleopard 9.5 OK
r-release-windows-ix86+x86_64 9.5 6.00 58.00 64.00 NOTE
r-oldrel-windows-ix86+x86_64 9.5 6.00 56.00 62.00 NOTE

Check Details

Version: 9.5
Check: dependencies in R code
Result: NOTE
    Packages in Depends field not imported from:
     ‘RColorBrewer’ ‘gdata’ ‘grid’ ‘methods’ ‘xtable’
     These packages need to be imported from (in the NAMESPACE file)
     for when this namespace is loaded but not attached.
    See the information on DESCRIPTION files in the chapter ‘Creating R
    packages’ of the ‘Writing R Extensions’ manual.
Flavors: r-devel-linux-x86_64-debian-clang, r-devel-linux-x86_64-debian-gcc, r-devel-linux-x86_64-fedora-clang, r-devel-linux-x86_64-fedora-gcc, r-devel-osx-x86_64-clang, r-devel-windows-ix86+x86_64, r-patched-linux-x86_64, r-patched-solaris-sparc, r-patched-solaris-x86, r-release-linux-ix86, r-release-linux-x86_64, r-release-windows-ix86+x86_64

Version: 9.5
Check: dependencies in R code
Result: NOTE
    Packages in Depends field not imported from:
     ‘RColorBrewer’ ‘gdata’ ‘methods’ ‘xtable’
     These packages need to be imported from (in the NAMESPACE file)
     for when this namespace is loaded but not attached.
    See the information on DESCRIPTION files in the chapter ‘Creating R
    packages’ of the ‘Writing R Extensions’ manual.
Flavors: r-release-osx-x86_64-mavericks, r-oldrel-windows-ix86+x86_64