CRAN Package Check Results for Package PF

Last updated on 2014-07-25 17:48:05.

Flavor Version Tinstall Tcheck Ttotal Status Flags
r-devel-linux-x86_64-debian-clang 9.5 1.63 39.74 41.36 NOTE
r-devel-linux-x86_64-debian-gcc 9.5 1.53 39.65 41.18 NOTE
r-devel-linux-x86_64-fedora-clang 9.5 90.00 NOTE
r-devel-linux-x86_64-fedora-gcc 9.5 84.93 NOTE
r-devel-osx-x86_64-clang 9.5 78.99 NOTE
r-devel-windows-ix86+x86_64 9.5 7.00 63.00 70.00 NOTE
r-patched-linux-x86_64 9.5 1.60 39.74 41.34 NOTE
r-patched-solaris-sparc 9.5 517.50 NOTE
r-patched-solaris-x86 9.5 101.00 NOTE
r-release-linux-ix86 9.5 2.17 50.18 52.35 NOTE
r-release-linux-x86_64 9.5 1.64 39.96 41.59 NOTE
r-release-osx-x86_64-mavericks 9.5 NOTE
r-release-osx-x86_64-snowleopard 9.5 OK
r-release-windows-ix86+x86_64 9.5 7.00 63.00 70.00 NOTE
r-oldrel-windows-ix86+x86_64 9.5 8.00 74.00 82.00 NOTE

Check Details

Version: 9.5
Check: dependencies in R code
Result: NOTE
    Packages in Depends field not imported from:
     ‘RColorBrewer’ ‘gdata’ ‘methods’ ‘xtable’
     These packages need to be imported from (in the NAMESPACE file)
     for when this namespace is loaded but not attached.
    See the information on DESCRIPTION files in the chapter ‘Creating R
    packages’ of the ‘Writing R Extensions’ manual.
Flavors: r-devel-linux-x86_64-debian-clang, r-devel-linux-x86_64-debian-gcc, r-devel-linux-x86_64-fedora-clang, r-devel-linux-x86_64-fedora-gcc, r-devel-osx-x86_64-clang, r-devel-windows-ix86+x86_64, r-patched-linux-x86_64, r-patched-solaris-sparc, r-patched-solaris-x86, r-release-linux-ix86, r-release-linux-x86_64, r-release-osx-x86_64-mavericks, r-release-windows-ix86+x86_64, r-oldrel-windows-ix86+x86_64