CRAN Package Check Results for Package PF

Last updated on 2014-04-19 01:48:23.

Flavor Version Tinstall Tcheck Ttotal Status Flags
r-devel-linux-x86_64-debian-clang 9.5 1.90 41.22 43.12 NOTE
r-devel-linux-x86_64-debian-gcc NOTE
r-devel-linux-x86_64-fedora-clang 9.5 91.18 NOTE
r-devel-linux-x86_64-fedora-gcc 9.5 88.12 NOTE
r-devel-macosx-x86_64-clang 9.5 81.56 NOTE
r-devel-macosx-x86_64-gcc 9.5 NOTE
r-devel-windows-ix86+x86_64 9.5 6.00 83.00 89.00 NOTE
r-patched-linux-x86_64 9.5 1.72 41.58 43.30 NOTE
r-patched-solaris-sparc 9.5 517.50 NOTE
r-patched-solaris-x86 9.5 101.40 NOTE
r-release-linux-ix86 9.5 4.00 68.00 72.00 NOTE
r-release-linux-x86_64 9.5 1.71 42.96 44.67 NOTE
r-release-macosx-x86_64 9.5 OK
r-release-windows-ix86+x86_64 9.5 9.00 85.00 94.00 NOTE
r-oldrel-windows-ix86+x86_64 9.5 6.00 55.00 61.00 NOTE

Check Details

Version: 9.5
Check: dependencies in R code
Result: NOTE
    Packages in Depends field not imported from:
     ‘RColorBrewer’ ‘gdata’ ‘methods’ ‘xtable’
     These packages need to be imported from (in the NAMESPACE file)
     for when this namespace is loaded but not attached.
    See the information on DESCRIPTION files in the chapter ‘Creating R
    packages’ of the ‘Writing R Extensions’ manual.
Flavors: r-devel-linux-x86_64-debian-clang, r-devel-linux-x86_64-debian-gcc, r-devel-linux-x86_64-fedora-clang, r-devel-linux-x86_64-fedora-gcc, r-devel-macosx-x86_64-clang, r-devel-macosx-x86_64-gcc, r-devel-windows-ix86+x86_64, r-patched-linux-x86_64, r-patched-solaris-sparc, r-patched-solaris-x86, r-release-linux-ix86, r-release-linux-x86_64, r-release-windows-ix86+x86_64, r-oldrel-windows-ix86+x86_64