CRAN Package Check Results for Package PIPS

Last updated on 2015-07-05 22:47:38.

Flavor Version Tinstall Tcheck Ttotal Status Flags
r-devel-linux-x86_64-debian-clang 1.0.1 0.54 10.54 11.08 NOTE
r-devel-linux-x86_64-debian-gcc 1.0.1 0.53 10.91 11.44 NOTE
r-devel-linux-x86_64-fedora-clang 1.0.1 20.08 NOTE
r-devel-linux-x86_64-fedora-gcc 1.0.1 19.35 NOTE
r-devel-osx-x86_64-clang 1.0.1 22.30 OK
r-devel-windows-ix86+x86_64 1.0.1 3.00 18.00 21.00 NOTE
r-patched-linux-x86_64 1.0.1 0.55 10.72 11.27 OK
r-patched-solaris-sparc 1.0.1 147.40 OK
r-patched-solaris-x86 1.0.1 32.60 OK
r-release-linux-x86_64 1.0.1 0.56 10.98 11.54 OK
r-release-osx-x86_64-mavericks 1.0.1 OK
r-release-windows-ix86+x86_64 1.0.1 3.00 19.00 22.00 OK
r-oldrel-windows-ix86+x86_64 1.0.1 4.00 19.00 23.00 OK

Check Details

Version: 1.0.1
Check: R code for possible problems
Result: NOTE
    plot.pred.int: no visible global function definition for ‘plot.default’
    plot.pred.int: no visible global function definition for ‘axis’
    plot.pred.int: no visible global function definition for ‘box’
    plot.pred.int : cidist: no visible global function definition for
     ‘ecdf’
    plot.pred.int : negcidist: no visible global function definition for
     ‘ecdf’
    plot.pred.int : pi.col.fun: no visible global function definition for
     ‘gray’
    plot.pred.int: no visible global function definition for ‘segments’
    plot.pred.int: no visible global function definition for ‘points’
    plot.pred.int: no visible global function definition for ‘abline’
    pred.int: no visible binding for global variable ‘sd’
    prop.test.mult: no visible global function definition for ‘qnorm’
    sim.basic: no visible global function definition for ‘rbinom’
    sim.basic: no visible global function definition for ‘rnorm’
    t.test.mult: no visible global function definition for ‘qt’
    Undefined global functions or variables:
     abline axis box ecdf gray plot.default points qnorm qt rbinom rnorm
     sd segments
Flavors: r-devel-linux-x86_64-debian-clang, r-devel-linux-x86_64-debian-gcc, r-devel-linux-x86_64-fedora-clang, r-devel-linux-x86_64-fedora-gcc, r-devel-windows-ix86+x86_64