CRAN Package Check Results for Package PK

Last updated on 2015-04-25 12:46:19.

Flavor Version Tinstall Tcheck Ttotal Status Flags
r-devel-linux-x86_64-debian-clang 1.3-2 0.72 28.64 29.36 NOTE
r-devel-linux-x86_64-debian-gcc 1.3-2 0.71 27.70 28.41 NOTE
r-devel-linux-x86_64-fedora-clang 1.3-2 55.61 NOTE
r-devel-linux-x86_64-fedora-gcc 1.3-2 54.56 NOTE
r-devel-osx-x86_64-clang 1.3-2 53.11 NOTE
r-devel-windows-ix86+x86_64 1.3-2 2.00 51.00 53.00 NOTE
r-patched-linux-x86_64 1.3-2 0.77 27.30 28.06 NOTE
r-patched-solaris-sparc 1.3-2 339.00 NOTE
r-patched-solaris-x86 1.3-2 62.90 NOTE
r-release-linux-x86_64 1.3-2 0.90 27.22 28.13 NOTE
r-release-osx-x86_64-mavericks 1.3-2 NOTE
r-release-osx-x86_64-snowleopard 1.3-2 NOTE
r-release-windows-ix86+x86_64 1.3-2 2.00 54.00 56.00 NOTE
r-oldrel-windows-ix86+x86_64 1.3-2 4.00 48.00 52.00 OK

Check Details

Version: 1.3-2
Check: DESCRIPTION meta-information
Result: NOTE
    Malformed Description field: should contain one or more complete sentences.
Flavors: r-devel-windows-ix86+x86_64, r-release-windows-ix86+x86_64