CRAN Package Check Results for Package PK

Last updated on 2015-03-01 03:48:42.

Flavor Version Tinstall Tcheck Ttotal Status Flags
r-devel-linux-x86_64-debian-clang 1.3-2 0.78 28.43 29.21 NOTE
r-devel-linux-x86_64-debian-gcc 1.3-2 0.72 28.82 29.55 NOTE
r-devel-linux-x86_64-fedora-clang 1.3-2 56.76 NOTE
r-devel-linux-x86_64-fedora-gcc 1.3-2 53.87 NOTE
r-devel-osx-x86_64-clang 1.3-2 56.93 NOTE
r-devel-windows-ix86+x86_64 1.3-2 4.00 43.00 47.00 NOTE
r-patched-linux-x86_64 1.3-2 0.79 30.24 31.03 OK
r-patched-solaris-sparc 1.3-2 365.20 OK
r-patched-solaris-x86 1.3-2 68.00 OK
r-release-linux-ix86 1.3-2 1.13 37.22 38.35 OK
r-release-linux-x86_64 1.3-2 0.83 29.90 30.73 OK
r-release-osx-x86_64-mavericks 1.3-2 OK
r-release-windows-ix86+x86_64 1.3-2 3.00 44.00 47.00 OK
r-oldrel-windows-ix86+x86_64 1.3-2 2.00 49.00 51.00 OK

Check Details

Version: 1.3-2
Check: DESCRIPTION meta-information
Result: NOTE
    Malformed Description field: should contain one or more complete sentences.
Flavors: r-devel-linux-x86_64-debian-clang, r-devel-linux-x86_64-debian-gcc, r-devel-linux-x86_64-fedora-clang, r-devel-linux-x86_64-fedora-gcc, r-devel-osx-x86_64-clang, r-devel-windows-ix86+x86_64

Version: 1.3-2
Check: S3 generic/method consistency
Result: NOTE
    Found the following apparent S3 methods exported but not registered:
     plot.PK plot.halflife print.PK print.PKtest summary.PK summary.PKtest
    See section ‘Registering S3 methods’ in the ‘Writing R Extensions’
    manual.
Flavors: r-devel-linux-x86_64-debian-clang, r-devel-linux-x86_64-debian-gcc, r-devel-linux-x86_64-fedora-clang, r-devel-linux-x86_64-fedora-gcc, r-devel-osx-x86_64-clang