CRAN Package Check Results for Package PK

Last updated on 2015-05-26 17:47:17.

Flavor Version Tinstall Tcheck Ttotal Status Flags
r-devel-linux-x86_64-debian-clang 1.3-2 0.72 27.46 28.18 NOTE
r-devel-linux-x86_64-debian-gcc 1.3-2 0.71 26.98 27.69 NOTE
r-devel-linux-x86_64-fedora-clang 1.3-2 55.44 NOTE
r-devel-linux-x86_64-fedora-gcc 1.3-2 51.68 NOTE
r-devel-osx-x86_64-clang 1.3-2 53.36 NOTE
r-devel-windows-ix86+x86_64 1.3-2 3.00 42.00 45.00 NOTE
r-patched-linux-x86_64 1.3-2 0.72 26.60 27.32 NOTE
r-patched-solaris-sparc 1.3-2 339.00 NOTE
r-patched-solaris-x86 1.3-2 64.40 NOTE
r-release-linux-x86_64 1.3-2 0.72 27.86 28.58 NOTE
r-release-osx-x86_64-mavericks 1.3-2 NOTE
r-release-osx-x86_64-snowleopard 1.3-2 NOTE
r-release-windows-ix86+x86_64 1.3-2 2.00 54.00 56.00 NOTE
r-oldrel-windows-ix86+x86_64 1.3-2 4.00 48.00 52.00 OK

Check Details

Version: 1.3-2
Check: DESCRIPTION meta-information
Result: NOTE
    Malformed Description field: should contain one or more complete sentences.
Flavors: r-devel-linux-x86_64-debian-clang, r-devel-linux-x86_64-debian-gcc, r-devel-linux-x86_64-fedora-clang, r-devel-linux-x86_64-fedora-gcc, r-devel-osx-x86_64-clang, r-devel-windows-ix86+x86_64, r-patched-linux-x86_64, r-patched-solaris-sparc, r-patched-solaris-x86, r-release-linux-x86_64, r-release-osx-x86_64-mavericks, r-release-osx-x86_64-snowleopard, r-release-windows-ix86+x86_64

Version: 1.3-2
Check: S3 generic/method consistency
Result: NOTE
    Found the following apparent S3 methods exported but not registered:
     plot.PK plot.halflife print.PK print.PKtest summary.PK summary.PKtest
    See section ‘Registering S3 methods’ in the ‘Writing R Extensions’
    manual.
Flavors: r-devel-linux-x86_64-debian-clang, r-devel-linux-x86_64-debian-gcc, r-devel-linux-x86_64-fedora-clang, r-devel-linux-x86_64-fedora-gcc, r-devel-osx-x86_64-clang, r-patched-linux-x86_64, r-patched-solaris-sparc, r-patched-solaris-x86, r-release-linux-x86_64