CRAN Package Check Results for Package PK

Last updated on 2015-08-04 11:49:16.

Flavor Version Tinstall Tcheck Ttotal Status Flags
r-devel-linux-x86_64-debian-clang 1.3-2 0.69 27.24 27.93 NOTE
r-devel-linux-x86_64-debian-gcc 1.3-2 0.68 31.69 32.38 NOTE
r-devel-linux-x86_64-fedora-clang 1.3-2 53.32 NOTE
r-devel-linux-x86_64-fedora-gcc 1.3-2 50.50 NOTE
r-devel-osx-x86_64-clang 1.3-2 50.70 NOTE
r-devel-windows-ix86+x86_64 1.3-2 3.00 50.00 53.00 NOTE
r-patched-linux-x86_64 1.3-2 0.70 33.14 33.84 NOTE
r-patched-solaris-sparc 1.3-2 334.70 NOTE
r-patched-solaris-x86 1.3-2 63.80 NOTE
r-release-linux-x86_64 1.3-2 0.72 33.02 33.75 NOTE
r-release-osx-x86_64-mavericks 1.3-2 NOTE
r-release-windows-ix86+x86_64 1.3-2 3.00 45.00 48.00 NOTE
r-oldrel-windows-ix86+x86_64 1.3-2 4.00 48.00 52.00 OK

Check Details

Version: 1.3-2
Check: DESCRIPTION meta-information
Result: NOTE
    Malformed Description field: should contain one or more complete sentences.
Flavors: r-devel-linux-x86_64-debian-clang, r-devel-linux-x86_64-debian-gcc, r-devel-linux-x86_64-fedora-clang, r-devel-linux-x86_64-fedora-gcc, r-devel-osx-x86_64-clang, r-devel-windows-ix86+x86_64, r-patched-linux-x86_64, r-patched-solaris-sparc, r-patched-solaris-x86, r-release-linux-x86_64, r-release-osx-x86_64-mavericks, r-release-windows-ix86+x86_64

Version: 1.3-2
Check: S3 generic/method consistency
Result: NOTE
    Found the following apparent S3 methods exported but not registered:
     plot.PK plot.halflife print.PK print.PKtest summary.PK summary.PKtest
    See section ‘Registering S3 methods’ in the ‘Writing R Extensions’
    manual.
Flavors: r-devel-linux-x86_64-debian-clang, r-devel-linux-x86_64-debian-gcc, r-devel-linux-x86_64-fedora-clang, r-devel-linux-x86_64-fedora-gcc, r-devel-osx-x86_64-clang, r-patched-linux-x86_64, r-patched-solaris-sparc, r-patched-solaris-x86, r-release-linux-x86_64

Version: 1.3-2
Check: R code for possible problems
Result: NOTE
    .fieller.general: no visible global function definition for ‘qnorm’
    .fieller.general: no visible global function definition for ‘qt’
    .fieller.ind: no visible global function definition for ‘qt’
    .resampling.test: no visible global function definition for ‘runif’
    .resampling.test: no visible binding for global variable ‘quantile’
    auc.batch : resample: no visible global function definition for
     ‘quantile’
    auc.batch : parms : single.AUC: no visible global function definition
     for ‘var’
    auc.batch: no visible global function definition for ‘qt’
    auc.batch: no visible global function definition for ‘qnorm’
    auc.ssd : resample: no visible global function definition for
     ‘quantile’
    auc.ssd: no visible global function definition for ‘na.omit’
    auc.ssd: no visible binding for global variable ‘sd’
    auc.ssd: no visible global function definition for ‘qt’
    auc.ssd: no visible global function definition for ‘qnorm’
    biexp : curve.peeling: no visible global function definition for ‘lm’
    biexp: no visible global function definition for ‘na.omit’
    biexp: no visible global function definition for ‘optim’
    eqv.batch : boott: no visible global function definition for ‘quantile’
    eqv.batch: no visible global function definition for ‘qnorm’
    eqv.ssd : asymp: no visible global function definition for ‘qnorm’
    eqv.ssd : boott: no visible global function definition for ‘quantile’
    eqv.ssd: no visible global function definition for ‘na.omit’
    eqv.ssd: no visible binding for global variable ‘sd’
    lee : lad: no visible global function definition for ‘median’
    lee : hub: no visible global function definition for ‘lm’
    lee : hub: no visible global function definition for ‘optim’
    lee : npr: no visible global function definition for ‘median’
    lee : ols: no visible global function definition for ‘lm’
    lee: no visible global function definition for ‘na.omit’
    nca.batch : get.confint: no visible global function definition for
     ‘qnorm’
    nca.batch : get.confint: no visible binding for global variable
     ‘quantile’
    nca.ssd : sigma: no visible binding for global variable ‘var’
    nca.ssd : sigma: no visible global function definition for ‘cov’
    nca.ssd : get.confint: no visible global function definition for
     ‘qnorm’
    nca.ssd : get.confint: no visible binding for global variable
     ‘quantile’
    nca.ssd: no visible global function definition for ‘na.omit’
    plot.PK: no visible global function definition for ‘plot’
    plot.PK: no visible global function definition for ‘points’
    plot.PK: no visible global function definition for ‘legend’
    plot.PK: no visible global function definition for ‘palette’
    plot.halflife: no visible global function definition for ‘plot’
    plot.halflife: no visible global function definition for ‘points’
    plot.halflife: no visible global function definition for ‘curve’
    test: no visible global function definition for ‘pt’
    test: no visible global function definition for ‘pnorm’
    Undefined global functions or variables:
     cov curve legend lm median na.omit optim palette plot pnorm points pt
     qnorm qt quantile runif sd var
    Consider adding
     importFrom("grDevices", "palette")
     importFrom("graphics", "curve", "legend", "plot", "points")
     importFrom("stats", "cov", "lm", "median", "na.omit", "optim", "pnorm",
     "pt", "qnorm", "qt", "quantile", "runif", "sd", "var")
    to your NAMESPACE.
Flavors: r-devel-linux-x86_64-debian-clang, r-devel-linux-x86_64-debian-gcc, r-devel-linux-x86_64-fedora-clang, r-devel-linux-x86_64-fedora-gcc, r-devel-windows-ix86+x86_64