CRAN Package Check Results for Package PK

Last updated on 2015-01-28 01:48:11.

Flavor Version Tinstall Tcheck Ttotal Status Flags
r-devel-linux-x86_64-debian-clang 1.3-2 0.75 29.14 29.89 NOTE
r-devel-linux-x86_64-debian-gcc 1.3-2 0.74 27.19 27.92 NOTE
r-devel-linux-x86_64-fedora-clang 1.3-2 61.20 NOTE
r-devel-linux-x86_64-fedora-gcc 1.3-2 57.98 NOTE
r-devel-osx-x86_64-clang 1.3-2 56.62 NOTE
r-devel-windows-ix86+x86_64 1.3-2 3.00 44.00 47.00 OK
r-patched-linux-x86_64 1.3-2 0.81 29.28 30.08 OK
r-patched-solaris-sparc 1.3-2 365.20 OK
r-patched-solaris-x86 1.3-2 69.40 OK
r-release-linux-ix86 1.3-2 1.12 36.25 37.37 OK
r-release-linux-x86_64 1.3-2 0.81 29.48 30.29 OK
r-release-osx-x86_64-mavericks 1.3-2 OK
r-release-windows-ix86+x86_64 1.3-2 3.00 44.00 47.00 OK
r-oldrel-windows-ix86+x86_64 1.3-2 2.00 49.00 51.00 OK

Check Details

Version: 1.3-2
Check: S3 generic/method consistency
Result: NOTE
    Found the following apparent S3 methods exported but not registered:
     print.PK print.PKtest summary.PK summary.PKtest plot.PK plot.halflife
    See section ‘Registering S3 methods’ in the ‘Writing R Extensions’
    manual.
Flavors: r-devel-linux-x86_64-debian-clang, r-devel-linux-x86_64-debian-gcc, r-devel-linux-x86_64-fedora-clang, r-devel-linux-x86_64-fedora-gcc, r-devel-osx-x86_64-clang