CRAN Package Check Results for Package PKI

Last updated on 2015-03-28 00:54:24.

Flavor Version Tinstall Tcheck Ttotal Status Flags
r-devel-linux-x86_64-debian-clang 0.1-1 1.28 10.26 11.53 NOTE
r-devel-linux-x86_64-debian-gcc 0.1-1 1.28 9.73 11.01 NOTE
r-devel-linux-x86_64-fedora-clang 0.1-1 21.04 NOTE
r-devel-linux-x86_64-fedora-gcc 0.1-1 19.70 NOTE
r-devel-osx-x86_64-clang 0.1-1 28.55 NOTE
r-prerel-windows-ix86+x86_64 0.1-1 18.00 33.00 51.00 NOTE
r-prerel-linux-x86_64 0.1-1 1.38 9.62 11.00 NOTE
r-prerel-solaris-sparc 0.1-1 148.30 NOTE
r-prerel-solaris-x86 0.1-1 31.50 NOTE
r-release-linux-x86_64 0.1-1 1.47 11.18 12.65 NOTE
r-release-osx-x86_64-mavericks 0.1-1 NOTE
r-release-osx-x86_64-snowleopard 0.1-1 OK
r-release-windows-ix86+x86_64 0.1-1 22.00 37.00 59.00 NOTE
r-oldrel-windows-ix86+x86_64 0.1-1 17.00 44.00 61.00 NOTE

Check Details

Version: 0.1-1
Check: dependencies in R code
Result: NOTE
    Package in Depends field not imported from: ‘base64enc’
     These packages need to be imported from (in the NAMESPACE file)
     for when this namespace is loaded but not attached.
Flavors: r-devel-linux-x86_64-debian-clang, r-devel-linux-x86_64-debian-gcc, r-devel-linux-x86_64-fedora-clang, r-devel-linux-x86_64-fedora-gcc, r-devel-osx-x86_64-clang, r-prerel-windows-ix86+x86_64, r-prerel-linux-x86_64, r-prerel-solaris-sparc, r-prerel-solaris-x86, r-release-linux-x86_64, r-release-windows-ix86+x86_64

Version: 0.1-1
Check: Rd line widths
Result: NOTE
    Rd file 'RSA.Rd':
     \examples lines wider than 100 characters:
     PKI.load.OpenSSH.pubkey("ssh-rsa AAAAB3NzaC1yc2EAAAABIwAAAIEAuvOXqfZ3pJeWeqyQOIXZwmgM1RBqPUmVx3XgntpA+YtOZjKfuoJSpg3LhBuI/wXx8L2QZXNFib ... [TRUNCATED]
    
    These lines will be truncated in the PDF manual.
Flavors: r-devel-linux-x86_64-debian-clang, r-devel-linux-x86_64-debian-gcc, r-devel-linux-x86_64-fedora-clang, r-devel-linux-x86_64-fedora-gcc, r-prerel-linux-x86_64, r-release-linux-x86_64

Version: 0.1-1
Check: dependencies in R code
Result: NOTE
    Package in Depends field not imported from: ‘base64enc’
     These packages need to be imported from (in the NAMESPACE file)
     for when this namespace is loaded but not attached.
    See the information on DESCRIPTION files in the chapter ‘Creating R
    packages’ of the ‘Writing R Extensions’ manual.
Flavors: r-release-osx-x86_64-mavericks, r-oldrel-windows-ix86+x86_64