CRAN Package Check Results for Package PKI

Last updated on 2018-02-20 09:50:15 CET.

Flavor Version Tinstall Tcheck Ttotal Status Flags
r-devel-linux-x86_64-debian-clang 0.1-5.1 6.37 16.18 22.55 NOTE
r-devel-linux-x86_64-debian-gcc 0.1-5.1 4.07 14.43 18.50 NOTE
r-devel-linux-x86_64-fedora-clang 0.1-5.1 28.49 NOTE
r-devel-linux-x86_64-fedora-gcc 0.1-5.1 27.41 NOTE
r-devel-windows-ix86+x86_64 0.1-5.1 30.00 64.00 94.00 OK
r-patched-linux-x86_64 0.1-5.1 4.54 17.63 22.17 NOTE
r-patched-solaris-x86 0.1-5.1 38.60 OK
r-release-linux-x86_64 0.1-5.1 4.48 17.38 21.86 NOTE
r-release-windows-ix86+x86_64 0.1-5.1 19.00 43.00 62.00 OK
r-release-osx-x86_64 0.1-5.1 OK
r-oldrel-windows-ix86+x86_64 0.1-5.1 33.00 64.00 97.00 OK
r-oldrel-osx-x86_64 0.1-5.1 OK

Additional issues

rchk

Check Details

Version: 0.1-5.1
Check: Rd line widths
Result: NOTE
    Rd file 'RSA.Rd':
     \examples lines wider than 100 characters:
     PKI.load.OpenSSH.pubkey("ssh-rsa AAAAB3NzaC1yc2EAAAABIwAAAIEAuvOXqfZ3pJeWeqyQOIXZwmgM1RBqPUmVx3XgntpA+YtOZjKfuoJSpg3LhBuI/wXx8L2QZXNFib ... [TRUNCATED]
    
    These lines will be truncated in the PDF manual.
Flavors: r-devel-linux-x86_64-debian-clang, r-devel-linux-x86_64-debian-gcc, r-devel-linux-x86_64-fedora-clang, r-devel-linux-x86_64-fedora-gcc, r-patched-linux-x86_64, r-release-linux-x86_64