CRAN Package Check Results for Package PKI

Last updated on 2015-08-01 14:51:05.

Flavor Version Tinstall Tcheck Ttotal Status Flags
r-devel-linux-x86_64-debian-clang 0.1-3 1.29 10.06 11.35 NOTE
r-devel-linux-x86_64-debian-gcc 0.1-3 1.40 9.67 11.08 NOTE
r-devel-linux-x86_64-fedora-clang 0.1-3 20.36 NOTE
r-devel-linux-x86_64-fedora-gcc 0.1-3 19.80 NOTE
r-devel-osx-x86_64-clang 0.1-3 24.23 OK
r-devel-windows-ix86+x86_64 0.1-3 19.00 57.00 76.00 OK
r-patched-linux-x86_64 0.1-3 1.37 11.22 12.59 NOTE
r-patched-solaris-sparc 0.1-3 129.40 OK
r-patched-solaris-x86 0.1-3 34.60 OK
r-release-linux-x86_64 0.1-3 1.52 11.16 12.68 NOTE
r-release-osx-x86_64-mavericks 0.1-3 OK
r-release-windows-ix86+x86_64 0.1-3 19.00 49.00 68.00 OK
r-oldrel-windows-ix86+x86_64 0.1-3 19.00 64.00 83.00 OK

Memtest notes: valgrind

Check Details

Version: 0.1-3
Check: Rd line widths
Result: NOTE
    Rd file 'RSA.Rd':
     \examples lines wider than 100 characters:
     PKI.load.OpenSSH.pubkey("ssh-rsa AAAAB3NzaC1yc2EAAAABIwAAAIEAuvOXqfZ3pJeWeqyQOIXZwmgM1RBqPUmVx3XgntpA+YtOZjKfuoJSpg3LhBuI/wXx8L2QZXNFib ... [TRUNCATED]
    
    These lines will be truncated in the PDF manual.
Flavors: r-devel-linux-x86_64-debian-clang, r-devel-linux-x86_64-debian-gcc, r-devel-linux-x86_64-fedora-clang, r-devel-linux-x86_64-fedora-gcc, r-patched-linux-x86_64, r-release-linux-x86_64