CRAN Package Check Results for Package PKI

Last updated on 2015-07-01 17:47:48.

Flavor Version Tinstall Tcheck Ttotal Status Flags
r-devel-linux-x86_64-debian-clang 0.1-1 1.27 9.55 10.82 NOTE
r-devel-linux-x86_64-debian-gcc 0.1-1 1.25 9.68 10.94 NOTE
r-devel-linux-x86_64-fedora-clang 0.1-1 20.40 NOTE
r-devel-linux-x86_64-fedora-gcc 0.1-1 19.23 NOTE
r-devel-osx-x86_64-clang 0.1-1 23.28 NOTE
r-devel-windows-ix86+x86_64 0.1-1 26.00 35.00 61.00 NOTE
r-patched-linux-x86_64 0.1-1 1.30 10.01 11.31 NOTE
r-patched-solaris-sparc 0.1-1 142.40 NOTE
r-patched-solaris-x86 0.1-1 32.40 NOTE
r-release-linux-x86_64 0.1-1 1.46 10.14 11.60 NOTE
r-release-osx-x86_64-mavericks 0.1-1 NOTE
r-release-windows-ix86+x86_64 0.1-1 17.00 35.00 52.00 NOTE
r-oldrel-windows-ix86+x86_64 0.1-1 22.00 37.00 59.00 NOTE

Memtest notes: valgrind

Check Details

Version: 0.1-1
Check: dependencies in R code
Result: NOTE
    Package in Depends field not imported from: ‘base64enc’
     These packages need to be imported from (in the NAMESPACE file)
     for when this namespace is loaded but not attached.
Flavors: r-devel-linux-x86_64-debian-clang, r-devel-linux-x86_64-debian-gcc, r-devel-linux-x86_64-fedora-clang, r-devel-linux-x86_64-fedora-gcc, r-devel-osx-x86_64-clang, r-devel-windows-ix86+x86_64, r-patched-linux-x86_64, r-patched-solaris-sparc, r-patched-solaris-x86, r-release-linux-x86_64, r-release-osx-x86_64-mavericks, r-release-windows-ix86+x86_64, r-oldrel-windows-ix86+x86_64

Version: 0.1-1
Check: Rd line widths
Result: NOTE
    Rd file 'RSA.Rd':
     \examples lines wider than 100 characters:
     PKI.load.OpenSSH.pubkey("ssh-rsa AAAAB3NzaC1yc2EAAAABIwAAAIEAuvOXqfZ3pJeWeqyQOIXZwmgM1RBqPUmVx3XgntpA+YtOZjKfuoJSpg3LhBuI/wXx8L2QZXNFib ... [TRUNCATED]
    
    These lines will be truncated in the PDF manual.
Flavors: r-devel-linux-x86_64-debian-clang, r-devel-linux-x86_64-debian-gcc, r-devel-linux-x86_64-fedora-clang, r-devel-linux-x86_64-fedora-gcc, r-patched-linux-x86_64, r-release-linux-x86_64