CRAN Package Check Results for Package PKI

Last updated on 2016-10-01 10:47:47.

Flavor Version Tinstall Tcheck Ttotal Status Flags
r-devel-linux-x86_64-debian-clang 0.1-3 1.74 11.11 12.85 NOTE
r-devel-linux-x86_64-debian-gcc 0.1-3 1.67 11.09 12.76 NOTE
r-devel-linux-x86_64-fedora-clang 0.1-3 22.48 NOTE
r-devel-linux-x86_64-fedora-gcc 0.1-3 18.11 NOTE
r-devel-macos-x86_64-clang 0.1-3 18.11 OK
r-devel-windows-ix86+x86_64 0.1-3 32.00 31.00 63.00 OK
r-patched-linux-x86_64 0.1-3 1.45 10.61 12.06 NOTE
r-patched-solaris-sparc 0.1-3 138.90 OK
r-patched-solaris-x86 0.1-3 27.80 OK
r-release-linux-x86_64 0.1-3 1.48 10.34 11.81 NOTE
r-release-osx-x86_64-mavericks 0.1-3 OK
r-release-windows-ix86+x86_64 0.1-3 25.00 34.00 59.00 OK
r-oldrel-windows-ix86+x86_64 0.1-3 24.00 38.00 62.00 OK

Check Details

Version: 0.1-3
Check: Rd line widths
Result: NOTE
    Rd file 'RSA.Rd':
     \examples lines wider than 100 characters:
     PKI.load.OpenSSH.pubkey("ssh-rsa AAAAB3NzaC1yc2EAAAABIwAAAIEAuvOXqfZ3pJeWeqyQOIXZwmgM1RBqPUmVx3XgntpA+YtOZjKfuoJSpg3LhBuI/wXx8L2QZXNFib ... [TRUNCATED]
    
    These lines will be truncated in the PDF manual.
Flavors: r-devel-linux-x86_64-debian-clang, r-devel-linux-x86_64-debian-gcc, r-devel-linux-x86_64-fedora-clang, r-devel-linux-x86_64-fedora-gcc, r-patched-linux-x86_64, r-release-linux-x86_64