CRAN Package Check Results for Package PKI

Last updated on 2016-02-08 14:47:10.

Flavor Version Tinstall Tcheck Ttotal Status Flags
r-devel-linux-x86_64-debian-gcc 0.1-3 1.56 9.66 11.21 NOTE
r-devel-linux-x86_64-fedora-clang 0.1-3 18.87 NOTE
r-devel-linux-x86_64-fedora-gcc 0.1-3 17.74 NOTE
r-devel-osx-x86_64-clang 0.1-3 23.47 OK
r-devel-windows-ix86+x86_64 0.1-3 29.00 44.00 73.00 OK
r-patched-linux-x86_64 0.1-3 1.58 11.70 13.28 NOTE
r-patched-solaris-sparc 0.1-3 126.70 OK
r-patched-solaris-x86 0.1-3 28.10 OK
r-release-linux-x86_64 0.1-3 1.71 10.24 11.95 NOTE
r-release-osx-x86_64-mavericks 0.1-3 OK
r-release-windows-ix86+x86_64 0.1-3 24.00 38.00 62.00 OK
r-oldrel-windows-ix86+x86_64 0.1-3 19.00 64.00 83.00 OK

Check Details

Version: 0.1-3
Check: Rd line widths
Result: NOTE
    Rd file 'RSA.Rd':
     \examples lines wider than 100 characters:
     PKI.load.OpenSSH.pubkey("ssh-rsa AAAAB3NzaC1yc2EAAAABIwAAAIEAuvOXqfZ3pJeWeqyQOIXZwmgM1RBqPUmVx3XgntpA+YtOZjKfuoJSpg3LhBuI/wXx8L2QZXNFib ... [TRUNCATED]
    
    These lines will be truncated in the PDF manual.
Flavors: r-devel-linux-x86_64-debian-gcc, r-devel-linux-x86_64-fedora-clang, r-devel-linux-x86_64-fedora-gcc, r-patched-linux-x86_64, r-release-linux-x86_64