CRAN Package Check Results for Package PKI

Last updated on 2016-12-05 08:48:56.

Flavor Version Tinstall Tcheck Ttotal Status Flags
r-devel-linux-x86_64-debian-clang 0.1-3 1.53 13.13 14.67 NOTE
r-devel-linux-x86_64-debian-gcc 0.1-3 1.66 11.50 13.16 NOTE
r-devel-linux-x86_64-fedora-clang 0.1-3 24.04 NOTE --no-stop-on-test-error
r-devel-linux-x86_64-fedora-gcc 0.1-3 22.23 NOTE --no-stop-on-test-error
r-devel-macos-x86_64-clang 0.1-3 20.11 OK
r-devel-windows-ix86+x86_64 0.1-3 49.00 44.00 93.00 OK
r-patched-linux-x86_64 0.1-3 1.46 10.13 11.59 NOTE
r-patched-solaris-sparc 0.1-3 138.90 OK
r-patched-solaris-x86 0.1-3 28.70 OK
r-release-linux-x86_64 0.1-3 1.42 10.29 11.71 NOTE
r-release-osx-x86_64-mavericks 0.1-3 OK
r-release-windows-ix86+x86_64 0.1-3 22.00 33.00 55.00 OK
r-oldrel-windows-ix86+x86_64 0.1-3 22.00 42.00 64.00 OK

Check Details

Version: 0.1-3
Check: Rd line widths
Result: NOTE
    Rd file 'RSA.Rd':
     \examples lines wider than 100 characters:
     PKI.load.OpenSSH.pubkey("ssh-rsa AAAAB3NzaC1yc2EAAAABIwAAAIEAuvOXqfZ3pJeWeqyQOIXZwmgM1RBqPUmVx3XgntpA+YtOZjKfuoJSpg3LhBuI/wXx8L2QZXNFib ... [TRUNCATED]
    
    These lines will be truncated in the PDF manual.
Flavors: r-devel-linux-x86_64-debian-clang, r-devel-linux-x86_64-debian-gcc, r-patched-linux-x86_64, r-release-linux-x86_64

Version: 0.1-3
Flags: --no-stop-on-test-error
Check: Rd line widths
Result: NOTE
    Rd file 'RSA.Rd':
     \examples lines wider than 100 characters:
     PKI.load.OpenSSH.pubkey("ssh-rsa AAAAB3NzaC1yc2EAAAABIwAAAIEAuvOXqfZ3pJeWeqyQOIXZwmgM1RBqPUmVx3XgntpA+YtOZjKfuoJSpg3LhBuI/wXx8L2QZXNFib ... [TRUNCATED]
    
    These lines will be truncated in the PDF manual.
Flavors: r-devel-linux-x86_64-fedora-clang, r-devel-linux-x86_64-fedora-gcc