CRAN Package Check Results for Package PKI

Last updated on 2014-12-23 01:49:08.

Flavor Version Tinstall Tcheck Ttotal Status Flags
r-devel-linux-x86_64-debian-clang 0.1-1 3.32 11.38 14.70 NOTE
r-devel-linux-x86_64-debian-gcc 0.1-1 1.38 10.60 11.98 NOTE
r-devel-linux-x86_64-fedora-clang 0.1-1 24.27 NOTE
r-devel-linux-x86_64-fedora-gcc 0.1-1 24.83 NOTE
r-devel-osx-x86_64-clang 0.1-1 28.96 NOTE
r-devel-windows-ix86+x86_64 0.1-1 28.00 44.00 72.00 NOTE
r-patched-linux-x86_64 0.1-1 1.40 10.79 12.19 NOTE
r-patched-solaris-sparc 0.1-1 167.50 NOTE
r-patched-solaris-x86 0.1-1 35.20 NOTE
r-release-linux-ix86 0.1-1 1.97 16.60 18.56 NOTE
r-release-linux-x86_64 0.1-1 1.51 10.64 12.15 NOTE
r-release-osx-x86_64-mavericks 0.1-1 NOTE
r-release-osx-x86_64-snowleopard 0.1-1 OK
r-release-windows-ix86+x86_64 0.1-1 17.00 34.00 51.00 NOTE
r-oldrel-windows-ix86+x86_64 0.1-1 17.00 44.00 61.00 NOTE

Check Details

Version: 0.1-1
Check: dependencies in R code
Result: NOTE
    Package in Depends field not imported from: ‘base64enc’
     These packages need to be imported from (in the NAMESPACE file)
     for when this namespace is loaded but not attached.
    See the information on DESCRIPTION files in the chapter ‘Creating R
    packages’ of the ‘Writing R Extensions’ manual.
Flavors: r-devel-linux-x86_64-debian-clang, r-devel-linux-x86_64-debian-gcc, r-devel-linux-x86_64-fedora-clang, r-devel-linux-x86_64-fedora-gcc, r-devel-osx-x86_64-clang, r-devel-windows-ix86+x86_64, r-patched-linux-x86_64, r-patched-solaris-sparc, r-patched-solaris-x86, r-release-linux-ix86, r-release-linux-x86_64, r-release-osx-x86_64-mavericks, r-release-windows-ix86+x86_64, r-oldrel-windows-ix86+x86_64

Version: 0.1-1
Check: Rd line widths
Result: NOTE
    Rd file 'RSA.Rd':
     \examples lines wider than 100 characters:
     PKI.load.OpenSSH.pubkey("ssh-rsa AAAAB3NzaC1yc2EAAAABIwAAAIEAuvOXqfZ3pJeWeqyQOIXZwmgM1RBqPUmVx3XgntpA+YtOZjKfuoJSpg3LhBuI/wXx8L2QZXNFib ... [TRUNCATED]
    
    These lines will be truncated in the PDF manual.
Flavors: r-devel-linux-x86_64-debian-clang, r-devel-linux-x86_64-debian-gcc, r-devel-linux-x86_64-fedora-clang, r-devel-linux-x86_64-fedora-gcc, r-patched-linux-x86_64, r-release-linux-x86_64