CRAN Package Check Results for Package PKI

Last updated on 2016-08-27 23:48:19.

Flavor Version Tinstall Tcheck Ttotal Status Flags
r-devel-linux-x86_64-debian-clang 0.1-3 1.59 10.03 11.62 NOTE
r-devel-linux-x86_64-debian-gcc 0.1-3 2.16 9.89 12.05 NOTE
r-devel-linux-x86_64-fedora-clang 0.1-3 20.51 NOTE
r-devel-linux-x86_64-fedora-gcc 0.1-3 18.49 NOTE
r-devel-osx-x86_64-clang 0.1-3 17.78 OK
r-devel-windows-ix86+x86_64 0.1-3 31.00 31.00 62.00 OK
r-patched-linux-x86_64 0.1-3 1.42 10.83 12.25 NOTE
r-patched-solaris-sparc 0.1-3 138.90 OK
r-patched-solaris-x86 0.1-3 29.10 OK
r-release-linux-x86_64 0.1-3 1.46 10.24 11.70 NOTE
r-release-osx-x86_64-mavericks 0.1-3 OK
r-release-windows-ix86+x86_64 0.1-3 25.00 42.00 67.00 OK
r-oldrel-windows-ix86+x86_64 0.1-3 24.00 38.00 62.00 OK

Check Details

Version: 0.1-3
Check: Rd line widths
Result: NOTE
    Rd file 'RSA.Rd':
     \examples lines wider than 100 characters:
     PKI.load.OpenSSH.pubkey("ssh-rsa AAAAB3NzaC1yc2EAAAABIwAAAIEAuvOXqfZ3pJeWeqyQOIXZwmgM1RBqPUmVx3XgntpA+YtOZjKfuoJSpg3LhBuI/wXx8L2QZXNFib ... [TRUNCATED]
    
    These lines will be truncated in the PDF manual.
Flavors: r-devel-linux-x86_64-debian-clang, r-devel-linux-x86_64-debian-gcc, r-devel-linux-x86_64-fedora-clang, r-devel-linux-x86_64-fedora-gcc, r-patched-linux-x86_64, r-release-linux-x86_64