CRAN Package Check Results for Package PKI

Last updated on 2015-05-05 03:47:33.

Flavor Version Tinstall Tcheck Ttotal Status Flags
r-devel-linux-x86_64-debian-clang 0.1-1 1.40 10.14 11.54 NOTE
r-devel-linux-x86_64-debian-gcc 0.1-1 1.37 9.78 11.16 NOTE
r-devel-linux-x86_64-fedora-clang 0.1-1 21.76 NOTE
r-devel-linux-x86_64-fedora-gcc 0.1-1 19.73 NOTE
r-devel-osx-x86_64-clang 0.1-1 25.80 NOTE
r-devel-windows-ix86+x86_64 0.1-1 17.00 36.00 53.00 NOTE
r-patched-linux-x86_64 0.1-1 1.37 9.95 11.32 NOTE
r-patched-solaris-sparc 0.1-1 148.30 NOTE
r-patched-solaris-x86 0.1-1 31.60 NOTE
r-release-linux-x86_64 0.1-1 1.28 9.63 10.91 NOTE
r-release-osx-x86_64-mavericks 0.1-1 NOTE
r-release-osx-x86_64-snowleopard 0.1-1 NOTE
r-release-windows-ix86+x86_64 0.1-1 16.00 38.00 54.00 NOTE
r-oldrel-windows-ix86+x86_64 0.1-1 22.00 37.00 59.00 NOTE

Check Details

Version: 0.1-1
Check: dependencies in R code
Result: NOTE
    Package in Depends field not imported from: ‘base64enc’
     These packages need to be imported from (in the NAMESPACE file)
     for when this namespace is loaded but not attached.
Flavors: r-devel-linux-x86_64-debian-clang, r-devel-linux-x86_64-debian-gcc, r-devel-linux-x86_64-fedora-clang, r-devel-linux-x86_64-fedora-gcc, r-devel-osx-x86_64-clang, r-devel-windows-ix86+x86_64, r-patched-linux-x86_64, r-patched-solaris-sparc, r-patched-solaris-x86, r-release-linux-x86_64, r-release-osx-x86_64-mavericks, r-release-osx-x86_64-snowleopard, r-release-windows-ix86+x86_64, r-oldrel-windows-ix86+x86_64

Version: 0.1-1
Check: Rd line widths
Result: NOTE
    Rd file 'RSA.Rd':
     \examples lines wider than 100 characters:
     PKI.load.OpenSSH.pubkey("ssh-rsa AAAAB3NzaC1yc2EAAAABIwAAAIEAuvOXqfZ3pJeWeqyQOIXZwmgM1RBqPUmVx3XgntpA+YtOZjKfuoJSpg3LhBuI/wXx8L2QZXNFib ... [TRUNCATED]
    
    These lines will be truncated in the PDF manual.
Flavors: r-devel-linux-x86_64-debian-clang, r-devel-linux-x86_64-debian-gcc, r-devel-linux-x86_64-fedora-clang, r-devel-linux-x86_64-fedora-gcc, r-patched-linux-x86_64, r-release-linux-x86_64