CRAN Package Check Results for Package PKI

Last updated on 2017-07-22 08:48:16.

Flavor Version Tinstall Tcheck Ttotal Status Flags
r-devel-linux-x86_64-debian-clang 0.1-3 1.70 18.67 20.37 NOTE
r-devel-linux-x86_64-debian-gcc 0.1-3 1.61 18.59 20.21 NOTE
r-devel-linux-x86_64-fedora-clang 0.1-3 23.29 NOTE
r-devel-linux-x86_64-fedora-gcc 0.1-3 21.86 NOTE
r-devel-windows-ix86+x86_64 0.1-3 27.00 47.00 74.00 OK
r-patched-linux-x86_64 0.1-3 1.73 18.55 20.28 NOTE
r-patched-solaris-x86 0.1-3 32.30 OK
r-release-linux-x86_64 0.1-3 1.64 18.51 20.15 NOTE
r-release-windows-ix86+x86_64 0.1-3 29.00 46.00 75.00 OK
r-release-osx-x86_64 0.1-3 NOTE
r-oldrel-windows-ix86+x86_64 0.1-3 22.00 33.00 55.00 OK
r-oldrel-osx-x86_64 0.1-3 OK

Additional issues

rchk

Check Details

Version: 0.1-3
Check: Rd line widths
Result: NOTE
    Rd file 'RSA.Rd':
     \examples lines wider than 100 characters:
     PKI.load.OpenSSH.pubkey("ssh-rsa AAAAB3NzaC1yc2EAAAABIwAAAIEAuvOXqfZ3pJeWeqyQOIXZwmgM1RBqPUmVx3XgntpA+YtOZjKfuoJSpg3LhBuI/wXx8L2QZXNFib ... [TRUNCATED]
    
    These lines will be truncated in the PDF manual.
Flavors: r-devel-linux-x86_64-debian-clang, r-devel-linux-x86_64-debian-gcc, r-devel-linux-x86_64-fedora-clang, r-devel-linux-x86_64-fedora-gcc, r-patched-linux-x86_64, r-release-linux-x86_64

Version: 0.1-3
Check: compiled code
Result: NOTE
    File ‘PKI/libs/PKI.so’:
     Found no calls to: ‘R_registerRoutines’, ‘R_useDynamicSymbols’
    
    It is good practice to register native routines and to disable symbol
    search.
    
    See ‘Writing portable packages’ in the ‘Writing R Extensions’ manual.
Flavors: r-devel-linux-x86_64-debian-clang, r-devel-linux-x86_64-debian-gcc, r-devel-linux-x86_64-fedora-clang, r-devel-linux-x86_64-fedora-gcc, r-patched-linux-x86_64, r-release-linux-x86_64

Version: 0.1-3
Check: package dependencies
Result: NOTE
    Package which this enhances but not available for checking: ‘gmp’
Flavor: r-release-osx-x86_64