CRAN Package Check Results for Package PKI

Last updated on 2014-07-26 19:50:26.

Flavor Version Tinstall Tcheck Ttotal Status Flags
r-devel-linux-x86_64-debian-clang 0.1-1 1.21 10.38 11.59 NOTE
r-devel-linux-x86_64-debian-gcc 0.1-1 1.28 9.92 11.20 NOTE
r-devel-linux-x86_64-fedora-clang 0.1-1 23.04 NOTE
r-devel-linux-x86_64-fedora-gcc 0.1-1 21.38 NOTE
r-devel-osx-x86_64-clang 0.1-1 27.76 NOTE
r-devel-windows-ix86+x86_64 0.1-1 15.00 36.00 51.00 NOTE
r-patched-linux-x86_64 0.1-1 1.30 10.12 11.42 NOTE
r-patched-solaris-sparc 0.1-1 139.30 NOTE
r-patched-solaris-x86 0.1-1 35.00 NOTE
r-release-linux-ix86 0.1-1 2.02 17.15 19.17 NOTE
r-release-linux-x86_64 0.1-1 1.30 10.06 11.37 NOTE
r-release-osx-x86_64-mavericks 0.1-1 NOTE
r-release-osx-x86_64-snowleopard 0.1-1 OK
r-release-windows-ix86+x86_64 0.1-1 20.00 34.00 54.00 NOTE
r-oldrel-windows-ix86+x86_64 0.1-1 17.00 44.00 61.00 NOTE

Check Details

Version: 0.1-1
Check: dependencies in R code
Result: NOTE
    Package in Depends field not imported from: ‘base64enc’
     These packages need to be imported from (in the NAMESPACE file)
     for when this namespace is loaded but not attached.
    See the information on DESCRIPTION files in the chapter ‘Creating R
    packages’ of the ‘Writing R Extensions’ manual.
Flavors: r-devel-linux-x86_64-debian-clang, r-devel-linux-x86_64-debian-gcc, r-devel-linux-x86_64-fedora-clang, r-devel-linux-x86_64-fedora-gcc, r-devel-osx-x86_64-clang, r-devel-windows-ix86+x86_64, r-patched-linux-x86_64, r-patched-solaris-sparc, r-patched-solaris-x86, r-release-linux-ix86, r-release-linux-x86_64, r-release-osx-x86_64-mavericks, r-release-windows-ix86+x86_64, r-oldrel-windows-ix86+x86_64

Version: 0.1-1
Check: Rd line widths
Result: NOTE
    Rd file 'RSA.Rd':
     \examples lines wider than 100 characters:
     PKI.load.OpenSSH.pubkey("ssh-rsa AAAAB3NzaC1yc2EAAAABIwAAAIEAuvOXqfZ3pJeWeqyQOIXZwmgM1RBqPUmVx3XgntpA+YtOZjKfuoJSpg3LhBuI/wXx8L2QZXNFib ... [TRUNCATED]
    
    These lines will be truncated in the PDF manual.
Flavors: r-devel-linux-x86_64-fedora-clang, r-devel-linux-x86_64-fedora-gcc