CRAN Package Check Results for Package PKI

Last updated on 2017-03-28 11:51:36.

Flavor Version Tinstall Tcheck Ttotal Status Flags
r-devel-linux-x86_64-debian-clang 0.1-3 1.68 11.93 13.61 NOTE
r-devel-linux-x86_64-debian-gcc 0.1-3 2.48 11.94 14.43 NOTE
r-devel-linux-x86_64-fedora-clang 0.1-3 22.78 NOTE --no-stop-on-test-error
r-devel-linux-x86_64-fedora-gcc 0.1-3 21.83 NOTE --no-stop-on-test-error
r-devel-macos-x86_64-clang 0.1-3 19.98 NOTE --no-stop-on-test-error
r-devel-windows-ix86+x86_64 0.1-3 25.00 45.00 70.00 OK
r-patched-linux-x86_64 0.1-3 1.52 12.37 13.89 NOTE
r-patched-solaris-sparc 0.1-3 135.80 OK
r-patched-solaris-x86 0.1-3 32.80 OK
r-release-linux-x86_64 0.1-3 1.38 10.47 11.86 NOTE
r-release-osx-x86_64-mavericks 0.1-3 OK
r-release-windows-ix86+x86_64 0.1-3 22.00 33.00 55.00 OK
r-oldrel-windows-ix86+x86_64 0.1-3 22.00 42.00 64.00 OK

Check Details

Version: 0.1-3
Check: Rd line widths
Result: NOTE
    Rd file 'RSA.Rd':
     \examples lines wider than 100 characters:
     PKI.load.OpenSSH.pubkey("ssh-rsa AAAAB3NzaC1yc2EAAAABIwAAAIEAuvOXqfZ3pJeWeqyQOIXZwmgM1RBqPUmVx3XgntpA+YtOZjKfuoJSpg3LhBuI/wXx8L2QZXNFib ... [TRUNCATED]
    
    These lines will be truncated in the PDF manual.
Flavors: r-devel-linux-x86_64-debian-clang, r-devel-linux-x86_64-debian-gcc, r-patched-linux-x86_64, r-release-linux-x86_64

Version: 0.1-3
Check: compiled code
Result: NOTE
    File ‘PKI/libs/PKI.so’:
     Found no calls to: ‘R_registerRoutines’, ‘R_useDynamicSymbols’
    
    It is good practice to register native routines and to disable symbol
    search.
    
    See ‘Writing portable packages’ in the ‘Writing R Extensions’ manual.
Flavors: r-devel-linux-x86_64-debian-clang, r-devel-linux-x86_64-debian-gcc, r-patched-linux-x86_64

Version: 0.1-3
Flags: --no-stop-on-test-error
Check: Rd line widths
Result: NOTE
    Rd file 'RSA.Rd':
     \examples lines wider than 100 characters:
     PKI.load.OpenSSH.pubkey("ssh-rsa AAAAB3NzaC1yc2EAAAABIwAAAIEAuvOXqfZ3pJeWeqyQOIXZwmgM1RBqPUmVx3XgntpA+YtOZjKfuoJSpg3LhBuI/wXx8L2QZXNFib ... [TRUNCATED]
    
    These lines will be truncated in the PDF manual.
Flavors: r-devel-linux-x86_64-fedora-clang, r-devel-linux-x86_64-fedora-gcc

Version: 0.1-3
Flags: --no-stop-on-test-error
Check: compiled code
Result: NOTE
    File ‘PKI/libs/PKI.so’:
     Found no calls to: ‘R_registerRoutines’, ‘R_useDynamicSymbols’
    
    It is good practice to register native routines and to disable symbol
    search.
    
    See ‘Writing portable packages’ in the ‘Writing R Extensions’ manual.
Flavors: r-devel-linux-x86_64-fedora-clang, r-devel-linux-x86_64-fedora-gcc, r-devel-macos-x86_64-clang