CRAN Package Check Results for Package PKPDmodels

Last updated on 2018-05-22 22:48:41 CEST.

Flavor Version Tinstall Tcheck Ttotal Status Flags
r-devel-linux-x86_64-debian-clang 0.3.2 0.81 21.03 21.84 NOTE
r-devel-linux-x86_64-debian-gcc 0.3.2 0.76 16.74 17.50 NOTE
r-devel-linux-x86_64-fedora-clang 0.3.2 27.33 NOTE
r-devel-linux-x86_64-fedora-gcc 0.3.2 25.65 NOTE
r-devel-windows-ix86+x86_64 0.3.2 3.00 50.00 53.00 NOTE
r-patched-linux-x86_64 0.3.2 0.94 19.94 20.88 NOTE
r-patched-solaris-x86 0.3.2 40.30 NOTE
r-release-linux-x86_64 0.3.2 0.80 19.83 20.63 NOTE
r-release-windows-ix86+x86_64 0.3.2 4.00 40.00 44.00 NOTE
r-release-osx-x86_64 0.3.2 NOTE
r-oldrel-windows-ix86+x86_64 0.3.2 4.00 46.00 50.00 NOTE
r-oldrel-osx-x86_64 0.3.2 NOTE

Check Details

Version: 0.3.2
Check: R code for possible problems
Result: NOTE
    PKmod: no visible global function definition for ‘deriv’
    Undefined global functions or variables:
     deriv
    Consider adding
     importFrom("stats", "deriv")
    to your NAMESPACE file.
Flavors: r-devel-linux-x86_64-debian-clang, r-devel-linux-x86_64-debian-gcc, r-devel-linux-x86_64-fedora-clang, r-devel-linux-x86_64-fedora-gcc, r-devel-windows-ix86+x86_64, r-patched-linux-x86_64, r-patched-solaris-x86, r-release-linux-x86_64, r-release-windows-ix86+x86_64, r-release-osx-x86_64, r-oldrel-windows-ix86+x86_64, r-oldrel-osx-x86_64