CRAN Package Check Results for Package PKPDmodels

Last updated on 2017-05-24 09:48:12.

Flavor Version Tinstall Tcheck Ttotal Status Flags
r-devel-linux-x86_64-debian-clang 0.3.2 0.76 14.01 14.77 NOTE
r-devel-linux-x86_64-debian-gcc 0.3.2 0.70 13.97 14.68 NOTE
r-devel-linux-x86_64-fedora-clang 0.3.2 23.75 NOTE --no-stop-on-test-error
r-devel-linux-x86_64-fedora-gcc 0.3.2 22.56 NOTE --no-stop-on-test-error
r-devel-windows-ix86+x86_64 0.3.2 2.00 49.00 51.00 NOTE
r-patched-linux-x86_64 0.3.2 0.74 14.31 15.05 NOTE
r-patched-solaris-sparc 0.3.2 137.60 NOTE
r-patched-solaris-x86 0.3.2 32.90 NOTE
r-release-linux-x86_64 0.3.2 0.72 14.37 15.09 NOTE
r-release-windows-ix86+x86_64 0.3.2 2.00 44.00 46.00 NOTE
r-release-osx-x86_64 0.3.2 NOTE
r-oldrel-windows-ix86+x86_64 0.3.2 4.00 44.00 48.00 NOTE
r-oldrel-osx-x86_64 0.3.2 NOTE

Check Details

Version: 0.3.2
Check: R code for possible problems
Result: NOTE
    PKmod: no visible global function definition for ‘deriv’
    Undefined global functions or variables:
     deriv
    Consider adding
     importFrom("stats", "deriv")
    to your NAMESPACE file.
Flavors: r-devel-linux-x86_64-debian-clang, r-devel-linux-x86_64-debian-gcc, r-devel-windows-ix86+x86_64, r-patched-linux-x86_64, r-patched-solaris-sparc, r-patched-solaris-x86, r-release-linux-x86_64, r-release-windows-ix86+x86_64, r-release-osx-x86_64, r-oldrel-windows-ix86+x86_64, r-oldrel-osx-x86_64

Version: 0.3.2
Flags: --no-stop-on-test-error
Check: R code for possible problems
Result: NOTE
    PKmod: no visible global function definition for ‘deriv’
    Undefined global functions or variables:
     deriv
    Consider adding
     importFrom("stats", "deriv")
    to your NAMESPACE file.
Flavors: r-devel-linux-x86_64-fedora-clang, r-devel-linux-x86_64-fedora-gcc