CRAN Package Check Results for Package PKPDmodels

Last updated on 2016-07-24 14:48:09.

Flavor Version Tinstall Tcheck Ttotal Status Flags
r-devel-linux-x86_64-debian-clang 0.3.2 0.79 18.13 18.92 NOTE
r-devel-linux-x86_64-debian-gcc 0.3.2 0.56 13.76 14.32 NOTE
r-devel-linux-x86_64-fedora-clang 0.3.2 19.22 NOTE
r-devel-linux-x86_64-fedora-gcc 0.3.2 17.85 NOTE
r-devel-osx-x86_64-clang 0.3.2 17.97 NOTE
r-devel-windows-ix86+x86_64 0.3.2 2.00 30.00 32.00 NOTE
r-patched-linux-x86_64 0.3.2 0.63 12.82 13.45 NOTE
r-patched-solaris-sparc 0.3.2 108.10 NOTE
r-patched-solaris-x86 0.3.2 26.30 NOTE
r-release-linux-x86_64 0.3.2 0.79 14.11 14.90 NOTE
r-release-osx-x86_64-mavericks 0.3.2 NOTE
r-release-windows-ix86+x86_64 0.3.2 2.00 40.00 42.00 NOTE
r-oldrel-windows-ix86+x86_64 0.3.2 3.00 29.00 32.00 OK

Check Details

Version: 0.3.2
Check: R code for possible problems
Result: NOTE
    PKmod: no visible global function definition for ‘deriv’
    Undefined global functions or variables:
     deriv
    Consider adding
     importFrom("stats", "deriv")
    to your NAMESPACE file.
Flavors: r-devel-linux-x86_64-debian-clang, r-devel-linux-x86_64-debian-gcc, r-devel-linux-x86_64-fedora-clang, r-devel-linux-x86_64-fedora-gcc, r-devel-osx-x86_64-clang, r-devel-windows-ix86+x86_64, r-patched-linux-x86_64, r-patched-solaris-sparc, r-patched-solaris-x86, r-release-linux-x86_64, r-release-osx-x86_64-mavericks, r-release-windows-ix86+x86_64