CRAN Package Check Results for Package PKPDmodels

Last updated on 2016-06-01 00:47:29.

Flavor Version Tinstall Tcheck Ttotal Status Flags
r-devel-linux-x86_64-debian-gcc 0.3.2 0.62 12.78 13.41 NOTE
r-devel-linux-x86_64-fedora-clang 0.3.2 19.18 NOTE
r-devel-linux-x86_64-fedora-gcc 0.3.2 18.01 NOTE
r-devel-osx-x86_64-clang 0.3.2 24.02 NOTE
r-devel-windows-ix86+x86_64 0.3.2 4.00 41.00 45.00 NOTE
r-patched-linux-x86_64 0.3.2 0.74 12.91 13.64 NOTE
r-patched-solaris-sparc 0.3.2 108.60 NOTE
r-patched-solaris-x86 0.3.2 26.50 NOTE
r-release-linux-x86_64 0.3.2 0.59 11.28 11.87 NOTE
r-release-osx-x86_64-mavericks 0.3.2 NOTE
r-release-windows-ix86+x86_64 0.3.2 3.00 47.00 50.00 NOTE
r-oldrel-windows-ix86+x86_64 0.3.2 3.00 33.00 36.00 OK

Check Details

Version: 0.3.2
Check: R code for possible problems
Result: NOTE
    PKmod: no visible global function definition for ‘deriv’
    Undefined global functions or variables:
     deriv
    Consider adding
     importFrom("stats", "deriv")
    to your NAMESPACE file.
Flavors: r-devel-linux-x86_64-debian-gcc, r-devel-linux-x86_64-fedora-clang, r-devel-linux-x86_64-fedora-gcc, r-devel-osx-x86_64-clang, r-devel-windows-ix86+x86_64, r-patched-linux-x86_64, r-patched-solaris-sparc, r-patched-solaris-x86, r-release-linux-x86_64, r-release-osx-x86_64-mavericks, r-release-windows-ix86+x86_64