CRAN Package Check Results for Package PKPDmodels

Last updated on 2017-01-20 19:47:14.

Flavor Version Tinstall Tcheck Ttotal Status Flags
r-devel-linux-x86_64-debian-clang 0.3.2 0.82 14.21 15.03 NOTE
r-devel-linux-x86_64-debian-gcc 0.3.2 0.78 13.67 14.45 NOTE
r-devel-linux-x86_64-fedora-clang 0.3.2 23.18 NOTE --no-stop-on-test-error
r-devel-linux-x86_64-fedora-gcc 0.3.2 22.38 NOTE --no-stop-on-test-error
r-devel-macos-x86_64-clang 0.3.2 21.12 NOTE --no-stop-on-test-error
r-devel-windows-ix86+x86_64 0.3.2 3.00 80.00 83.00 NOTE
r-patched-linux-x86_64 0.3.2 0.55 11.18 11.73 NOTE
r-patched-solaris-sparc 0.3.2 113.50 NOTE
r-patched-solaris-x86 0.3.2 28.20 NOTE
r-release-linux-x86_64 0.3.2 0.65 11.25 11.90 NOTE
r-release-osx-x86_64-mavericks 0.3.2 NOTE
r-release-windows-ix86+x86_64 0.3.2 2.00 35.00 37.00 NOTE
r-oldrel-windows-ix86+x86_64 0.3.2 4.00 41.00 45.00 OK

Check Details

Version: 0.3.2
Check: R code for possible problems
Result: NOTE
    PKmod: no visible global function definition for ‘deriv’
    Undefined global functions or variables:
     deriv
    Consider adding
     importFrom("stats", "deriv")
    to your NAMESPACE file.
Flavors: r-devel-linux-x86_64-debian-clang, r-devel-linux-x86_64-debian-gcc, r-devel-windows-ix86+x86_64, r-patched-linux-x86_64, r-patched-solaris-sparc, r-patched-solaris-x86, r-release-linux-x86_64, r-release-osx-x86_64-mavericks, r-release-windows-ix86+x86_64

Version: 0.3.2
Flags: --no-stop-on-test-error
Check: R code for possible problems
Result: NOTE
    PKmod: no visible global function definition for ‘deriv’
    Undefined global functions or variables:
     deriv
    Consider adding
     importFrom("stats", "deriv")
    to your NAMESPACE file.
Flavors: r-devel-linux-x86_64-fedora-clang, r-devel-linux-x86_64-fedora-gcc, r-devel-macos-x86_64-clang