CRAN Package Check Results for Package PKPDmodels

Last updated on 2017-12-15 04:47:32 CET.

Flavor Version Tinstall Tcheck Ttotal Status Flags
r-devel-linux-x86_64-debian-clang 0.3.2 0.82 19.52 20.34 NOTE
r-devel-linux-x86_64-debian-gcc 0.3.2 0.66 17.57 18.23 NOTE
r-devel-linux-x86_64-fedora-clang 0.3.2 25.10 NOTE
r-devel-linux-x86_64-fedora-gcc 0.3.2 24.03 NOTE
r-devel-windows-ix86+x86_64 0.3.2 5.00 45.00 50.00 NOTE
r-patched-linux-x86_64 0.3.2 0.82 19.61 20.43 NOTE
r-patched-solaris-x86 0.3.2 33.00 NOTE
r-release-linux-x86_64 0.3.2 1.08 19.49 20.57 NOTE
r-release-windows-ix86+x86_64 0.3.2 3.00 51.00 54.00 NOTE
r-release-osx-x86_64 0.3.2 NOTE
r-oldrel-windows-ix86+x86_64 0.3.2 3.00 43.00 46.00 NOTE
r-oldrel-osx-x86_64 0.3.2 NOTE

Check Details

Version: 0.3.2
Check: R code for possible problems
Result: NOTE
    PKmod: no visible global function definition for ‘deriv’
    Undefined global functions or variables:
     deriv
    Consider adding
     importFrom("stats", "deriv")
    to your NAMESPACE file.
Flavors: r-devel-linux-x86_64-debian-clang, r-devel-linux-x86_64-debian-gcc, r-devel-linux-x86_64-fedora-clang, r-devel-linux-x86_64-fedora-gcc, r-devel-windows-ix86+x86_64, r-patched-linux-x86_64, r-patched-solaris-x86, r-release-linux-x86_64, r-release-windows-ix86+x86_64, r-release-osx-x86_64, r-oldrel-windows-ix86+x86_64, r-oldrel-osx-x86_64