CRAN Package Check Results for Package PKPDmodels

Last updated on 2016-12-11 03:47:32.

Flavor Version Tinstall Tcheck Ttotal Status Flags
r-devel-linux-x86_64-debian-clang 0.3.2 0.82 19.10 19.92 NOTE
r-devel-linux-x86_64-debian-gcc 0.3.2 0.79 14.47 15.25 NOTE
r-devel-linux-x86_64-fedora-clang 0.3.2 24.55 NOTE --no-stop-on-test-error
r-devel-linux-x86_64-fedora-gcc 0.3.2 22.69 NOTE --no-stop-on-test-error
r-devel-macos-x86_64-clang 0.3.2 21.23 NOTE --no-stop-on-test-error
r-devel-windows-ix86+x86_64 0.3.2 3.00 46.00 49.00 NOTE
r-patched-linux-x86_64 0.3.2 0.65 11.01 11.65 NOTE
r-patched-solaris-sparc 0.3.2 108.10 NOTE
r-patched-solaris-x86 0.3.2 25.60 NOTE
r-release-linux-x86_64 0.3.2 0.63 11.13 11.77 NOTE
r-release-osx-x86_64-mavericks 0.3.2 NOTE
r-release-windows-ix86+x86_64 0.3.2 4.00 30.00 34.00 NOTE
r-oldrel-windows-ix86+x86_64 0.3.2 5.00 27.00 32.00 OK

Check Details

Version: 0.3.2
Check: R code for possible problems
Result: NOTE
    PKmod: no visible global function definition for ‘deriv’
    Undefined global functions or variables:
     deriv
    Consider adding
     importFrom("stats", "deriv")
    to your NAMESPACE file.
Flavors: r-devel-linux-x86_64-debian-clang, r-devel-linux-x86_64-debian-gcc, r-devel-windows-ix86+x86_64, r-patched-linux-x86_64, r-patched-solaris-sparc, r-patched-solaris-x86, r-release-linux-x86_64, r-release-osx-x86_64-mavericks, r-release-windows-ix86+x86_64

Version: 0.3.2
Flags: --no-stop-on-test-error
Check: R code for possible problems
Result: NOTE
    PKmod: no visible global function definition for ‘deriv’
    Undefined global functions or variables:
     deriv
    Consider adding
     importFrom("stats", "deriv")
    to your NAMESPACE file.
Flavors: r-devel-linux-x86_64-fedora-clang, r-devel-linux-x86_64-fedora-gcc, r-devel-macos-x86_64-clang