CRAN Package Check Results for Package PKPDmodels

Last updated on 2017-08-18 04:46:54.

Flavor Version Tinstall Tcheck Ttotal Status Flags
r-devel-linux-x86_64-debian-clang 0.3.2 0.70 14.42 15.11 NOTE
r-devel-linux-x86_64-debian-gcc 0.3.2 0.80 14.05 14.85 NOTE
r-devel-linux-x86_64-fedora-clang 0.3.2 23.57 NOTE
r-devel-linux-x86_64-fedora-gcc 0.3.2 24.16 NOTE
r-devel-windows-ix86+x86_64 0.3.2 2.00 41.00 43.00 NOTE
r-patched-linux-x86_64 0.3.2 0.75 14.56 15.31 NOTE
r-patched-solaris-x86 0.3.2 33.20 NOTE
r-release-linux-x86_64 0.3.2 0.70 13.77 14.47 NOTE
r-release-windows-ix86+x86_64 0.3.2 2.00 33.00 35.00 NOTE
r-release-osx-x86_64 0.3.2 NOTE
r-oldrel-windows-ix86+x86_64 0.3.2 2.00 44.00 46.00 NOTE
r-oldrel-osx-x86_64 0.3.2 NOTE

Check Details

Version: 0.3.2
Check: R code for possible problems
Result: NOTE
    PKmod: no visible global function definition for ‘deriv’
    Undefined global functions or variables:
     deriv
    Consider adding
     importFrom("stats", "deriv")
    to your NAMESPACE file.
Flavors: r-devel-linux-x86_64-debian-clang, r-devel-linux-x86_64-debian-gcc, r-devel-linux-x86_64-fedora-clang, r-devel-linux-x86_64-fedora-gcc, r-devel-windows-ix86+x86_64, r-patched-linux-x86_64, r-patched-solaris-x86, r-release-linux-x86_64, r-release-windows-ix86+x86_64, r-release-osx-x86_64, r-oldrel-windows-ix86+x86_64, r-oldrel-osx-x86_64