CRAN Package Check Results for Package PKPDmodels

Last updated on 2015-09-02 19:47:44.

Flavor Version Tinstall Tcheck Ttotal Status Flags
r-devel-linux-x86_64-debian-clang 0.3.2 0.53 11.09 11.62 NOTE
r-devel-linux-x86_64-debian-gcc 0.3.2 0.52 10.82 11.34 NOTE
r-devel-linux-x86_64-fedora-clang 0.3.2 22.29 NOTE
r-devel-linux-x86_64-fedora-gcc 0.3.2 20.76 NOTE
r-devel-osx-x86_64-clang 0.3.2 24.75 OK
r-devel-windows-ix86+x86_64 0.3.2 4.00 29.00 33.00 NOTE
r-patched-linux-x86_64 0.3.2 0.58 11.70 12.28 OK
r-patched-solaris-sparc 0.3.2 141.90 OK
r-patched-solaris-x86 0.3.2 33.30 OK
r-release-linux-x86_64 0.3.2 0.57 13.84 14.41 OK
r-release-osx-x86_64-mavericks 0.3.2 OK
r-release-windows-ix86+x86_64 0.3.2 3.00 20.00 23.00 OK
r-oldrel-windows-ix86+x86_64 0.3.2 5.00 24.00 29.00 OK

Check Details

Version: 0.3.2
Check: R code for possible problems
Result: NOTE
    PKmod: no visible global function definition for ‘deriv’
    Undefined global functions or variables:
     deriv
    Consider adding
     importFrom("stats", "deriv")
    to your NAMESPACE.
Flavors: r-devel-linux-x86_64-debian-clang, r-devel-linux-x86_64-debian-gcc, r-devel-linux-x86_64-fedora-clang, r-devel-linux-x86_64-fedora-gcc, r-devel-windows-ix86+x86_64