CRAN Package Check Results for Package PKPDmodels

Last updated on 2017-10-17 01:48:08.

Flavor Version Tinstall Tcheck Ttotal Status Flags
r-devel-linux-x86_64-debian-clang 0.3.2 0.76 14.95 15.71 NOTE
r-devel-linux-x86_64-debian-gcc 0.3.2 0.74 15.72 16.46 NOTE
r-devel-linux-x86_64-fedora-clang 0.3.2 24.59 NOTE
r-devel-linux-x86_64-fedora-gcc 0.3.2 23.51 NOTE
r-devel-windows-ix86+x86_64 0.3.2 5.00 32.00 37.00 NOTE
r-patched-linux-x86_64 0.3.2 0.71 14.00 14.71 NOTE
r-patched-solaris-x86 0.3.2 34.10 NOTE
r-release-linux-x86_64 0.3.2 0.69 14.17 14.86 NOTE
r-release-windows-ix86+x86_64 0.3.2 4.00 55.00 59.00 NOTE
r-release-osx-x86_64 0.3.2 NOTE
r-oldrel-windows-ix86+x86_64 0.3.2 4.00 39.00 43.00 NOTE
r-oldrel-osx-x86_64 0.3.2 NOTE

Check Details

Version: 0.3.2
Check: R code for possible problems
Result: NOTE
    PKmod: no visible global function definition for ‘deriv’
    Undefined global functions or variables:
     deriv
    Consider adding
     importFrom("stats", "deriv")
    to your NAMESPACE file.
Flavors: r-devel-linux-x86_64-debian-clang, r-devel-linux-x86_64-debian-gcc, r-devel-linux-x86_64-fedora-clang, r-devel-linux-x86_64-fedora-gcc, r-devel-windows-ix86+x86_64, r-patched-linux-x86_64, r-patched-solaris-x86, r-release-linux-x86_64, r-release-windows-ix86+x86_64, r-release-osx-x86_64, r-oldrel-windows-ix86+x86_64, r-oldrel-osx-x86_64