CRAN Package Check Results for Package PKPDmodels

Last updated on 2016-08-28 08:47:28.

Flavor Version Tinstall Tcheck Ttotal Status Flags
r-devel-linux-x86_64-debian-clang 0.3.2 0.56 11.65 12.20 NOTE
r-devel-linux-x86_64-debian-gcc 0.3.2 0.73 10.71 11.44 NOTE
r-devel-linux-x86_64-fedora-clang 0.3.2 20.75 NOTE
r-devel-linux-x86_64-fedora-gcc 0.3.2 18.81 NOTE
r-devel-osx-x86_64-clang 0.3.2 18.19 NOTE
r-devel-windows-ix86+x86_64 0.3.2 3.00 30.00 33.00 NOTE
r-patched-linux-x86_64 0.3.2 0.59 11.07 11.67 NOTE
r-patched-solaris-sparc 0.3.2 108.10 NOTE
r-patched-solaris-x86 0.3.2 26.00 NOTE
r-release-linux-x86_64 0.3.2 0.66 11.38 12.03 NOTE
r-release-osx-x86_64-mavericks 0.3.2 NOTE
r-release-windows-ix86+x86_64 0.3.2 3.00 38.00 41.00 NOTE
r-oldrel-windows-ix86+x86_64 0.3.2 3.00 36.00 39.00 OK

Check Details

Version: 0.3.2
Check: R code for possible problems
Result: NOTE
    PKmod: no visible global function definition for ‘deriv’
    Undefined global functions or variables:
     deriv
    Consider adding
     importFrom("stats", "deriv")
    to your NAMESPACE file.
Flavors: r-devel-linux-x86_64-debian-clang, r-devel-linux-x86_64-debian-gcc, r-devel-linux-x86_64-fedora-clang, r-devel-linux-x86_64-fedora-gcc, r-devel-osx-x86_64-clang, r-devel-windows-ix86+x86_64, r-patched-linux-x86_64, r-patched-solaris-sparc, r-patched-solaris-x86, r-release-linux-x86_64, r-release-osx-x86_64-mavericks, r-release-windows-ix86+x86_64