CRAN Package Check Results for Package PKPDmodels

Last updated on 2016-02-13 19:47:17.

Flavor Version Tinstall Tcheck Ttotal Status Flags
r-devel-linux-x86_64-debian-gcc 0.3.2 0.57 11.61 12.18 NOTE
r-devel-linux-x86_64-fedora-clang 0.3.2 18.87 NOTE
r-devel-linux-x86_64-fedora-gcc 0.3.2 17.79 NOTE
r-devel-osx-x86_64-clang 0.3.2 24.26 NOTE
r-devel-windows-ix86+x86_64 0.3.2 3.00 22.00 25.00 NOTE
r-patched-linux-x86_64 0.3.2 0.63 13.07 13.69 OK
r-patched-solaris-sparc 0.3.2 124.40 OK
r-patched-solaris-x86 0.3.2 28.70 OK
r-release-linux-x86_64 0.3.2 0.64 12.35 12.99 OK
r-release-osx-x86_64-mavericks 0.3.2 OK
r-release-windows-ix86+x86_64 0.3.2 5.00 21.00 26.00 OK
r-oldrel-windows-ix86+x86_64 0.3.2 5.00 25.00 30.00 OK

Check Details

Version: 0.3.2
Check: R code for possible problems
Result: NOTE
    PKmod: no visible global function definition for ‘deriv’
    Undefined global functions or variables:
     deriv
    Consider adding
     importFrom("stats", "deriv")
    to your NAMESPACE file.
Flavors: r-devel-linux-x86_64-debian-gcc, r-devel-linux-x86_64-fedora-clang, r-devel-linux-x86_64-fedora-gcc, r-devel-osx-x86_64-clang, r-devel-windows-ix86+x86_64