CRAN Package Check Results for Package PKPDmodels

Last updated on 2015-06-30 09:47:05.

Flavor Version Tinstall Tcheck Ttotal Status Flags
r-devel-linux-x86_64-debian-clang 0.3.2 0.54 10.97 11.50 NOTE
r-devel-linux-x86_64-debian-gcc 0.3.2 0.58 10.92 11.50 NOTE
r-devel-linux-x86_64-fedora-clang 0.3.2 22.22 OK
r-devel-linux-x86_64-fedora-gcc 0.3.2 21.68 OK
r-devel-osx-x86_64-clang 0.3.2 25.98 OK
r-devel-windows-ix86+x86_64 0.3.2 4.00 34.00 38.00 NOTE
r-patched-linux-x86_64 0.3.2 0.56 11.14 11.70 OK
r-patched-solaris-sparc 0.3.2 140.70 OK
r-patched-solaris-x86 0.3.2 33.10 OK
r-release-linux-x86_64 0.3.2 0.60 11.34 11.95 OK
r-release-osx-x86_64-mavericks 0.3.2 OK
r-release-windows-ix86+x86_64 0.3.2 3.00 21.00 24.00 OK
r-oldrel-windows-ix86+x86_64 0.3.2 4.00 31.00 35.00 OK

Check Details

Version: 0.3.2
Check: R code for possible problems
Result: NOTE
    PKmod: no visible global function definition for ‘deriv’
Flavors: r-devel-linux-x86_64-debian-clang, r-devel-linux-x86_64-debian-gcc, r-devel-windows-ix86+x86_64