CRAN Package Check Results for Package PKPDmodels

Last updated on 2016-05-01 18:47:33.

Flavor Version Tinstall Tcheck Ttotal Status Flags
r-devel-linux-x86_64-debian-gcc 0.3.2 0.60 11.28 11.88 NOTE
r-devel-linux-x86_64-fedora-clang 0.3.2 19.59 NOTE
r-devel-linux-x86_64-fedora-gcc 0.3.2 18.23 NOTE
r-devel-osx-x86_64-clang 0.3.2 24.29 NOTE
r-devel-windows-ix86+x86_64 0.3.2 2.00 31.00 33.00 NOTE
r-patched-linux-x86_64 0.3.2 0.58 10.64 11.22 NOTE
r-patched-solaris-sparc 0.3.2 NOTE
r-patched-solaris-x86 0.3.2 27.10 NOTE
r-release-linux-x86_64 0.3.2 0.64 12.12 12.76 OK
r-release-osx-x86_64-mavericks 0.3.2 OK
r-release-windows-ix86+x86_64 0.3.2 5.00 34.00 39.00 OK
r-oldrel-windows-ix86+x86_64 0.3.2 4.00 26.00 30.00 OK

Check Details

Version: 0.3.2
Check: R code for possible problems
Result: NOTE
    PKmod: no visible global function definition for ‘deriv’
    Undefined global functions or variables:
     deriv
    Consider adding
     importFrom("stats", "deriv")
    to your NAMESPACE file.
Flavors: r-devel-linux-x86_64-debian-gcc, r-devel-linux-x86_64-fedora-clang, r-devel-linux-x86_64-fedora-gcc, r-devel-osx-x86_64-clang, r-devel-windows-ix86+x86_64, r-patched-linux-x86_64, r-patched-solaris-sparc, r-patched-solaris-x86