CRAN Package Check Results for Package PKPDmodels

Last updated on 2016-09-27 11:48:56.

Flavor Version Tinstall Tcheck Ttotal Status Flags
r-devel-linux-x86_64-debian-clang 0.3.2 0.58 12.10 12.68 NOTE
r-devel-linux-x86_64-debian-gcc 0.3.2 0.62 11.85 12.47 NOTE
r-devel-linux-x86_64-fedora-clang 0.3.2 20.14 NOTE
r-devel-linux-x86_64-fedora-gcc 0.3.2 18.89 NOTE
r-devel-macos-x86_64-clang 0.3.2 18.02 NOTE
r-devel-windows-ix86+x86_64 0.3.2 3.00 39.00 42.00 NOTE
r-patched-linux-x86_64 0.3.2 0.62 11.76 12.38 NOTE
r-patched-solaris-sparc 0.3.2 108.10 NOTE
r-patched-solaris-x86 0.3.2 25.10 NOTE
r-release-linux-x86_64 0.3.2 0.57 11.31 11.88 NOTE
r-release-osx-x86_64-mavericks 0.3.2 NOTE
r-release-windows-ix86+x86_64 0.3.2 3.00 39.00 42.00 NOTE
r-oldrel-windows-ix86+x86_64 0.3.2 4.00 35.00 39.00 OK

Check Details

Version: 0.3.2
Check: R code for possible problems
Result: NOTE
    PKmod: no visible global function definition for ‘deriv’
    Undefined global functions or variables:
     deriv
    Consider adding
     importFrom("stats", "deriv")
    to your NAMESPACE file.
Flavors: r-devel-linux-x86_64-debian-clang, r-devel-linux-x86_64-debian-gcc, r-devel-linux-x86_64-fedora-clang, r-devel-linux-x86_64-fedora-gcc, r-devel-macos-x86_64-clang, r-devel-windows-ix86+x86_64, r-patched-linux-x86_64, r-patched-solaris-sparc, r-patched-solaris-x86, r-release-linux-x86_64, r-release-osx-x86_64-mavericks, r-release-windows-ix86+x86_64