CRAN Package Check Results for Package PKconverter

Last updated on 2022-05-24 08:53:35 CEST.

Flavor Version Tinstall Tcheck Ttotal Status Flags
r-devel-linux-x86_64-debian-clang 1.5 11.51 66.33 77.84 NOTE
r-devel-linux-x86_64-debian-gcc 1.5 9.17 48.47 57.64 NOTE
r-devel-linux-x86_64-fedora-clang 1.5 90.73 NOTE
r-devel-linux-x86_64-fedora-gcc 1.5 89.24 NOTE
r-devel-windows-x86_64 1.5 27.00 73.00 100.00 NOTE
r-patched-linux-x86_64 1.5 9.65 62.30 71.95 NOTE
r-release-linux-x86_64 1.5 NOTE
r-release-macos-arm64 1.5 21.00 NOTE
r-release-macos-x86_64 1.5 41.00 NOTE
r-release-windows-x86_64 1.5 25.00 72.00 97.00 NOTE
r-oldrel-macos-arm64 1.5 24.00 NOTE
r-oldrel-macos-x86_64 1.5 42.00 NOTE
r-oldrel-windows-ix86+x86_64 1.5 18.00 69.00 87.00 NOTE

Check Details

Version: 1.5
Check: LazyData
Result: NOTE
     'LazyData' is specified without a 'data' directory
Flavors: r-devel-linux-x86_64-debian-clang, r-devel-linux-x86_64-debian-gcc, r-devel-linux-x86_64-fedora-clang, r-devel-linux-x86_64-fedora-gcc, r-devel-windows-x86_64, r-patched-linux-x86_64, r-release-linux-x86_64, r-release-macos-arm64, r-release-macos-x86_64, r-release-windows-x86_64, r-oldrel-macos-arm64, r-oldrel-macos-x86_64, r-oldrel-windows-ix86+x86_64