Last updated on 2023-06-08 14:56:57 CEST.
Flavor | Version | Tinstall | Tcheck | Ttotal | Status | Flags |
---|---|---|---|---|---|---|
r-devel-linux-x86_64-debian-clang | 1.5 | 10.25 | 58.77 | 69.02 | NOTE | |
r-devel-linux-x86_64-debian-gcc | 1.5 | 9.34 | 43.88 | 53.22 | NOTE | |
r-devel-linux-x86_64-fedora-clang | 1.5 | 87.81 | NOTE | |||
r-devel-linux-x86_64-fedora-gcc | 1.5 | 80.04 | NOTE | |||
r-devel-windows-x86_64 | 1.5 | 10.00 | 59.00 | 69.00 | NOTE | |
r-patched-linux-x86_64 | 1.5 | 11.67 | 55.39 | 67.06 | NOTE | |
r-release-linux-x86_64 | 1.5 | 7.63 | 56.89 | 64.52 | NOTE | |
r-release-macos-arm64 | 1.5 | 25.00 | NOTE | |||
r-release-macos-x86_64 | 1.5 | 39.00 | NOTE | |||
r-release-windows-x86_64 | 1.5 | 13.00 | 67.00 | 80.00 | NOTE | |
r-oldrel-macos-arm64 | 1.5 | 21.00 | NOTE | |||
r-oldrel-macos-x86_64 | 1.5 | 41.00 | NOTE | |||
r-oldrel-windows-x86_64 | 1.5 | 14.00 | 65.00 | 79.00 | NOTE |
Version: 1.5
Check: LazyData
Result: NOTE
'LazyData' is specified without a 'data' directory
Flavors: r-devel-linux-x86_64-debian-clang, r-devel-linux-x86_64-debian-gcc, r-devel-linux-x86_64-fedora-clang, r-devel-linux-x86_64-fedora-gcc, r-devel-windows-x86_64, r-patched-linux-x86_64, r-release-linux-x86_64, r-release-macos-arm64, r-release-macos-x86_64, r-release-windows-x86_64, r-oldrel-macos-arm64, r-oldrel-macos-x86_64, r-oldrel-windows-x86_64