CRAN Package Check Results for Package PKfit

Last updated on 2014-04-21 01:48:09.

Flavor Version Tinstall Tcheck Ttotal Status Flags
r-devel-linux-x86_64-debian-clang 1.2.0 1.43 30.80 32.23 NOTE
r-devel-linux-x86_64-debian-gcc 1.2.0 1.40 30.25 31.65 NOTE
r-devel-linux-x86_64-fedora-clang 1.2.0 62.27 NOTE
r-devel-linux-x86_64-fedora-gcc 1.2.0 59.89 NOTE
r-devel-macosx-x86_64-clang 1.2.0 52.45 NOTE
r-devel-macosx-x86_64-gcc 1.2.0 OK
r-devel-windows-ix86+x86_64 1.2.0 4.00 39.00 43.00 OK
r-patched-linux-x86_64 1.2.0 1.54 31.53 33.07 NOTE
r-patched-solaris-sparc 1.2.0 346.80 NOTE
r-patched-solaris-x86 1.2.0 69.70 NOTE
r-release-linux-ix86 NOTE
r-release-linux-x86_64 1.2.0 1.39 30.32 31.72 NOTE
r-release-macosx-x86_64 1.2.0 OK
r-release-windows-ix86+x86_64 1.2.1 3.00 37.00 40.00 OK
r-oldrel-windows-ix86+x86_64 1.2.0 4.00 47.00 51.00 OK

Check Details

Version: 1.2.0
Check: R code for possible problems
Result: NOTE
    Found an obsolete/platform-specific call in the following functions:
     ‘fbolus1’ ‘fbolus2’ ‘ffirst.lag’ ‘ffirst.nolag’ ‘ffirst2’ ‘finfu1’
     ‘finfu2’ ‘fmacro.one’ ‘fmacro.three’ ‘fmacro.two’ ‘fzero.nolag’
     ‘iv.bolus.demo’ ‘mcsim.demo’ ‘mmpk.demo’ ‘montecarlo’ ‘plotting.sim’
     ‘run’
    Found the platform-specific device:
     ‘windows’
    dev.new() is the preferred way to open a new device, in the unlikely
    event one is needed.
Flavors: r-devel-linux-x86_64-debian-clang, r-devel-linux-x86_64-debian-gcc, r-devel-linux-x86_64-fedora-clang, r-devel-linux-x86_64-fedora-gcc, r-devel-macosx-x86_64-clang, r-patched-linux-x86_64, r-patched-solaris-sparc, r-patched-solaris-x86, r-release-linux-ix86, r-release-linux-x86_64