CRAN Package Check Results for Package PKgraph

Last updated on 2014-07-29 22:47:00.

Flavor Version Tinstall Tcheck Ttotal Status Flags
r-devel-linux-x86_64-debian-clang 1.7 4.99 70.30 75.29 NOTE
r-devel-linux-x86_64-debian-gcc 1.7 5.05 69.11 74.16 NOTE
r-devel-linux-x86_64-fedora-clang 1.7 172.31 NOTE
r-devel-linux-x86_64-fedora-gcc 1.7 160.19 NOTE
r-devel-osx-x86_64-clang 1.7 137.67 NOTE
r-devel-windows-ix86+x86_64 1.7 18.00 96.00 114.00 NOTE
r-patched-linux-x86_64 1.7 4.96 68.98 73.94 NOTE
r-release-linux-ix86 1.7 6.63 87.90 94.53 NOTE
r-release-linux-x86_64 1.7 5.26 73.51 78.77 NOTE
r-release-osx-x86_64-mavericks 1.7 ERROR
r-release-osx-x86_64-snowleopard 1.7 ERROR
r-release-windows-ix86+x86_64 1.7 16.00 110.00 126.00 NOTE
r-oldrel-windows-ix86+x86_64 1.7 18.00 109.00 127.00 NOTE

Check Details

Version: 1.7
Check: package dependencies
Result: NOTE
    Depends: includes the non-default packages:
     RGtk2 gWidgetsRGtk2 cairoDevice lattice rggobi ggplot2
     proto
    Adding so many packages to the search path is excessive and importing
    selectively is preferable.
Flavors: r-devel-linux-x86_64-debian-clang, r-devel-linux-x86_64-debian-gcc, r-devel-linux-x86_64-fedora-clang, r-devel-linux-x86_64-fedora-gcc, r-devel-osx-x86_64-clang, r-devel-windows-ix86+x86_64, r-patched-linux-x86_64, r-release-linux-ix86, r-release-linux-x86_64, r-release-windows-ix86+x86_64

Version: 1.7
Check: DESCRIPTION meta-information
Result: NOTE
    Packages listed in more than one of Depends, Imports, Suggests, Enhances:
     RGtk2 gWidgetsRGtk2
    A package should be listed in only one of these fields.
Flavors: r-devel-linux-x86_64-debian-clang, r-devel-linux-x86_64-debian-gcc, r-devel-linux-x86_64-fedora-clang, r-devel-linux-x86_64-fedora-gcc, r-devel-osx-x86_64-clang, r-devel-windows-ix86+x86_64, r-patched-linux-x86_64, r-release-linux-ix86, r-release-linux-x86_64, r-release-windows-ix86+x86_64, r-oldrel-windows-ix86+x86_64

Version: 1.7
Check: dependencies in R code
Result: NOTE
    Package in Depends field not imported from: cairoDevice
     These packages need to be imported from (in the NAMESPACE file)
     for when this namespace is loaded but not attached.
    See the information on DESCRIPTION files in the chapter Creating R
    packages of the Writing R Extensions manual.
Flavors: r-devel-linux-x86_64-debian-clang, r-devel-linux-x86_64-debian-gcc, r-devel-linux-x86_64-fedora-clang, r-devel-linux-x86_64-fedora-gcc, r-devel-osx-x86_64-clang, r-devel-windows-ix86+x86_64, r-patched-linux-x86_64, r-release-linux-ix86, r-release-linux-x86_64, r-release-windows-ix86+x86_64, r-oldrel-windows-ix86+x86_64

Version: 1.7
Check: R code for possible problems
Result: NOTE
    PKgraph: warning in ggroup(horizontal = FALSE, spacing = 0, cont = PKW,
     expand = TRUE): partial argument match of 'cont' to 'container'
    configFigureHandler: warning in ggroup(cont = gfigconfig.win,
     horizontal = FALSE): partial argument match of 'cont' to 'container'
    configFigureHandler: warning in glayout(cont = gf1): partial argument
     match of 'cont' to 'container'
    configFormatHandler: warning in ggroup(cont = gconfigsave.win,
     horizontal = FALSE): partial argument match of 'cont' to 'container'
    configFormatHandler: warning in glayout(cont = gf1): partial argument
     match of 'cont' to 'container'
    ggobi.diagose: warning in glabel("Step 1: Map data", cont = g1):
     partial argument match of 'cont' to 'container'
    ggobi.diagose: warning in gframe(horizontal = FALSE, expand = FALSE,
     cont = g1): partial argument match of 'cont' to 'container'
    ggobi.diagose: warning in glayout(cont = gf): partial argument match of
     'cont' to 'container'
    ggobi.diagose: warning in ggroup(cont = g1): partial argument match of
     'cont' to 'container'
    ggobi.diagose: warning in gbutton("Map Data", cont = bg1, handler =
     NULL): partial argument match of 'cont' to 'container'
    ggobi.diagose: warning in gbutton("Remove selection", cont = bg1,
     handler = NULL): partial argument match of 'cont' to 'container'
    ggobi.diagose: warning in glabel("Step 2: Configure plots", cont = g2):
     partial argument match of 'cont' to 'container'
    ggobi.diagose: warning in ggroup(horizontal = FALSE, expand = FALSE,
     cont = g2): partial argument match of 'cont' to 'container'
    ggobi.diagose: warning in gtable(items = c(letters[1:24]), cont = g22,
     expand = TRUE): partial argument match of 'cont' to 'container'
    ggobi.diagose: warning in ggroup(cont = g2): partial argument match of
     'cont' to 'container'
    ggobi.diagose: warning in gbutton("Plot selection", cont = bg2, handler
     = NULL): partial argument match of 'cont' to 'container'
    ggobi.diagose: warning in gbutton("Plot all", cont = bg2, handler =
     NULL): partial argument match of 'cont' to 'container'
    ggobi.diagose: warning in gbutton("Close plots", cont = bg2, handler =
     NULL): partial argument match of 'cont' to 'container'
    ggobi.map: warning in ggroup(cont = ggobi.map, horizontal = FALSE):
     partial argument match of 'cont' to 'container'
    ggobi.map: warning in glayout(cont = gf1): partial argument match of
     'cont' to 'container'
    ggobiPlotType: warning in ggroup(cont = ggobi.map, horizontal = FALSE):
     partial argument match of 'cont' to 'container'
    ggobiPlotType: warning in glayout(cont = gf1): partial argument match
     of 'cont' to 'container'
    openDataHandler: warning in ggroup(cont = gtmp.win, horizontal =
     FALSE): partial argument match of 'cont' to 'container'
    openDataHandler: warning in glayout(cont = gf1): partial argument match
     of 'cont' to 'container'
    selectDataDialog: warning in ggroup(cont = ggobi.gwin, horizontal =
     FALSE): partial argument match of 'cont' to 'container'
    selectDataDialog: warning in glabel(text = labelMessage1, cont =
     ggobi.group): partial argument match of 'cont' to 'container'
    selectDataDialog: warning in gframe(cont = ggobi.group): partial
     argument match of 'cont' to 'container'
    selectDataDialog: warning in gtable(alldata.name, cont = g1, expand =
     TRUE): partial argument match of 'cont' to 'container'
    selectDataDialog: warning in gbutton(">", cont = g1): partial argument
     match of 'cont' to 'container'
    selectDataDialog: warning in gtable(colnames(Theoph), cont = g1, expand
     = TRUE): partial argument match of 'cont' to 'container'
    selectDataDialog: warning in glabel(text = labelMessage2, cont =
     ggobi.group): partial argument match of 'cont' to 'container'
    selectDataDialog: warning in gbutton("Go to next step", cont =
     ggobi.group): partial argument match of 'cont' to 'container'
    subset.okButtonHandler: warning in glayout(cont = gframe.subset):
     partial argument match of 'cont' to 'container'
    subset.okButtonHandler: warning in gbutton(text = "Subset", border =
     TRUE, cont = gframe.subset, handler = function(h, ...) {: partial
     argument match of 'cont' to 'container'
    subset.okButtonHandler: warning in sapply(1:length(subset.var),
     function(i) {: partial argument match of 'cont' to 'container'
    subset.okButtonHandler: warning in currentData <<-
     subset.f1(svalue(tbl.value[[i * 3 - 2]]), svalue(tbl.value[[i * 3 -
     1]]), svalue(tbl.value[[i * 3]]), currentData): partial argument
     match of 'cont' to 'container'
    subset.okButtonHandler: warning in }): partial argument match of 'cont'
     to 'container'
    subset.okButtonHandler: warning in thisDatano <- getTotalDataLen() + 1:
     partial argument match of 'cont' to 'container'
    subset.okButtonHandler: warning in datatype <- "Subset": partial
     argument match of 'cont' to 'container'
    subset.okButtonHandler: warning in thisDataName <-
     paste(getTotalDataLen() + 1, "_", datatype, sep = ""): partial
     argument match of 'cont' to 'container'
    subset.okButtonHandler: warning in setDatasets(currentData,
     thisDatano): partial argument match of 'cont' to 'container'
    subset.okButtonHandler: warning in setCurrentDataType(datatype,
     thisDataName): partial argument match of 'cont' to 'container'
    subset.okButtonHandler: warning in ptable = gtable(currentData,
     multiple = TRUE, expand = TRUE): partial argument match of 'cont' to
     'container'
    subset.okButtonHandler: warning in pkmain.add(ptable,
     as.character(thisDataName), override.closebutton = TRUE): partial
     argument match of 'cont' to 'container'
    subset.okButtonHandler: warning in dispose(gwin.subset): partial
     argument match of 'cont' to 'container'
    subset.okButtonHandler: warning in svalue(PKENV$pmg.statusBar) <-
     "Subset sucessfully!": partial argument match of 'cont' to
     'container'
    subset.okButtonHandler: warning in }): partial argument match of 'cont'
     to 'container'
    cleanFigureButtonHandler: no visible binding for global variable
     pk.dialog.notebook
    com.hist.okButtonHandler: no visible binding for global variable
     pk.dialog.notebook
    com.hist.okButtonHandler.0125: no visible binding for global variable
     pk.dialog.notebook
    com.scatter.okButtonHandler: no visible binding for global variable
     pk.dialog.notebook
    com.scatter.okButtonHandler.0125: no visible binding for global
     variable pk.dialog.notebook
    com.time.okButtonHandler: no visible binding for global variable
     pk.dialog.notebook
    com.time.okButtonHandler.back: no visible binding for global variable
     pk.dialog.notebook
    compare.pred.ggobiImageHandler: no visible binding for global variable
     pk.dialog.notebook
    model.cov.okButtonHandler: no visible binding for global variable
     pk.dialog.notebook
    model.ggobiImageHandler: no visible binding for global variable
     pk.dialog.notebook
    model.gof.okButtonHandler: no visible binding for global variable
     pk.dialog.notebook
    model.ind.okButtonHandler: no visible binding for global variable
     pk.dialog.notebook
    model.para.okButtonHandler: no visible binding for global variable
     pk.dialog.notebook
    model.random.okButtonHandler: no visible binding for global variable
     pk.dialog.notebook
    model.resid.okButtonHandler: no visible binding for global variable
     pk.dialog.notebook
    model.struct.okButtonHandler: no visible binding for global variable
     pk.dialog.notebook
    openDataHandler : <anonymous> : <anonymous>: no visible binding for
     '<<-' assignment to test
    openDataHandler : <anonymous> : <anonymous>: no visible binding for
     global variable test
    psn.bootstrap: no visible binding for global variable
     minimization.successful
    psn.bootstrap: no visible binding for global variable
     covariance.step.successful
    psn.bootstrap: no visible binding for global variable
     covariance.step.warnings
    psn.bootstrap: no visible binding for global variable
     estimate.near.boundary
    psn.bootstrap: no visible binding for global variable
     pk.dialog.notebook
    psn.bootstrap.sum.okButtonHandler: no visible binding for global
     variable pk.dialog.notebook
    psn.bootstrap.sum.okButtonHandler: no visible binding for global
     variable minimization.successful
    psn.bootstrap.sum.okButtonHandler: no visible binding for global
     variable covariance.step.successful
    psn.bootstrap.sum.okButtonHandler: no visible binding for global
     variable covariance.step.warnings
    psn.bootstrap.sum.okButtonHandler: no visible binding for global
     variable estimate.near.boundary
    psn.bootstrap.vis.okButtonHandler: no visible binding for global
     variable pk.dialog.notebook
    psn.bootstrap.vis.okButtonHandler: no visible binding for global
     variable ID
    psn.bootstrap.vis.okButtonHandler: no visible binding for global
     variable resampleID
    psn.bootstrap.vis.okButtonHandler: no visible binding for global
     variable para
    psn.bootstrap.vis.okButtonHandler: no visible binding for global
     variable VAR
    psn.cdd: no visible binding for global variable
     minimization.successful
    psn.cdd: no visible binding for global variable
     covariance.step.successful
    psn.cdd: no visible binding for global variable
     covariance.step.warnings
    psn.cdd: no visible binding for global variable
     estimate.near.boundary
    psn.cdd: no visible binding for global variable outside.n.sd
    psn.outlier.okButtonHandler: no visible binding for global variable
     pk.dialog.notebook
    psn.outlier.okButtonHandler: no visible binding for global variable
     ID
    psn.outlier.okButtonHandler: no visible binding for global variable
     cook.scores
    psn.outlier.okButtonHandler: no visible binding for global variable
     cov.ratios
    saveImageHandler: no visible binding for global variable
     pk.dialog.notebook
    saveImageHandler.matrix: no visible binding for global variable
     pk.dialog.notebook
    saveImageHandler.pkmodel: no visible binding for global variable
     pk.dialog.notebook
    summary.bi.ggobiImageHandler: no visible binding for global variable
     pk.dialog.notebook
    summary.bi.okButtonHandler: no visible binding for global variable
     pk.dialog.notebook
    summary.heat.okButtonHandler: no visible binding for global variable
     pk.dialog.notebook
    summary.matrix.ggobiImageHandler: no visible binding for global
     variable pk.dialog.notebook
    summary.matrix.okButtonHandler: no visible binding for global variable
     pk.dialog.notebook
    summary.para.ggobiImageHandler: no visible binding for global variable
     pk.dialog.notebook
    summary.para.okButtonHandler: no visible binding for global variable
     pk.dialog.notebook
    summary.tri.okButtonHandler: no visible binding for global variable
     pk.dialog.notebook
    summary.uni.ggobiImageHandler: no visible binding for global variable
     pk.dialog.notebook
    summary.uni.okButtonHandler: no visible binding for global variable
     pk.dialog.notebook
    val.okButtonHandler: no visible binding for global variable
     pk.dialog.notebook
    validation.ggobiImageHandler: no visible binding for global variable
     pk.dialog.notebook
    vis.outlier.okButtonHandler: no visible binding for global variable
     pk.dialog.notebook
    vis.outlier.okButtonHandler: no visible binding for global variable
     runID
    vis.outlier.okButtonHandler: no visible binding for global variable
     deleteID
    vis.outlier.okButtonHandler: no visible binding for global variable
     ID
    vis.outlier.okButtonHandler: no visible binding for global variable
     para
    vis.outlier.okButtonHandler: no visible binding for global variable
     resampleID
    vis.outlier.okButtonHandler: no visible global function definition for
     namerows
    vis.outlier.okButtonHandler: no visible global function definition for
     melt
    vis.outlier.okButtonHandler: no visible global function definition for
     ddply
    vis.outlier.okButtonHandler: no visible binding for global variable
     variable
    vis.outlier.okButtonHandler: no visible global function definition for
     rescaler
    vis.outlier.okButtonHandler: no visible binding for global variable
     value
    vis.outlier.okButtonHandler: no visible binding for global variable
     rng
    vis.outlier.okButtonHandler: no visible binding for global variable
     cor1
    vis.outlier.okButtonHandler: no visible binding for global variable
     cor2
Flavors: r-devel-linux-x86_64-debian-clang, r-devel-linux-x86_64-debian-gcc, r-devel-linux-x86_64-fedora-clang, r-devel-linux-x86_64-fedora-gcc, r-devel-osx-x86_64-clang, r-devel-windows-ix86+x86_64, r-patched-linux-x86_64, r-release-linux-ix86, r-release-linux-x86_64, r-release-windows-ix86+x86_64, r-oldrel-windows-ix86+x86_64

Version: 1.7
Check: Rd files
Result: NOTE
    prepare_Rd: PKgraph.Rd:11-13: Dropping empty section \arguments
    prepare_Rd: PKgraph.Rd:17-19: Dropping empty section \examples
    prepare_Rd: pkdata.Rd:9-11: Dropping empty section \format
    prepare_Rd: pkdata.Rd:14-16: Dropping empty section \examples
    prepare_Rd: pkdata2.Rd:9-11: Dropping empty section \format
    prepare_Rd: pkdata2.Rd:14-16: Dropping empty section \examples
Flavors: r-devel-linux-x86_64-debian-clang, r-devel-linux-x86_64-debian-gcc, r-devel-linux-x86_64-fedora-clang, r-devel-linux-x86_64-fedora-gcc, r-devel-osx-x86_64-clang, r-devel-windows-ix86+x86_64, r-patched-linux-x86_64, r-release-linux-ix86, r-release-linux-x86_64, r-release-windows-ix86+x86_64, r-oldrel-windows-ix86+x86_64

Version: 1.7
Check: package dependencies
Result: ERROR
    Packages required but not available:
     RGtk2 gWidgetsRGtk2 cairoDevice rggobi
    
    Depends: includes the non-default packages:
     RGtk2 gWidgetsRGtk2 cairoDevice lattice rggobi ggplot2
     proto
    Adding so many packages to the search path is excessive and importing
    selectively is preferable.
    
    See the information on DESCRIPTION files in the chapter Creating R
    packages of the Writing R Extensions manual.
Flavor: r-release-osx-x86_64-mavericks

Version: 1.7
Check: package dependencies
Result: ERROR
    Package required but not available: rggobi
    
    Depends: includes the non-default packages:
     RGtk2 gWidgetsRGtk2 cairoDevice lattice rggobi ggplot2
     proto
    Adding so many packages to the search path is excessive and importing
    selectively is preferable.
    
    See the information on DESCRIPTION files in the chapter Creating R
    packages of the Writing R Extensions manual.
Flavor: r-release-osx-x86_64-snowleopard