CRAN Package Check Results for Package PKreport

Last updated on 2014-04-24 17:49:49.

Flavor Version Tinstall Tcheck Ttotal Status Flags
r-devel-linux-x86_64-debian-clang 1.5 2.08 30.63 32.72 OK
r-devel-linux-x86_64-debian-gcc 1.5 2.07 31.02 33.09 OK
r-devel-linux-x86_64-fedora-clang 1.5 66.62 OK
r-devel-linux-x86_64-fedora-gcc 1.5 62.92 OK
r-devel-osx-x86_64-clang 1.5 69.16 OK
r-devel-osx-x86_64-gcc 1.5 ERROR
r-devel-windows-ix86+x86_64 1.5 7.00 45.00 52.00 OK
r-patched-linux-x86_64 1.5 2.13 30.16 32.29 OK
r-patched-solaris-sparc 1.5 328.40 OK
r-patched-solaris-x86 1.5 88.40 OK
r-release-linux-ix86 1.5 4.00 57.00 61.00 OK
r-release-linux-x86_64 1.5 2.04 29.76 31.80 OK
r-release-osx-x86_64-mavericks 1.5 WARN
r-release-osx-x86_64-snowleopard 1.5 OK
r-release-windows-ix86+x86_64 1.5 7.00 48.00 55.00 OK
r-oldrel-windows-ix86+x86_64 1.5 9.00 46.00 55.00 OK

Check Details

Version: 1.5
Check: package dependencies
Result: ERROR
    Package required but not available: ‘ggplot2’
    
    See the information on DESCRIPTION files in the chapter ‘Creating R
    packages’ of the ‘Writing R Extensions’ manual.
Flavor: r-devel-osx-x86_64-gcc

Version: 1.5
Check: PDF version of manual
Result: WARNING
    LaTeX errors when creating PDF version.
    This typically indicates Rd problems.
    LaTeX errors found:
    ! LaTeX Error: File `upquote.sty' not found.
    
    Type X to quit or <RETURN> to proceed,
    or enter new name. (Default extension: sty)
    
    249c383b/Rd2.tex:8: ==> Fatal error occurred, no output PDF file produced!
Flavor: r-release-osx-x86_64-mavericks