CRAN Package Check Results for Package PKreport

Last updated on 2015-07-03 23:47:45.

Flavor Version Tinstall Tcheck Ttotal Status Flags
r-devel-linux-x86_64-debian-clang 1.5 1.48 23.74 25.22 NOTE
r-devel-linux-x86_64-debian-gcc 1.5 1.47 23.69 25.16 NOTE
r-devel-linux-x86_64-fedora-clang 1.5 50.13 NOTE
r-devel-linux-x86_64-fedora-gcc 1.5 46.03 NOTE
r-devel-osx-x86_64-clang 1.5 49.59 OK
r-devel-windows-ix86+x86_64 1.5 6.00 41.00 47.00 NOTE
r-patched-linux-x86_64 1.5 1.54 23.73 25.27 OK
r-patched-solaris-sparc 1.5 317.40 OK
r-patched-solaris-x86 1.5 73.10 OK
r-release-linux-x86_64 1.5 1.64 24.08 25.72 OK
r-release-osx-x86_64-mavericks 1.5 OK
r-release-windows-ix86+x86_64 1.5 12.00 40.00 52.00 OK
r-oldrel-windows-ix86+x86_64 1.5 10.00 58.00 68.00 OK

Check Details

Version: 1.5
Check: R code for possible problems
Result: NOTE
    PKadjust: no visible binding for global variable ‘jpeg’
    PKadjust: no visible binding for global variable ‘bmp’
    PKadjust: no visible binding for global variable ‘png’
    PKadjust: no visible binding for global variable ‘tiff’
    PKadjust: no visible binding for global variable ‘dev.new’
    PKadjust: no visible global function definition for ‘dev.off’
    PKfigure: no visible global function definition for ‘dev.cur’
    PKfigure: no visible global function definition for ‘dev.off’
    PKoutput: no visible global function definition for ‘heatmap’
    PKoutput: no visible global function definition for
     ‘packageDescription’
    PKshow: no visible global function definition for ‘browseURL’
    addList1: no visible global function definition for ‘formula’
    addList1.old: no visible global function definition for ‘formula’
    addList2: no visible global function definition for ‘formula’
    generate.plot: no visible global function definition for ‘dev.off’
    writeHTML: no visible global function definition for
     ‘packageDescription’
    writeLst: no visible global function definition for
     ‘packageDescription’
    writeLst.tab: no visible global function definition for
     ‘packageDescription’
    writeTable: no visible global function definition for
     ‘packageDescription’
    writeTable: no visible global function definition for ‘quantile’
    Undefined global functions or variables:
     bmp browseURL dev.cur dev.new dev.off formula heatmap jpeg
     packageDescription png quantile tiff
Flavors: r-devel-linux-x86_64-debian-clang, r-devel-linux-x86_64-debian-gcc

Version: 1.5
Check: R code for possible problems
Result: NOTE
    PKadjust: no visible binding for global variable ‘jpeg’
    PKadjust: no visible binding for global variable ‘bmp’
    PKadjust: no visible binding for global variable ‘png’
    PKadjust: no visible binding for global variable ‘tiff’
    PKadjust: no visible binding for global variable ‘dev.new’
    PKadjust: no visible global function definition for ‘dev.off’
    PKfigure: no visible global function definition for ‘dev.cur’
    PKfigure: no visible global function definition for ‘dev.off’
    PKoutput: no visible global function definition for ‘heatmap’
    PKoutput: no visible global function definition for
     ‘packageDescription’
    PKshow: no visible global function definition for ‘browseURL’
    addList1: no visible global function definition for ‘formula’
    addList1.old: no visible global function definition for ‘formula’
    addList2: no visible global function definition for ‘formula’
    generate.plot: no visible global function definition for ‘dev.off’
    writeHTML: no visible global function definition for
     ‘packageDescription’
    writeLst: no visible global function definition for
     ‘packageDescription’
    writeLst.tab: no visible global function definition for
     ‘packageDescription’
    writeTable: no visible global function definition for
     ‘packageDescription’
    writeTable: no visible global function definition for ‘quantile’
    initialize,nonmem: no visible global function definition for
     ‘read.table’
    Undefined global functions or variables:
     bmp browseURL dev.cur dev.new dev.off formula heatmap jpeg
     packageDescription png quantile read.table tiff
Flavors: r-devel-linux-x86_64-fedora-clang, r-devel-linux-x86_64-fedora-gcc, r-devel-windows-ix86+x86_64