CRAN Package Check Results for Package PKreport

Last updated on 2015-09-01 12:48:24.

Flavor Version Tinstall Tcheck Ttotal Status Flags
r-devel-linux-x86_64-debian-clang 1.5 1.43 23.28 24.71 NOTE
r-devel-linux-x86_64-debian-gcc 1.5 1.45 26.14 27.58 NOTE
r-devel-linux-x86_64-fedora-clang 1.5 49.93 NOTE
r-devel-linux-x86_64-fedora-gcc 1.5 46.17 NOTE
r-devel-osx-x86_64-clang 1.5 46.11 OK
r-devel-windows-ix86+x86_64 1.5 12.00 47.00 59.00 NOTE
r-patched-linux-x86_64 1.5 1.55 30.47 32.02 OK
r-patched-solaris-sparc 1.5 319.60 OK
r-patched-solaris-x86 1.5 72.50 OK
r-release-linux-x86_64 1.5 1.67 30.42 32.08 OK
r-release-osx-x86_64-mavericks 1.5 OK
r-release-windows-ix86+x86_64 1.5 9.00 48.00 57.00 OK
r-oldrel-windows-ix86+x86_64 1.5 14.00 66.00 80.00 OK

Check Details

Version: 1.5
Check: R code for possible problems
Result: NOTE
    PKadjust: no visible binding for global variable ‘jpeg’
    PKadjust: no visible binding for global variable ‘bmp’
    PKadjust: no visible binding for global variable ‘png’
    PKadjust: no visible binding for global variable ‘tiff’
    PKadjust: no visible binding for global variable ‘dev.new’
    PKadjust: no visible global function definition for ‘dev.off’
    PKfigure: no visible global function definition for ‘dev.cur’
    PKfigure: no visible global function definition for ‘dev.off’
    PKoutput: no visible global function definition for ‘heatmap’
    PKoutput: no visible global function definition for
     ‘packageDescription’
    PKshow: no visible global function definition for ‘browseURL’
    addList1: no visible global function definition for ‘formula’
    addList1.old: no visible global function definition for ‘formula’
    addList2: no visible global function definition for ‘formula’
    generate.plot: no visible global function definition for ‘dev.off’
    writeHTML: no visible global function definition for
     ‘packageDescription’
    writeLst: no visible global function definition for
     ‘packageDescription’
    writeLst.tab: no visible global function definition for
     ‘packageDescription’
    writeTable: no visible global function definition for
     ‘packageDescription’
    writeTable: no visible global function definition for ‘quantile’
    initialize,nonmem: no visible global function definition for
     ‘read.table’
    Undefined global functions or variables:
     bmp browseURL dev.cur dev.new dev.off formula heatmap jpeg
     packageDescription png quantile read.table tiff
    Consider adding
     importFrom("grDevices", "bmp", "dev.cur", "dev.new", "dev.off", "jpeg",
     "png", "tiff")
     importFrom("stats", "formula", "heatmap", "quantile")
     importFrom("utils", "browseURL", "packageDescription", "read.table")
    to your NAMESPACE.
Flavors: r-devel-linux-x86_64-debian-clang, r-devel-linux-x86_64-debian-gcc, r-devel-linux-x86_64-fedora-clang, r-devel-linux-x86_64-fedora-gcc, r-devel-windows-ix86+x86_64