CRAN Package Check Results for Package PKreport

Last updated on 2015-05-29 09:47:32.

Flavor Version Tinstall Tcheck Ttotal Status Flags
r-devel-linux-x86_64-debian-clang 1.5 1.63 23.88 25.50 OK
r-devel-linux-x86_64-debian-gcc 1.5 1.46 24.14 25.60 OK
r-devel-linux-x86_64-fedora-clang 1.5 55.32 OK
r-devel-linux-x86_64-fedora-gcc 1.5 48.38 OK
r-devel-osx-x86_64-clang 1.5 54.00 OK
r-devel-windows-ix86+x86_64 1.5 5.00 39.00 44.00 OK
r-patched-linux-x86_64 1.5 1.46 24.61 26.07 OK
r-patched-solaris-sparc 1.5 317.40 OK
r-patched-solaris-x86 1.5 73.30 OK
r-release-linux-x86_64 1.5 1.51 23.84 25.36 OK
r-release-osx-x86_64-mavericks 1.5 OK
r-release-osx-x86_64-snowleopard 1.5 ERROR
r-release-windows-ix86+x86_64 1.5 6.00 40.00 46.00 OK
r-oldrel-windows-ix86+x86_64 1.5 10.00 58.00 68.00 OK

Check Details

Version: 1.5
Check: package dependencies
Result: ERROR
    Package required but not available: ‘ggplot2’
    
    See section ‘The DESCRIPTION file’ in the ‘Writing R Extensions’
    manual.
Flavor: r-release-osx-x86_64-snowleopard