CRAN Package Check Results for Package PLMIX

Last updated on 2019-09-18 20:46:58 CEST.

Flavor Version Tinstall Tcheck Ttotal Status Flags
r-devel-linux-x86_64-debian-clang 2.1.1 142.43 104.76 247.19 OK
r-devel-linux-x86_64-debian-gcc 2.1.1 103.89 82.42 186.31 OK
r-devel-linux-x86_64-fedora-clang 2.1.1 382.56 NOTE
r-devel-linux-x86_64-fedora-gcc 2.1.1 336.67 NOTE
r-devel-windows-ix86+x86_64 2.1.1 322.00 254.00 576.00 OK
r-patched-linux-x86_64 2.1.1 116.60 102.62 219.22 OK
r-patched-solaris-x86 2.1.1 362.60 NOTE
r-release-linux-x86_64 2.1.1 118.56 102.98 221.54 OK
r-release-windows-ix86+x86_64 2.1.1 227.00 186.00 413.00 OK
r-release-osx-x86_64 2.1.1 NOTE
r-oldrel-windows-ix86+x86_64 2.1.1 248.00 192.00 440.00 OK
r-oldrel-osx-x86_64 2.1.1 NOTE

Check Details

Version: 2.1.1
Check: dependencies in R code
Result: NOTE
    Namespaces in Imports field not imported from:
     ‘PlackettLuce’ ‘StatRank’ ‘pmr’ ‘prefmod’ ‘rankdist’
     All declared Imports should be used.
Flavors: r-devel-linux-x86_64-fedora-clang, r-devel-linux-x86_64-fedora-gcc, r-patched-solaris-x86, r-release-osx-x86_64, r-oldrel-osx-x86_64