CRAN Package Check Results for Package PLSiMCpp

Last updated on 2022-11-29 20:53:07 CET.

Flavor Version Tinstall Tcheck Ttotal Status Flags
r-devel-linux-x86_64-debian-clang 1.0.4 49.59 61.18 110.77 OK
r-devel-linux-x86_64-debian-gcc 1.0.4 44.35 45.52 89.87 OK
r-devel-linux-x86_64-fedora-clang 1.0.4 161.08 OK
r-devel-linux-x86_64-fedora-gcc 1.0.4 154.59 OK
r-devel-windows-x86_64 1.0.4 53.00 108.00 161.00 OK
r-patched-linux-x86_64 1.0.4 50.67 57.99 108.66 OK
r-release-linux-x86_64 1.0.4 45.15 59.46 104.61 OK
r-release-macos-arm64 1.0.2 42.00 NOTE
r-release-macos-x86_64 1.0.2 56.00 NOTE
r-release-windows-x86_64 1.0.4 47.00 111.00 158.00 OK
r-oldrel-macos-arm64 1.0.2 41.00 NOTE
r-oldrel-macos-x86_64 1.0.2 53.00 NOTE
r-oldrel-windows-ix86+x86_64 1.0.2 118.00 128.00 246.00 OK

Check Details

Version: 1.0.2
Check: installed package size
Result: NOTE
     installed size is 5.6Mb
     sub-directories of 1Mb or more:
     libs 5.4Mb
Flavors: r-release-macos-arm64, r-release-macos-x86_64, r-oldrel-macos-arm64, r-oldrel-macos-x86_64