CRAN Package Check Results for Package PLmixed

Last updated on 2019-06-18 00:51:48 CEST.

Flavor Version Tinstall Tcheck Ttotal Status Flags
r-devel-linux-x86_64-debian-clang 0.1.3 8.88 367.79 376.67 OK
r-devel-linux-x86_64-debian-gcc 0.1.3 7.47 278.50 285.97 OK
r-devel-linux-x86_64-fedora-clang 0.1.3 451.80 OK
r-devel-linux-x86_64-fedora-gcc 0.1.3 451.79 OK
r-devel-windows-ix86+x86_64 0.1.3 22.00 69.00 91.00 OK --no-vignettes
r-patched-linux-x86_64 0.1.3 7.75 365.04 372.79 OK
r-patched-solaris-x86 0.1.3 140.90 OK --no-vignettes
r-release-linux-x86_64 0.1.3 8.44 359.24 367.68 OK
r-release-windows-ix86+x86_64 0.1.3 16.00 94.00 110.00 OK --no-vignettes
r-release-osx-x86_64 0.1.3 FAIL
r-oldrel-windows-ix86+x86_64 0.1.3 8.00 116.00 124.00 OK --no-vignettes
r-oldrel-osx-x86_64 0.1.3 OK

Check Details

Version: 0.1.3
Check: re-building of vignette outputs
Result: FAIL
    
Flavor: r-release-osx-x86_64