CRAN Package Check Results for Package PMA

Last updated on 2014-04-24 11:48:52.

Flavor Version Tinstall Tcheck Ttotal Status Flags
r-devel-linux-x86_64-debian-clang 1.0.9 5.88 52.95 58.83 NOTE
r-devel-linux-x86_64-debian-gcc 1.0.9 7.46 53.54 61.00 NOTE
r-devel-linux-x86_64-fedora-clang 1.0.9 122.23 NOTE
r-devel-linux-x86_64-fedora-gcc 1.0.9 114.58 NOTE
r-devel-osx-x86_64-clang 1.0.9 99.22 NOTE
r-devel-osx-x86_64-gcc 1.0.9 ERROR
r-devel-windows-ix86+x86_64 1.0.9 27.00 126.00 153.00 NOTE
r-patched-linux-x86_64 1.0.9 7.48 53.12 60.60 NOTE
r-patched-solaris-sparc 1.0.9 801.60 NOTE
r-patched-solaris-x86 1.0.9 141.60 NOTE
r-release-linux-ix86 1.0.9 13.00 82.00 95.00 NOTE
r-release-linux-x86_64 1.0.9 7.36 54.08 61.44 NOTE
r-release-osx-x86_64-mavericks 1.0.9 ERROR
r-release-osx-x86_64-snowleopard 1.0.9 NOTE
r-release-windows-ix86+x86_64 1.0.9 28.00 120.00 148.00 NOTE
r-oldrel-windows-ix86+x86_64 1.0.9 28.00 122.00 150.00 NOTE

Check Details

Version: 1.0.9
Check: installed package size
Result: NOTE
     installed size is 7.7Mb
     sub-directories of 1Mb or more:
     data 6.3Mb
     libs 1.2Mb
Flavors: r-devel-linux-x86_64-debian-clang, r-devel-linux-x86_64-debian-gcc, r-devel-linux-x86_64-fedora-clang, r-devel-linux-x86_64-fedora-gcc, r-devel-osx-x86_64-clang, r-devel-windows-ix86+x86_64, r-patched-linux-x86_64, r-patched-solaris-sparc, r-patched-solaris-x86, r-release-linux-ix86, r-release-linux-x86_64, r-release-osx-x86_64-snowleopard, r-release-windows-ix86+x86_64, r-oldrel-windows-ix86+x86_64

Version: 1.0.9
Check: dependencies in R code
Result: NOTE
    Packages in Depends field not imported from:
     ‘impute’ ‘plyr’
     These packages need to be imported from (in the NAMESPACE file)
     for when this namespace is loaded but not attached.
    See the information on DESCRIPTION files in the chapter ‘Creating R
    packages’ of the ‘Writing R Extensions’ manual.
Flavors: r-devel-linux-x86_64-debian-clang, r-devel-linux-x86_64-debian-gcc, r-devel-linux-x86_64-fedora-clang, r-devel-linux-x86_64-fedora-gcc, r-devel-osx-x86_64-clang, r-devel-windows-ix86+x86_64, r-patched-linux-x86_64, r-patched-solaris-sparc, r-patched-solaris-x86, r-release-linux-ix86, r-release-linux-x86_64, r-release-osx-x86_64-snowleopard, r-release-windows-ix86+x86_64, r-oldrel-windows-ix86+x86_64

Version: 1.0.9
Check: R code for possible problems
Result: NOTE
    Found the following assignments to the global environment:
    File ‘PMA/R/CCA.xlfuns.R’:
     assign(paste("cor.", x, sep = ""), val, pos = .GlobalEnv)
Flavors: r-devel-linux-x86_64-debian-clang, r-devel-linux-x86_64-debian-gcc, r-devel-linux-x86_64-fedora-clang, r-devel-osx-x86_64-clang, r-patched-linux-x86_64, r-release-linux-ix86, r-release-linux-x86_64

Version: 1.0.9
Check: Rd line widths
Result: NOTE
    Rd file 'CCA.Rd':
     \usage lines wider than 90 characters:
     CCA(x, z, typex=c("standard", "ordered"),typez=c("standard","ordered"), penaltyx=NULL, penaltyz=NULL, K=1,
     \examples lines wider than 100 characters:
     out <- CCA(x,z,typex="standard",typez="standard",K=1,penaltyx=perm.out$bestpenaltyx,penaltyz=perm.out$bestpenaltyz, v=perm.out$v.init)
     #out <- CCA(x,z,typex="standard",typez="standard",K=1,penaltyx=perm.out$bestpenaltyx,penaltyz=perm.out$bestpenaltyz,
     #out<-CCA(x,z,typex="standard",typez="standard",outcome="quantitative",y=y,penaltyx=perm.out$bestpenaltyx,penaltyz=perm.out$bestpenalty ... [TRUNCATED]
     #perm.out <- CCA.permute(x=rna,z=dna[,chrom==1],typex="standard", typez="ordered",nperms=5,penaltyxs=seq(.02,.7,len=10))
     #out <- CCA(x=rna,z=dna[,chrom==1], typex="standard", typez="ordered",penaltyx=perm.out$bestpenaltyx,
    
    Rd file 'CCA.permute.Rd':
     \usage lines wider than 90 characters:
     CCA.permute(x,z,typex=c("standard", "ordered"),typez=c("standard","ordered"), penaltyxs=NULL, penaltyzs=NULL,
    
    These lines will be truncated in the PDF manual.
Flavors: r-devel-linux-x86_64-fedora-clang, r-devel-linux-x86_64-fedora-gcc

Version: 1.0.9
Check: package dependencies
Result: ERROR
    Package required but not available: ‘impute’
    
    See the information on DESCRIPTION files in the chapter ‘Creating R
    packages’ of the ‘Writing R Extensions’ manual.
Flavors: r-devel-osx-x86_64-gcc, r-release-osx-x86_64-mavericks