CRAN Package Check Results for Package PMA

Last updated on 2018-06-24 19:46:59 CEST.

Flavor Version Tinstall Tcheck Ttotal Status Flags
r-devel-linux-x86_64-debian-clang 1.0.11 17.65 67.97 85.62 NOTE
r-devel-linux-x86_64-debian-gcc 1.0.11 13.25 50.29 63.54 NOTE
r-devel-linux-x86_64-fedora-clang 1.0.11 106.85 NOTE
r-devel-linux-x86_64-fedora-gcc 1.0.11 94.11 OK
r-devel-windows-ix86+x86_64 1.0.11 47.00 128.00 175.00 NOTE
r-patched-linux-x86_64 1.0.11 16.59 65.37 81.96 NOTE
r-patched-solaris-x86 1.0.11 150.10 NOTE
r-release-linux-x86_64 1.0.11 16.96 66.79 83.75 NOTE
r-release-windows-ix86+x86_64 1.0.11 48.00 117.00 165.00 NOTE
r-release-osx-x86_64 1.0.11 NOTE
r-oldrel-windows-ix86+x86_64 1.0.11 39.00 150.00 189.00 NOTE
r-oldrel-osx-x86_64 1.0.11 NOTE

Check Details

Version: 1.0.11
Check: R code for possible problems
Result: NOTE
    Found the following assignments to the global environment:
    File ‘PMA/R/CCA.xlfuns.R’:
     assign(paste("cor.", x, sep = ""), val, pos = .GlobalEnv)
Flavors: r-devel-linux-x86_64-debian-clang, r-devel-linux-x86_64-debian-gcc, r-devel-linux-x86_64-fedora-clang, r-patched-linux-x86_64, r-release-linux-x86_64

Version: 1.0.11
Check: installed package size
Result: NOTE
     installed size is 8.6Mb
     sub-directories of 1Mb or more:
     data 6.3Mb
     libs 2.0Mb
Flavors: r-devel-linux-x86_64-fedora-clang, r-devel-windows-ix86+x86_64, r-patched-solaris-x86, r-release-windows-ix86+x86_64, r-release-osx-x86_64, r-oldrel-windows-ix86+x86_64, r-oldrel-osx-x86_64

Version: 1.0.11
Check: R code for possible problems
Result: NOTE
    CCA.permute.both: no visible global function definition for
     'winProgressBar'
    CCA.permute.both: no visible global function definition for
     'setWinProgressBar'
    CCA.permute.justone: no visible global function definition for
     'winProgressBar'
    CCA.permute.justone: no visible global function definition for
     'setWinProgressBar'
    CCA.permute.xonly: no visible global function definition for
     'winProgressBar'
    CCA.permute.xonly: no visible global function definition for
     'setWinProgressBar'
    CCA.permute.zonly: no visible global function definition for
     'winProgressBar'
    CCA.permute.zonly: no visible global function definition for
     'setWinProgressBar'
    cor.xl.error.trace: no visible global function definition for
     'winDialog'
    Undefined global functions or variables:
     setWinProgressBar winDialog winProgressBar
    Consider adding
     importFrom("utils", "setWinProgressBar", "winDialog", "winProgressBar")
    to your NAMESPACE file.
Flavors: r-devel-windows-ix86+x86_64, r-release-windows-ix86+x86_64, r-oldrel-windows-ix86+x86_64