CRAN Package Check Results for Package PMA

Last updated on 2015-05-29 05:47:39.

Flavor Version Tinstall Tcheck Ttotal Status Flags
r-devel-linux-x86_64-debian-clang 1.0.9 6.28 47.72 53.99 NOTE
r-devel-linux-x86_64-debian-gcc 1.0.9 7.24 47.14 54.38 NOTE
r-devel-linux-x86_64-fedora-clang 1.0.9 113.12 NOTE
r-devel-linux-x86_64-fedora-gcc 1.0.9 102.33 NOTE
r-devel-osx-x86_64-clang 1.0.9 90.65 NOTE
r-devel-windows-ix86+x86_64 1.0.9 28.00 114.00 142.00 NOTE
r-patched-linux-x86_64 1.0.9 7.91 46.77 54.68 NOTE
r-patched-solaris-sparc 1.0.9 795.30 NOTE
r-patched-solaris-x86 1.0.9 133.10 NOTE
r-release-linux-x86_64 1.0.9 7.24 48.36 55.60 NOTE
r-release-osx-x86_64-mavericks 1.0.9 NOTE
r-release-osx-x86_64-snowleopard 1.0.9 ERROR
r-release-windows-ix86+x86_64 1.0.9 30.00 121.00 151.00 NOTE
r-oldrel-windows-ix86+x86_64 1.0.9 31.00 118.00 149.00 NOTE

Check Details

Version: 1.0.9
Check: installed package size
Result: NOTE
     installed size is 7.9Mb
     sub-directories of 1Mb or more:
     data 6.3Mb
     libs 1.3Mb
Flavors: r-devel-linux-x86_64-debian-clang, r-devel-linux-x86_64-debian-gcc, r-devel-linux-x86_64-fedora-clang, r-devel-linux-x86_64-fedora-gcc, r-devel-osx-x86_64-clang, r-devel-windows-ix86+x86_64, r-patched-linux-x86_64, r-patched-solaris-sparc, r-patched-solaris-x86, r-release-linux-x86_64, r-release-osx-x86_64-mavericks, r-release-windows-ix86+x86_64, r-oldrel-windows-ix86+x86_64

Version: 1.0.9
Check: dependencies in R code
Result: NOTE
    Packages in Depends field not imported from:
     ‘impute’ ‘plyr’
     These packages need to be imported from (in the NAMESPACE file)
     for when this namespace is loaded but not attached.
Flavors: r-devel-linux-x86_64-debian-clang, r-devel-linux-x86_64-debian-gcc, r-devel-linux-x86_64-fedora-clang, r-devel-linux-x86_64-fedora-gcc, r-devel-osx-x86_64-clang, r-devel-windows-ix86+x86_64, r-patched-linux-x86_64, r-patched-solaris-sparc, r-patched-solaris-x86, r-release-linux-x86_64, r-release-osx-x86_64-mavericks, r-release-windows-ix86+x86_64, r-oldrel-windows-ix86+x86_64

Version: 1.0.9
Check: S3 generic/method consistency
Result: NOTE
    Found the following apparent S3 methods exported but not registered:
     plot.CCA.permute plot.MultiCCA.permute plot.PMDL1FL.cv
     plot.PMDL1L1.cv plot.SPC.cv print.CCA print.CCA.permute
     print.MultiCCA print.MultiCCA.permute print.PMDL1FL print.PMDL1FL.cv
     print.PMDL1L1 print.PMDL1L1.cv print.SPC print.SPC.cv
    See section ‘Registering S3 methods’ in the ‘Writing R Extensions’
    manual.
Flavors: r-devel-linux-x86_64-debian-clang, r-devel-linux-x86_64-debian-gcc, r-devel-linux-x86_64-fedora-clang, r-devel-linux-x86_64-fedora-gcc, r-devel-osx-x86_64-clang, r-patched-linux-x86_64, r-patched-solaris-sparc, r-patched-solaris-x86, r-release-linux-x86_64

Version: 1.0.9
Check: R code for possible problems
Result: NOTE
    cor.xl.ImputeData: no visible global function definition for
     ‘impute.knn’
    
    Found the following assignments to the global environment:
    File ‘PMA/R/CCA.xlfuns.R’:
     assign(paste("cor.", x, sep = ""), val, pos = .GlobalEnv)
Flavors: r-devel-linux-x86_64-debian-clang, r-devel-linux-x86_64-debian-gcc, r-devel-linux-x86_64-fedora-clang, r-devel-osx-x86_64-clang, r-patched-linux-x86_64, r-release-linux-x86_64

Version: 1.0.9
Check: Rd line widths
Result: NOTE
    Rd file 'CCA.Rd':
     \usage lines wider than 90 characters:
     CCA(x, z, typex=c("standard", "ordered"),typez=c("standard","ordered"), penaltyx=NULL, penaltyz=NULL, K=1,
     \examples lines wider than 100 characters:
     out <- CCA(x,z,typex="standard",typez="standard",K=1,penaltyx=perm.out$bestpenaltyx,penaltyz=perm.out$bestpenaltyz, v=perm.out$v.init)
     #out <- CCA(x,z,typex="standard",typez="standard",K=1,penaltyx=perm.out$bestpenaltyx,penaltyz=perm.out$bestpenaltyz,
     #out<-CCA(x,z,typex="standard",typez="standard",outcome="quantitative",y=y,penaltyx=perm.out$bestpenaltyx,penaltyz=perm.out$bestpenalty ... [TRUNCATED]
     #perm.out <- CCA.permute(x=rna,z=dna[,chrom==1],typex="standard", typez="ordered",nperms=5,penaltyxs=seq(.02,.7,len=10))
     #out <- CCA(x=rna,z=dna[,chrom==1], typex="standard", typez="ordered",penaltyx=perm.out$bestpenaltyx,
    
    Rd file 'CCA.permute.Rd':
     \usage lines wider than 90 characters:
     CCA.permute(x,z,typex=c("standard", "ordered"),typez=c("standard","ordered"), penaltyxs=NULL, penaltyzs=NULL,
    
    These lines will be truncated in the PDF manual.
Flavors: r-devel-linux-x86_64-debian-clang, r-devel-linux-x86_64-debian-gcc, r-devel-linux-x86_64-fedora-clang, r-devel-linux-x86_64-fedora-gcc, r-patched-linux-x86_64, r-release-linux-x86_64

Version: 1.0.9
Check: R code for possible problems
Result: NOTE
    cor.xl.ImputeData: no visible global function definition for
     ‘impute.knn’
Flavors: r-devel-linux-x86_64-fedora-gcc, r-devel-windows-ix86+x86_64, r-patched-solaris-sparc, r-patched-solaris-x86, r-release-osx-x86_64-mavericks, r-release-windows-ix86+x86_64, r-oldrel-windows-ix86+x86_64

Version: 1.0.9
Check: package dependencies
Result: ERROR
    Package required but not available: ‘impute’
    
    See section ‘The DESCRIPTION file’ in the ‘Writing R Extensions’
    manual.
Flavor: r-release-osx-x86_64-snowleopard