CRAN Package Check Results for Package PMA

Last updated on 2019-12-10 19:48:59 CET.

Flavor Version Tinstall Tcheck Ttotal Status Flags
r-devel-linux-x86_64-debian-clang 1.1 19.93 48.34 68.27 OK
r-devel-linux-x86_64-debian-gcc 1.1 13.66 36.91 50.57 OK
r-devel-linux-x86_64-fedora-clang 1.1 93.30 NOTE
r-devel-linux-x86_64-fedora-gcc 1.1 88.53 OK
r-devel-windows-ix86+x86_64 1.1 39.00 80.00 119.00 NOTE
r-devel-windows-ix86+x86_64-gcc8 1.1 43.00 84.00 127.00 NOTE
r-patched-linux-x86_64 1.1 15.40 44.01 59.41 OK
r-patched-solaris-x86 1.1 126.10 NOTE
r-release-linux-x86_64 1.1 14.95 43.66 58.61 OK
r-release-windows-ix86+x86_64 1.1 47.00 111.00 158.00 NOTE
r-release-osx-x86_64 1.1 NOTE
r-oldrel-windows-ix86+x86_64 1.1 44.00 119.00 163.00 NOTE
r-oldrel-osx-x86_64 1.1 NOTE

Additional issues

LTO

Check Details

Version: 1.1
Check: installed package size
Result: NOTE
     installed size is 8.5Mb
     sub-directories of 1Mb or more:
     data 6.3Mb
     libs 1.9Mb
Flavors: r-devel-linux-x86_64-fedora-clang, r-devel-windows-ix86+x86_64, r-devel-windows-ix86+x86_64-gcc8, r-patched-solaris-x86, r-release-windows-ix86+x86_64, r-release-osx-x86_64, r-oldrel-windows-ix86+x86_64, r-oldrel-osx-x86_64