CRAN Package Check Results for Package POD

Last updated on 2021-10-20 10:53:14 CEST.

Flavor Version Tinstall Tcheck Ttotal Status Flags
r-devel-linux-x86_64-debian-clang 1.2.0 2.21 23.12 25.33 NOTE
r-devel-linux-x86_64-debian-gcc 1.2.0 1.96 18.56 20.52 NOTE
r-devel-linux-x86_64-fedora-clang 1.2.0 42.82 NOTE
r-devel-linux-x86_64-fedora-gcc 1.2.0 31.58 NOTE
r-devel-windows-x86_64 1.2.0 5.00 39.00 44.00 NOTE
r-devel-windows-x86_64-gcc10-UCRT 1.2.0 NOTE
r-patched-linux-x86_64 1.2.0 2.71 22.05 24.76 NOTE
r-patched-solaris-x86 1.2.0 49.40 NOTE
r-release-linux-x86_64 1.2.0 2.12 22.38 24.50 NOTE
r-release-macos-arm64 1.2.0 NOTE
r-release-macos-x86_64 1.2.0 NOTE
r-release-windows-ix86+x86_64 1.2.0 6.00 35.00 41.00 NOTE
r-oldrel-macos-x86_64 1.2.0 OK
r-oldrel-windows-ix86+x86_64 1.2.0 7.00 34.00 41.00 OK

Check Details

Version: 1.2.0
Check: LazyData
Result: NOTE
     'LazyData' is specified without a 'data' directory
Flavors: r-devel-linux-x86_64-debian-clang, r-devel-linux-x86_64-debian-gcc, r-devel-linux-x86_64-fedora-clang, r-devel-linux-x86_64-fedora-gcc, r-devel-windows-x86_64, r-devel-windows-x86_64-gcc10-UCRT, r-patched-linux-x86_64, r-patched-solaris-x86, r-release-linux-x86_64, r-release-macos-arm64, r-release-macos-x86_64, r-release-windows-ix86+x86_64