CRAN Package Check Results for Package POFIBGE

Last updated on 2021-04-11 03:46:51 CEST.

Flavor Version Tinstall Tcheck Ttotal Status Flags
r-devel-linux-x86_64-debian-clang 0.1.0 10.87 94.54 105.41 NOTE
r-devel-linux-x86_64-debian-gcc 0.1.0 8.59 70.41 79.00 NOTE
r-devel-linux-x86_64-fedora-clang 0.1.0 136.12 NOTE
r-devel-linux-x86_64-fedora-gcc 0.1.0 126.08 NOTE
r-devel-windows-ix86+x86_64 0.1.0 19.00 83.00 102.00 NOTE
r-devel-windows-x86_64-gcc10-UCRT 0.1.0 NOTE
r-patched-linux-x86_64 0.1.0 9.95 85.19 95.14 OK
r-patched-solaris-x86 0.1.0 175.80 OK
r-release-linux-x86_64 0.1.0 11.66 85.79 97.45 OK
r-release-macos-x86_64 0.1.0 OK
r-release-windows-ix86+x86_64 0.1.0 27.00 119.00 146.00 OK
r-oldrel-macos-x86_64 0.1.0 OK
r-oldrel-windows-ix86+x86_64 0.1.0 23.00 79.00 102.00 OK

Check Details

Version: 0.1.0
Check: LazyData
Result: NOTE
     'LazyData' is specified without a 'data' directory
Flavors: r-devel-linux-x86_64-debian-clang, r-devel-linux-x86_64-debian-gcc, r-devel-linux-x86_64-fedora-clang, r-devel-linux-x86_64-fedora-gcc, r-devel-windows-ix86+x86_64, r-devel-windows-x86_64-gcc10-UCRT