CRAN Package Check Results for Package POT

Last updated on 2018-02-26 03:49:09 CET.

Flavor Version Tinstall Tcheck Ttotal Status Flags
r-devel-linux-x86_64-debian-clang 1.1-6 10.66 68.05 78.71 NOTE
r-devel-linux-x86_64-debian-gcc 1.1-6 9.03 56.78 65.81 NOTE
r-devel-linux-x86_64-fedora-clang 1.1-6 104.55 NOTE
r-devel-linux-x86_64-fedora-gcc 1.1-6 104.73 NOTE
r-devel-windows-ix86+x86_64 1.1-6 28.00 138.00 166.00 OK
r-patched-linux-x86_64 1.1-6 4.36 81.08 85.44 NOTE
r-patched-solaris-x86 1.1-6 121.20 OK
r-release-linux-x86_64 1.1-6 4.63 81.91 86.54 NOTE
r-release-windows-ix86+x86_64 1.1-6 24.00 120.00 144.00 OK
r-release-osx-x86_64 1.1-6 OK
r-oldrel-windows-ix86+x86_64 1.1-6 24.00 136.00 160.00 OK
r-oldrel-osx-x86_64 1.1-6 OK

Check Details

Version: 1.1-6
Check: compiled code
Result: NOTE
    File ‘POT/libs/POT.so’:
     Found no calls to: ‘R_registerRoutines’, ‘R_useDynamicSymbols’
    
    It is good practice to register native routines and to disable symbol
    search.
    
    See ‘Writing portable packages’ in the ‘Writing R Extensions’ manual.
Flavors: r-devel-linux-x86_64-debian-clang, r-devel-linux-x86_64-debian-gcc, r-devel-linux-x86_64-fedora-clang, r-devel-linux-x86_64-fedora-gcc, r-patched-linux-x86_64, r-release-linux-x86_64