CRAN Package Check Results for Package POT

Last updated on 2017-09-20 13:01:02.

Flavor Version Tinstall Tcheck Ttotal Status Flags
r-devel-linux-x86_64-debian-clang 1.1-6 3.04 52.82 55.86 NOTE
r-devel-linux-x86_64-debian-gcc 1.1-6 3.62 51.16 54.78 NOTE
r-devel-linux-x86_64-fedora-clang 1.1-6 102.12 NOTE
r-devel-linux-x86_64-fedora-gcc 1.1-6 98.86 NOTE
r-devel-windows-ix86+x86_64 1.1-6 24.00 109.00 133.00 OK
r-patched-linux-x86_64 1.1-6 3.43 51.70 55.13 NOTE
r-patched-solaris-x86 1.1-6 119.50 OK
r-release-linux-x86_64 1.1-6 3.54 54.00 57.54 NOTE
r-release-windows-ix86+x86_64 1.1-6 24.00 120.00 144.00 OK
r-release-osx-x86_64 1.1-6 OK
r-oldrel-windows-ix86+x86_64 1.1-6 24.00 136.00 160.00 OK
r-oldrel-osx-x86_64 1.1-6 OK

Check Details

Version: 1.1-6
Check: compiled code
Result: NOTE
    File ‘POT/libs/POT.so’:
     Found no calls to: ‘R_registerRoutines’, ‘R_useDynamicSymbols’
    
    It is good practice to register native routines and to disable symbol
    search.
    
    See ‘Writing portable packages’ in the ‘Writing R Extensions’ manual.
Flavors: r-devel-linux-x86_64-debian-clang, r-devel-linux-x86_64-debian-gcc, r-devel-linux-x86_64-fedora-clang, r-devel-linux-x86_64-fedora-gcc, r-patched-linux-x86_64, r-release-linux-x86_64