CRAN Package Check Results for Package POUMM

Last updated on 2021-12-08 07:51:00 CET.

Flavor Version Tinstall Tcheck Ttotal Status Flags
r-devel-linux-x86_64-debian-clang 2.1.7 42.08 216.17 258.25 OK
r-devel-linux-x86_64-debian-gcc 2.1.7 37.00 160.92 197.92 OK
r-devel-linux-x86_64-fedora-clang 2.1.7 319.71 NOTE
r-devel-linux-x86_64-fedora-gcc 2.1.7 307.59 OK
r-devel-windows-x86_64-new-UL 2.1.7 66.00 284.00 350.00 OK
r-devel-windows-x86_64-new-TK 2.1.7 OK
r-devel-windows-x86_64-old 2.1.7 54.00 276.00 330.00 OK
r-patched-linux-x86_64 2.1.7 39.10 208.80 247.90 OK
r-release-linux-x86_64 2.1.7 38.13 207.42 245.55 OK
r-release-macos-arm64 2.1.7 NOTE
r-release-macos-x86_64 2.1.7 NOTE
r-release-windows-ix86+x86_64 2.1.7 69.00 329.00 398.00 OK
r-oldrel-macos-x86_64 2.1.7 NOTE
r-oldrel-windows-ix86+x86_64 2.1.7 95.00 332.00 427.00 OK

Check Details

Version: 2.1.7
Check: installed package size
Result: NOTE
     installed size is 6.1Mb
     sub-directories of 1Mb or more:
     libs 5.3Mb
Flavors: r-devel-linux-x86_64-fedora-clang, r-release-macos-arm64, r-release-macos-x86_64, r-oldrel-macos-x86_64