CRAN Package Check Results for Package PPforest

Last updated on 2022-05-17 19:04:52 CEST.

Flavor Version Tinstall Tcheck Ttotal Status Flags
r-devel-linux-x86_64-debian-clang 0.1.2 53.34 114.46 167.80 OK
r-devel-linux-x86_64-debian-gcc 0.1.2 38.76 83.76 122.52 OK
r-devel-linux-x86_64-fedora-clang 0.1.2 204.07 OK
r-devel-linux-x86_64-fedora-gcc 0.1.2 203.27 OK
r-devel-windows-x86_64 0.1.2 54.00 181.00 235.00 OK
r-patched-linux-x86_64 0.1.2 38.78 104.83 143.61 OK
r-release-linux-x86_64 0.1.2 40.06 106.51 146.57 OK
r-release-macos-arm64 0.1.2 57.00 NOTE
r-release-macos-x86_64 0.1.2 100.00 NOTE
r-release-windows-x86_64 0.1.2 55.00 174.00 229.00 OK
r-oldrel-macos-arm64 0.1.2 65.00 NOTE
r-oldrel-macos-x86_64 0.1.2 65.00 NOTE
r-oldrel-windows-ix86+x86_64 0.1.2 113.00 186.00 299.00 OK

Check Details

Version: 0.1.2
Check: installed package size
Result: NOTE
     installed size is 5.4Mb
     sub-directories of 1Mb or more:
     libs 4.2Mb
Flavors: r-release-macos-arm64, r-release-macos-x86_64, r-oldrel-macos-arm64, r-oldrel-macos-x86_64