CRAN Package Check Results for Package PPtree

Last updated on 2017-01-21 05:50:39.

Flavor Version Tinstall Tcheck Ttotal Status Flags
r-devel-linux-x86_64-debian-clang 2.3.0 2.51 15.54 18.05 NOTE
r-devel-linux-x86_64-debian-gcc 2.3.0 2.22 14.78 17.00 NOTE
r-devel-linux-x86_64-fedora-clang 2.3.0 29.70 NOTE --no-stop-on-test-error
r-devel-linux-x86_64-fedora-gcc 2.3.0 27.89 NOTE --no-stop-on-test-error
r-devel-macos-x86_64-clang 2.3.0 25.53 NOTE --no-stop-on-test-error
r-devel-windows-ix86+x86_64 2.3.0 14.00 44.00 58.00 NOTE
r-patched-linux-x86_64 2.3.0 1.88 12.36 14.25 NOTE
r-patched-solaris-sparc 2.3.0 154.60 NOTE
r-patched-solaris-x86 2.3.0 33.40 NOTE
r-release-linux-x86_64 2.3.0 1.95 12.77 14.71 NOTE
r-release-osx-x86_64-mavericks 2.3.0 NOTE
r-release-windows-ix86+x86_64 2.3.0 11.00 46.00 57.00 NOTE
r-oldrel-windows-ix86+x86_64 2.3.0 12.00 44.00 56.00 NOTE

Memtest notes: valgrind

Check Details

Version: 2.3.0
Check: DESCRIPTION meta-information
Result: NOTE
    Malformed Description field: should contain one or more complete sentences.
Flavors: r-devel-linux-x86_64-debian-clang, r-devel-linux-x86_64-debian-gcc, r-devel-windows-ix86+x86_64, r-patched-linux-x86_64, r-patched-solaris-sparc, r-patched-solaris-x86, r-release-linux-x86_64, r-release-osx-x86_64-mavericks, r-release-windows-ix86+x86_64, r-oldrel-windows-ix86+x86_64

Version: 2.3.0
Check: R code for possible problems
Result: NOTE
    LDA.Tree : Find.proj: no visible binding for global variable ‘var’
    LDA.Tree : Find.proj: no visible binding for global variable ‘IQR’
    LDA.Tree : Find.proj: no visible binding for global variable ‘median’
    PDA.Tree : Find.proj: no visible binding for global variable ‘var’
    PDA.Tree : Find.proj: no visible binding for global variable ‘median’
    PDA.Tree : Find.proj: no visible binding for global variable ‘IQR’
    PP.Tree : Find.proj: no visible binding for global variable ‘var’
    PP.Tree : Find.proj: no visible binding for global variable ‘median’
    PP.Tree : Find.proj: no visible binding for global variable ‘IQR’
    PP.optimize.Huber: no visible binding for global variable ‘sd’
    PP.optimize.anneal: no visible binding for global variable ‘sd’
    PP.optimize.plot: no visible binding for global variable ‘sd’
    PP.optimize.plot: no visible global function definition for ‘hist’
    PP.optimize.plot: no visible global function definition for ‘text’
    PP.optimize.plot: no visible global function definition for ‘par’
    PP.optimize.plot: no visible global function definition for ‘plot’
    PP.optimize.plot: no visible global function definition for ‘colors’
    PP.optimize.plot: no visible global function definition for ‘pairs’
    PP.optimize.random: no visible binding for global variable ‘sd’
    Undefined global functions or variables:
     IQR colors hist median pairs par plot sd text var
    Consider adding
     importFrom("grDevices", "colors")
     importFrom("graphics", "hist", "pairs", "par", "plot", "text")
     importFrom("stats", "IQR", "median", "sd", "var")
    to your NAMESPACE file.
Flavors: r-devel-linux-x86_64-debian-clang, r-devel-linux-x86_64-debian-gcc, r-devel-windows-ix86+x86_64, r-patched-linux-x86_64, r-patched-solaris-sparc, r-patched-solaris-x86, r-release-linux-x86_64, r-release-osx-x86_64-mavericks, r-release-windows-ix86+x86_64

Version: 2.3.0
Flags: --no-stop-on-test-error
Check: DESCRIPTION meta-information
Result: NOTE
    Malformed Description field: should contain one or more complete sentences.
Flavors: r-devel-linux-x86_64-fedora-clang, r-devel-linux-x86_64-fedora-gcc, r-devel-macos-x86_64-clang

Version: 2.3.0
Flags: --no-stop-on-test-error
Check: R code for possible problems
Result: NOTE
    LDA.Tree : Find.proj: no visible binding for global variable ‘var’
    LDA.Tree : Find.proj: no visible binding for global variable ‘IQR’
    LDA.Tree : Find.proj: no visible binding for global variable ‘median’
    PDA.Tree : Find.proj: no visible binding for global variable ‘var’
    PDA.Tree : Find.proj: no visible binding for global variable ‘median’
    PDA.Tree : Find.proj: no visible binding for global variable ‘IQR’
    PP.Tree : Find.proj: no visible binding for global variable ‘var’
    PP.Tree : Find.proj: no visible binding for global variable ‘median’
    PP.Tree : Find.proj: no visible binding for global variable ‘IQR’
    PP.optimize.Huber: no visible binding for global variable ‘sd’
    PP.optimize.anneal: no visible binding for global variable ‘sd’
    PP.optimize.plot: no visible binding for global variable ‘sd’
    PP.optimize.plot: no visible global function definition for ‘hist’
    PP.optimize.plot: no visible global function definition for ‘text’
    PP.optimize.plot: no visible global function definition for ‘par’
    PP.optimize.plot: no visible global function definition for ‘plot’
    PP.optimize.plot: no visible global function definition for ‘colors’
    PP.optimize.plot: no visible global function definition for ‘pairs’
    PP.optimize.random: no visible binding for global variable ‘sd’
    Undefined global functions or variables:
     IQR colors hist median pairs par plot sd text var
    Consider adding
     importFrom("grDevices", "colors")
     importFrom("graphics", "hist", "pairs", "par", "plot", "text")
     importFrom("stats", "IQR", "median", "sd", "var")
    to your NAMESPACE file.
Flavors: r-devel-linux-x86_64-fedora-clang, r-devel-linux-x86_64-fedora-gcc, r-devel-macos-x86_64-clang