CRAN Package Check Results for Package PPtree

Last updated on 2015-04-27 21:46:41.

Flavor Version Tinstall Tcheck Ttotal Status Flags
r-devel-linux-x86_64-debian-clang 2.3.0 1.73 12.74 14.47 NOTE
r-devel-linux-x86_64-debian-gcc 2.3.0 1.83 11.87 13.70 NOTE
r-devel-linux-x86_64-fedora-clang 2.3.0 27.24 NOTE
r-devel-linux-x86_64-fedora-gcc 2.3.0 25.09 NOTE
r-devel-osx-x86_64-clang 2.3.0 27.99 NOTE
r-devel-windows-ix86+x86_64 2.3.0 9.00 25.00 34.00 NOTE
r-patched-linux-x86_64 2.3.0 1.83 11.84 13.67 NOTE
r-patched-solaris-sparc 2.3.0 182.40 NOTE
r-patched-solaris-x86 2.3.0 36.70 NOTE
r-release-linux-x86_64 2.3.0 1.96 12.10 14.05 NOTE
r-release-osx-x86_64-mavericks 2.3.0 NOTE
r-release-osx-x86_64-snowleopard 2.3.0 NOTE
r-release-windows-ix86+x86_64 2.3.0 14.00 30.00 44.00 NOTE
r-oldrel-windows-ix86+x86_64 2.3.0 8.00 30.00 38.00 OK

Memtest notes: valgrind

Check Details

Version: 2.3.0
Check: DESCRIPTION meta-information
Result: NOTE
    Malformed Description field: should contain one or more complete sentences.
Flavors: r-devel-linux-x86_64-debian-clang, r-devel-linux-x86_64-debian-gcc, r-devel-linux-x86_64-fedora-clang, r-devel-linux-x86_64-fedora-gcc, r-devel-osx-x86_64-clang, r-devel-windows-ix86+x86_64, r-patched-solaris-sparc, r-patched-solaris-x86, r-release-linux-x86_64, r-release-osx-x86_64-mavericks, r-release-osx-x86_64-snowleopard, r-release-windows-ix86+x86_64