CRAN Package Check Results for Package PPtree

Last updated on 2015-03-30 10:54:29.

Flavor Version Tinstall Tcheck Ttotal Status Flags
r-devel-linux-x86_64-debian-clang 2.3.0 1.77 12.24 14.01 NOTE
r-devel-linux-x86_64-debian-gcc 2.3.0 1.84 12.14 13.98 NOTE
r-devel-linux-x86_64-fedora-clang 2.3.0 27.27 NOTE
r-devel-linux-x86_64-fedora-gcc 2.3.0 24.84 NOTE
r-devel-osx-x86_64-clang 2.3.0 30.37 NOTE
r-prerel-windows-ix86+x86_64 2.3.0 11.00 24.00 35.00 NOTE
r-prerel-linux-x86_64 2.3.0 1.84 12.58 14.42 NOTE
r-prerel-solaris-sparc 2.3.0 182.40 NOTE
r-prerel-solaris-x86 2.3.0 36.30 NOTE
r-release-linux-x86_64 2.3.0 1.92 13.48 15.40 OK
r-release-osx-x86_64-mavericks 2.3.0 OK
r-release-osx-x86_64-snowleopard 2.3.0 OK
r-release-windows-ix86+x86_64 2.3.0 11.00 28.00 39.00 OK
r-oldrel-windows-ix86+x86_64 2.3.0 10.00 45.00 55.00 OK

Memtest notes: valgrind

Check Details

Version: 2.3.0
Check: DESCRIPTION meta-information
Result: NOTE
    Malformed Description field: should contain one or more complete sentences.
Flavors: r-devel-linux-x86_64-debian-clang, r-devel-linux-x86_64-debian-gcc, r-devel-linux-x86_64-fedora-clang, r-devel-linux-x86_64-fedora-gcc, r-devel-osx-x86_64-clang, r-prerel-windows-ix86+x86_64, r-prerel-linux-x86_64, r-prerel-solaris-sparc, r-prerel-solaris-x86