CRAN Package Check Results for Package PPtree

Last updated on 2014-04-23 07:55:05.

Flavor Version Tinstall Tcheck Ttotal Status Flags
r-devel-linux-x86_64-debian-clang 2.2.0 1.52 14.10 15.61 NOTE
r-devel-linux-x86_64-debian-gcc 2.2.0 1.78 14.28 16.06 NOTE
r-devel-linux-x86_64-fedora-clang 2.2.0 30.17 NOTE
r-devel-linux-x86_64-fedora-gcc 2.2.0 29.06 NOTE
r-devel-osx-x86_64-clang 2.2.0 31.53 NOTE
r-devel-osx-x86_64-gcc 2.2.0 NOTE
r-devel-windows-ix86+x86_64 2.2.0 10.00 28.00 38.00 NOTE
r-patched-linux-x86_64 2.2.0 1.90 14.22 16.12 NOTE
r-patched-solaris-sparc 2.2.0 173.30 NOTE
r-patched-solaris-x86 2.2.0 43.20 NOTE
r-release-linux-ix86 2.2.0 4.00 28.00 32.00 NOTE
r-release-linux-x86_64 2.2.0 1.84 14.06 15.90 NOTE
r-release-osx-x86_64-mavericks 2.2.0 WARN
r-release-osx-x86_64-snowleopard 2.2.0 OK
r-release-windows-ix86+x86_64 2.2.0 11.00 30.00 41.00 NOTE
r-oldrel-windows-ix86+x86_64 2.2.0 11.00 28.00 39.00 NOTE

Memtest notes: valgrind

Check Details

Version: 2.2.0
Check: dependencies in R code
Result: NOTE
    Packages in Depends field not imported from:
     ‘MASS’ ‘penalizedLDA’
     These packages need to be imported from (in the NAMESPACE file)
     for when this namespace is loaded but not attached.
    See the information on DESCRIPTION files in the chapter ‘Creating R
    packages’ of the ‘Writing R Extensions’ manual.
Flavors: r-devel-linux-x86_64-debian-clang, r-devel-linux-x86_64-debian-gcc, r-devel-linux-x86_64-fedora-clang, r-devel-linux-x86_64-fedora-gcc, r-devel-osx-x86_64-clang, r-devel-osx-x86_64-gcc, r-devel-windows-ix86+x86_64, r-patched-linux-x86_64, r-patched-solaris-sparc, r-patched-solaris-x86, r-release-linux-ix86, r-release-linux-x86_64, r-release-osx-x86_64-mavericks, r-release-windows-ix86+x86_64, r-oldrel-windows-ix86+x86_64

Version: 2.2.0
Check: Rd line widths
Result: NOTE
    Rd file 'PP.Tree.Rd':
     \usage lines wider than 90 characters:
     PP.Tree(PPmethod, i.class, i.data, weight = TRUE, r = NULL, lambda = NULL, cooling = 0.999, temp = 1, energy = 0.01, ...)
    
    These lines will be truncated in the PDF manual.
Flavors: r-devel-linux-x86_64-fedora-clang, r-devel-linux-x86_64-fedora-gcc

Version: 2.2.0
Check: PDF version of manual
Result: WARNING
    LaTeX errors when creating PDF version.
    This typically indicates Rd problems.
    LaTeX errors found:
    ! LaTeX Error: File `upquote.sty' not found.
    
    Type X to quit or <RETURN> to proceed,
    or enter new name. (Default extension: sty)
    
    6f7166/Rd2.tex:8: ==> Fatal error occurred, no output PDF file produced!
Flavor: r-release-osx-x86_64-mavericks