CRAN Package Check Results for Package PPtree

Last updated on 2016-05-24 23:48:18.

Flavor Version Tinstall Tcheck Ttotal Status Flags
r-devel-linux-x86_64-debian-gcc 2.3.0 2.15 16.73 18.89 NOTE
r-devel-linux-x86_64-fedora-clang 2.3.0 24.82 NOTE
r-devel-linux-x86_64-fedora-gcc 2.3.0 22.67 NOTE
r-devel-osx-x86_64-clang 2.3.0 29.73 NOTE
r-devel-windows-ix86+x86_64 2.3.0 6.00 31.00 37.00 NOTE
r-patched-linux-x86_64 2.3.0 2.04 16.19 18.23 NOTE
r-patched-solaris-sparc 2.3.0 153.30 NOTE
r-patched-solaris-x86 2.3.0 34.30 NOTE
r-release-linux-x86_64 2.3.0 1.92 16.25 18.17 NOTE
r-release-osx-x86_64-mavericks 2.3.0 NOTE
r-release-windows-ix86+x86_64 2.3.0 6.00 31.00 37.00 NOTE
r-oldrel-windows-ix86+x86_64 2.3.0 11.00 30.00 41.00 NOTE

Memtest notes: valgrind

Check Details

Version: 2.3.0
Check: DESCRIPTION meta-information
Result: NOTE
    Malformed Description field: should contain one or more complete sentences.
Flavors: r-devel-linux-x86_64-debian-gcc, r-devel-linux-x86_64-fedora-clang, r-devel-linux-x86_64-fedora-gcc, r-devel-osx-x86_64-clang, r-devel-windows-ix86+x86_64, r-patched-linux-x86_64, r-patched-solaris-sparc, r-patched-solaris-x86, r-release-linux-x86_64, r-release-osx-x86_64-mavericks, r-release-windows-ix86+x86_64, r-oldrel-windows-ix86+x86_64

Version: 2.3.0
Check: R code for possible problems
Result: NOTE
    LDA.Tree : Find.proj: no visible binding for global variable ‘var’
    LDA.Tree : Find.proj: no visible binding for global variable ‘IQR’
    LDA.Tree : Find.proj: no visible binding for global variable ‘median’
    PDA.Tree : Find.proj: no visible binding for global variable ‘var’
    PDA.Tree : Find.proj: no visible binding for global variable ‘median’
    PDA.Tree : Find.proj: no visible binding for global variable ‘IQR’
    PP.Tree : Find.proj: no visible binding for global variable ‘var’
    PP.Tree : Find.proj: no visible binding for global variable ‘median’
    PP.Tree : Find.proj: no visible binding for global variable ‘IQR’
    PP.optimize.Huber: no visible binding for global variable ‘sd’
    PP.optimize.anneal: no visible binding for global variable ‘sd’
    PP.optimize.plot: no visible binding for global variable ‘sd’
    PP.optimize.plot: no visible global function definition for ‘hist’
    PP.optimize.plot: no visible global function definition for ‘text’
    PP.optimize.plot: no visible global function definition for ‘par’
    PP.optimize.plot: no visible global function definition for ‘plot’
    PP.optimize.plot: no visible global function definition for ‘colors’
    PP.optimize.plot: no visible global function definition for ‘pairs’
    PP.optimize.random: no visible binding for global variable ‘sd’
    Undefined global functions or variables:
     IQR colors hist median pairs par plot sd text var
    Consider adding
     importFrom("grDevices", "colors")
     importFrom("graphics", "hist", "pairs", "par", "plot", "text")
     importFrom("stats", "IQR", "median", "sd", "var")
    to your NAMESPACE file.
Flavors: r-devel-linux-x86_64-debian-gcc, r-devel-linux-x86_64-fedora-clang, r-devel-linux-x86_64-fedora-gcc, r-devel-osx-x86_64-clang, r-devel-windows-ix86+x86_64, r-patched-linux-x86_64, r-patched-solaris-sparc, r-patched-solaris-x86, r-release-linux-x86_64, r-release-osx-x86_64-mavericks, r-release-windows-ix86+x86_64