CRAN Package Check Results for Package PPtree

Last updated on 2015-05-25 11:48:30.

Flavor Version Tinstall Tcheck Ttotal Status Flags
r-devel-linux-x86_64-debian-clang 2.3.0 1.79 12.44 14.23 NOTE
r-devel-linux-x86_64-debian-gcc 2.3.0 1.83 12.55 14.38 NOTE
r-devel-linux-x86_64-fedora-clang 2.3.0 27.09 NOTE
r-devel-linux-x86_64-fedora-gcc 2.3.0 25.03 NOTE
r-devel-osx-x86_64-clang 2.3.0 27.94 NOTE
r-devel-windows-ix86+x86_64 2.3.0 10.00 24.00 34.00 NOTE
r-patched-linux-x86_64 2.3.0 1.81 12.09 13.90 NOTE
r-patched-solaris-sparc 2.3.0 175.40 NOTE
r-patched-solaris-x86 2.3.0 36.80 NOTE
r-release-linux-x86_64 2.3.0 1.80 11.93 13.72 NOTE
r-release-osx-x86_64-mavericks 2.3.0 NOTE
r-release-osx-x86_64-snowleopard 2.3.0 NOTE
r-release-windows-ix86+x86_64 2.3.0 11.00 24.00 35.00 NOTE
r-oldrel-windows-ix86+x86_64 2.3.0 10.00 30.00 40.00 OK

Memtest notes: valgrind

Check Details

Version: 2.3.0
Check: DESCRIPTION meta-information
Result: NOTE
    Malformed Description field: should contain one or more complete sentences.
Flavors: r-devel-linux-x86_64-debian-clang, r-devel-linux-x86_64-debian-gcc, r-devel-linux-x86_64-fedora-clang, r-devel-linux-x86_64-fedora-gcc, r-devel-osx-x86_64-clang, r-devel-windows-ix86+x86_64, r-patched-linux-x86_64, r-patched-solaris-sparc, r-patched-solaris-x86, r-release-linux-x86_64, r-release-osx-x86_64-mavericks, r-release-osx-x86_64-snowleopard, r-release-windows-ix86+x86_64