Last updated on 2023-12-09 21:54:26 CET.
Flavor | Version | Tinstall | Tcheck | Ttotal | Status | Flags |
---|---|---|---|---|---|---|
r-devel-linux-x86_64-debian-clang | 1.2.1 | 54.96 | 71.50 | 126.46 | NOTE | |
r-devel-linux-x86_64-debian-gcc | 1.2.1 | 37.71 | 53.77 | 91.48 | NOTE | |
r-devel-linux-x86_64-fedora-clang | 1.2.1 | 174.00 | NOTE | |||
r-devel-linux-x86_64-fedora-gcc | 1.2.1 | 168.02 | NOTE | |||
r-devel-windows-x86_64 | 1.2.1 | 45.00 | 96.00 | 141.00 | NOTE | |
r-patched-linux-x86_64 | 1.2.1 | 48.24 | 69.95 | 118.19 | NOTE | |
r-release-linux-x86_64 | 1.2.1 | 52.49 | 68.89 | 121.38 | NOTE | |
r-release-macos-arm64 | 1.2.1 | 53.00 | NOTE | |||
r-release-macos-x86_64 | 1.2.1 | 84.00 | NOTE | |||
r-release-windows-x86_64 | 1.2.1 | 54.00 | 109.00 | 163.00 | NOTE | |
r-oldrel-macos-arm64 | 1.2.1 | 43.00 | OK | |||
r-oldrel-macos-x86_64 | 1.2.1 | 66.00 | OK | |||
r-oldrel-windows-x86_64 | 1.2.1 | 54.00 | 108.00 | 162.00 | OK |
Version: 1.2.1
Check: C++ specification
Result: NOTE
Specified C++11: please drop specification unless essential
Flavors: r-devel-linux-x86_64-debian-clang, r-devel-linux-x86_64-debian-gcc, r-devel-linux-x86_64-fedora-clang, r-devel-linux-x86_64-fedora-gcc, r-devel-windows-x86_64, r-patched-linux-x86_64, r-release-linux-x86_64, r-release-macos-arm64, r-release-macos-x86_64, r-release-windows-x86_64