CRAN Package Check Results for Package PRDA

Last updated on 2024-04-20 09:56:08 CEST.

Flavor Version Tinstall Tcheck Ttotal Status Flags
r-devel-linux-x86_64-debian-clang 1.0.0 42.23 237.76 279.99 NOTE
r-devel-linux-x86_64-debian-gcc 1.0.0 33.71 157.90 191.61 NOTE
r-devel-linux-x86_64-fedora-clang 1.0.0 348.88 NOTE
r-devel-linux-x86_64-fedora-gcc 1.0.0 345.32 NOTE
r-prerel-macos-arm64 1.0.0 117.00 NOTE
r-prerel-windows-x86_64 1.0.0 32.00 220.00 252.00 NOTE
r-patched-linux-x86_64 1.0.0 39.35 220.64 259.99 NOTE
r-release-linux-x86_64 1.0.0 34.40 225.81 260.21 NOTE
r-release-macos-arm64 1.0.0 128.00 NOTE
r-release-macos-x86_64 1.0.0 240.00 NOTE
r-release-windows-x86_64 1.0.0 38.00 265.00 303.00 NOTE
r-oldrel-macos-arm64 1.0.0 109.00 NOTE
r-oldrel-windows-x86_64 1.0.0 40.00 254.00 294.00 NOTE

Check Details

Version: 1.0.0
Check: C++ specification
Result: NOTE Specified C++11: please drop specification unless essential Flavors: r-devel-linux-x86_64-debian-clang, r-devel-linux-x86_64-debian-gcc, r-devel-linux-x86_64-fedora-clang, r-devel-linux-x86_64-fedora-gcc, r-prerel-macos-arm64, r-prerel-windows-x86_64, r-patched-linux-x86_64, r-release-linux-x86_64, r-release-macos-arm64, r-release-macos-x86_64, r-release-windows-x86_64

Version: 1.0.0
Check: Rd files
Result: NOTE checkRd: (-1) PRDA.Rd:8: Lost braces; missing escapes or markup? 8 | Given an hypothetical value of effect size, {PRDA} performs a prospective | ^ checkRd: (-1) PRDA.Rd:22: Lost braces; missing escapes or markup? 22 | In {PRDA} there are two main functions: | ^ checkRd: (-1) PRDA.Rd:51: Lost braces; missing escapes or markup? 51 | Alternatively, {PRDA} allows users to specify a distribution of plausible | ^ Flavors: r-devel-linux-x86_64-debian-clang, r-devel-linux-x86_64-debian-gcc, r-devel-linux-x86_64-fedora-clang, r-devel-linux-x86_64-fedora-gcc, r-prerel-macos-arm64, r-prerel-windows-x86_64, r-patched-linux-x86_64

Version: 1.0.0
Check: LazyData
Result: NOTE 'LazyData' is specified without a 'data' directory Flavors: r-devel-linux-x86_64-debian-clang, r-devel-linux-x86_64-debian-gcc, r-devel-linux-x86_64-fedora-clang, r-devel-linux-x86_64-fedora-gcc, r-prerel-macos-arm64, r-prerel-windows-x86_64, r-patched-linux-x86_64, r-release-linux-x86_64, r-release-macos-arm64, r-release-macos-x86_64, r-release-windows-x86_64, r-oldrel-macos-arm64, r-oldrel-windows-x86_64