Last updated on 2023-02-05 20:53:12 CET.
Flavor | Version | Tinstall | Tcheck | Ttotal | Status | Flags |
---|---|---|---|---|---|---|
r-devel-linux-x86_64-debian-clang | 1.3 | 188.26 | 522.31 | 710.57 | NOTE | |
r-devel-linux-x86_64-debian-gcc | 1.3 | 143.91 | 383.88 | 527.79 | NOTE | |
r-devel-linux-x86_64-fedora-clang | 1.3 | 610.17 | NOTE | |||
r-devel-linux-x86_64-fedora-gcc | 1.3 | 409.92 | NOTE | |||
r-devel-windows-x86_64 | 1.3 | 159.00 | 567.00 | 726.00 | NOTE | |
r-patched-linux-x86_64 | 1.3 | 149.28 | 500.65 | 649.93 | OK | |
r-release-linux-x86_64 | 1.3 | 128.82 | 506.74 | 635.56 | OK | |
r-release-macos-arm64 | 1.3 | 248.00 | NOTE | |||
r-release-macos-x86_64 | 1.3 | 299.00 | NOTE | |||
r-release-windows-x86_64 | 1.3 | 159.00 | 585.00 | 744.00 | OK | |
r-oldrel-macos-arm64 | 1.3 | 209.00 | NOTE | |||
r-oldrel-macos-x86_64 | 1.3 | 294.00 | NOTE | |||
r-oldrel-windows-ix86+x86_64 | 1.3 | 417.00 | 674.00 | 1091.00 | NOTE |
Version: 1.3
Check: C++ specification
Result: NOTE
Specified C++11: please update to current default of C++17
Flavors: r-devel-linux-x86_64-debian-clang, r-devel-linux-x86_64-debian-gcc, r-devel-linux-x86_64-fedora-clang, r-devel-linux-x86_64-fedora-gcc, r-devel-windows-x86_64
Version: 1.3
Check: installed package size
Result: NOTE
installed size is 11.8Mb
sub-directories of 1Mb or more:
data 2.2Mb
libs 8.9Mb
Flavors: r-release-macos-arm64, r-release-macos-x86_64, r-oldrel-macos-arm64, r-oldrel-macos-x86_64, r-oldrel-windows-ix86+x86_64